000
CXUS55 KLKN 011639
CLMWMC


CLIMATE REPORT
NATIONAL WEATHER SERVICE ELKO NV
928 AM PDT TUE MAY 1 2018

...................................

...THE WINNEMUCCA AIRPORT NV CLIMATE SUMMARY FOR THE MONTH OF APRIL 2018...

CLIMATE NORMAL PERIOD 1981 TO 2010
CLIMATE RECORD PERIOD 1877 TO 2018

WEATHER         OBSERVED          NORMAL  DEPART  LAST YEAR`S
                 VALUE   DATE(S)  VALUE   FROM    VALUE  DATE(S)
                                          NORMAL
................................................................
TEMPERATURE (F)
RECORD
 HIGH              90   04/23/2012
                        04/22/2012
                        04/30/1981
 LOW                6   04/30/1972
HIGHEST            83   04/26        80       3       72  04/22
                                                          04/05
LOWEST             19   04/03        16       3       18  04/29
AVG. MAXIMUM     64.6              62.5     2.1     60.0
AVG. MINIMUM     34.0              30.7     3.3     31.7
MEAN             49.3              46.6     2.7     45.9
DAYS MAX >= 90      0               0.0     0.0        0
DAYS MAX <= 32      0               0.0     0.0        0
DAYS MIN <= 32     14              16.8    -2.8       14
DAYS MIN <= 0       0               0.0     0.0        0

PRECIPITATION (INCHES)
RECORD
 MAXIMUM         3.34   1935
 MINIMUM         0.06   1959
                        1921
TOTALS           1.65              0.89    0.76     0.93
DAILY AVG.       0.05              0.03    0.02     0.03
DAYS >= .01         8               7.7     0.3        9
DAYS >= .10         5               2.6     2.4        5
DAYS >= .50         2               0.3     1.7        0
DAYS >= 1.00        0               0.1    -0.1        0
GREATEST
 24 HR. TOTAL    0.56   04/07 TO 04/07              0.26

SNOWFALL (INCHES)
RECORDS
 TOTAL           12.0   1964
TOTALS            1.7               1.6     0.1        T
SINCE 7/1        28.1              20.8     7.3     18.3
SNOWDEPTH AVG.      0                                  0
DAYS >= TRACE       4               1.9     2.1        2
DAYS >= 1.0         1               0.5     0.5        0
GREATEST
 SNOW DEPTH         1   04/19                          0
 24 HR TOTAL      1.1   04/19 TO 04/19                 T

DEGREE_DAYS
HEATING TOTAL     464               552     -88      565
 SINCE 7/1       5481              5880    -399     5630
COOLING TOTAL       0                 0       0        0
 SINCE 1/1          0                 0       0        0
.................................................................

WIND (MPH)
AVERAGE WIND SPEED              9.0
HIGHEST WIND SPEED/DIRECTION    39/240    DATE  04/12
HIGHEST GUST SPEED/DIRECTION    50/240    DATE  04/12

AVERAGE RH (PERCENT)     51

WEATHER CONDITIONS. NUMBER OF DAYS WITH
THUNDERSTORM              0     MIXED PRECIP               0
HEAVY RAIN                1     RAIN                       2
LIGHT RAIN               11     FREEZING RAIN              0
LT FREEZING RAIN          0     HAIL                       0
HEAVY SNOW                0     SNOW                       0
LIGHT SNOW                4     SLEET                      0
FOG                       5     FOG W/VIS <= 1/4 MILE      0
HAZE                      4

-  INDICATES NEGATIVE NUMBERS.
R  INDICATES RECORD WAS SET OR TIED.
MM INDICATES DATA IS MISSING.
T  INDICATES TRACE AMOUNT.

&&

=====================================================================

A RECORD DAILY PRECIP OF 0.52 INCHES WAS SET ON THE 6TH.
A RECORD DAILY PRECIP OF 0.56 INCHES WAS SET ON THE 7TH.

$$

DS
