000
CXUS51 KOKX 011713
CLSBDR

CLIMATE REPORT
NATIONAL WEATHER SERVICE NEW YORK NY
1149 AM EST THU MAR 1 2018

...................................

...THE BRIDGEPORT CT CLIMATE SUMMARY FOR THE SEASON, FROM
12/1/2017 TO 2/28/2018...

CLIMATE NORMAL PERIOD 1981 TO 2010
CLIMATE RECORD PERIOD 1948 TO 2018

WEATHER         OBSERVED          NORMAL  DEPART  LAST YEAR`S
                 VALUE   DATE(S)  VALUE   FROM    VALUE
                                          NORMAL
.............................................................
TEMPERATURE (F)
RECORD
 HIGH              76   12/07/1998
 LOW               -7   01/22/1984
HIGHEST            67   02/21        MM      MM
LOWEST             -2   01/07        MM      MM
AVG. MAXIMUM     40.5              39.7     0.8
AVG. MINIMUM     26.2              25.5     0.7
MEAN             33.3              32.6     0.7
DAYS MAX >= 90      0               0.0     0.0
DAYS MAX <= 32     20              17.2     2.8
DAYS MIN <= 32     64              67.4    -3.4
DAYS MIN <= 0       1               0.3     0.7

PRECIPITATION (INCHES)
RECORD
 MAXIMUM        19.61   1979
 MINIMUM         4.33   1980
TOTALS          10.62              9.22    1.40     8.62
DAILY AVG.       0.12              0.10    0.02
DAYS >= .01        35              31.7     3.3
DAYS >= .10        25              18.9     6.1
DAYS >= .50         7               6.2     0.8
DAYS >= 1.00        3               1.7     1.3
GREATEST
 24 HR. TOTAL    1.53   MM
 STORM TOTAL       MM
 (MM/DD(HH))            MM

SNOWFALL (INCHES)
RECORDS
 TOTAL           58.7   2011
 24 HR TOTAL     18.5   MM
TOTALS           25.4              20.9     4.5
 LIQUID EQUIV    2.54              2.10    0.44
SINCE 7/1        25.4              21.6     3.8
 LIQUID 7/1      2.54
DAYS >= TRACE      22              11.4    10.6
DAYS >= 1.0         7               5.9     1.1
GREATEST
 SNOW DEPTH         8   01/05
 24 HR TOTAL      9.0   MM
 STORM TOTAL       MM
 (MM/DD(HH))            MM

DEGREE_DAYS
HEATING TOTAL    2844              2914     -70
 SINCE 7/1         MM              3887      MM
COOLING TOTAL       0                 0       0
 SINCE 1/1          0                 0       0
..............................................................

WIND (MPH)
AVERAGE WIND SPEED              8.6
HIGHEST WIND SPEED/DIRECTION    37/290    DATE  01/05
HIGHEST GUST SPEED/DIRECTION    52/330    DATE  01/04

SKY COVER
POSSIBLE SUNSHINE (PERCENT)   MM
AVERAGE SKY COVER           0.40
NUMBER OF DAYS FAIR           37
NUMBER OF DAYS PC             31
NUMBER OF DAYS CLOUDY         22

AVERAGE RH (PERCENT)     67

WEATHER CONDITIONS. NUMBER OF DAYS WITH
  0
 20
  1
  0
  7
  0
 14
HAZE                     14

-  INDICATES NEGATIVE NUMBERS.
R  INDICATES RECORD WAS SET OR TIED.
MM INDICATES DATA IS MISSING.
T  INDICATES TRACE AMOUNT.

$$
