000
CXUS53 KBIS 011608
CLSBIS

CLIMATE REPORT
NATIONAL WEATHER SERVICE BISMARCK ND
947 AM CST THU MAR 1 2018

...................................

...THE BISMARCK ND CLIMATE SUMMARY FOR THE SEASON, FROM
12/1/2017 TO 2/28/2018...

CLIMATE NORMAL PERIOD 1981 TO 2010
CLIMATE RECORD PERIOD 1875 TO 2018

WEATHER         OBSERVED          NORMAL  DEPART  LAST YEAR`S
                 VALUE   DATE(S)  VALUE   FROM    VALUE  DATE(S)
                                          NORMAL
................................................................
TEMPERATURE (F)
RECORD
 HIGH              73   02/27/2016
 LOW              -45   02/16/1936
                        01/13/1916
HIGHEST            56   12/01        MM      MM       55  02/21
LOWEST            -29   01/13        MM      MM      -31  12/17
                        01/12
AVG. MAXIMUM     25.0              25.9    -0.9     24.0
AVG. MINIMUM      2.4               5.3    -2.9      5.5
MEAN             13.7              15.6    -1.9     14.8
DAYS MAX >= 90      0               0.0     0.0        0
DAYS MAX <= 32     54              55.9    -1.9       62
DAYS MIN <= 32     90              89.0     1.0       89
DAYS MIN <= 0      41              31.8     9.2       34

PRECIPITATION (INCHES)
RECORD
 MAXIMUM         3.46   2017
 MINIMUM         0.88   2013
TOTALS           1.17              1.43   -0.26     3.46
DAILY AVG.       0.01              0.02   -0.01     0.04
DAYS >= .01        21              22.1    -1.1       29
DAYS >= .10         3               4.2    -1.2        9
DAYS >= .50         0               0.1    -0.1        1
DAYS >= 1.00        0               0.0     0.0        1
GREATEST
 24 HR. TOTAL    0.40   MM

SNOWFALL (INCHES)
RECORDS
 TOTAL           58.0   2009
TOTALS           16.5              26.3

DEGREE_DAYS
HEATING TOTAL    4577
COOLING TOTAL       0
.................................................................

WIND (MPH)
HIGHEST WIND SPEED/DIRECTION    37/320    DATE  12/12
HIGHEST GUST SPEED/DIRECTION    51/310    DATE  12/12

-  INDICATES NEGATIVE NUMBERS.
R  INDICATES RECORD WAS SET OR TIED.
MM INDICATES DATA IS MISSING.
T  INDICATES TRACE AMOUNT.

$$
