000
CXUS51 KCLE 051038
CLSCAK


CLIMATE REPORT
NATIONAL WEATHER SERVICE CLEVELAND OH
535 AM EST MON MAR 5 2018

...................................

...THE AKRON CANTON OH CLIMATE SUMMARY FOR THE SEASON, FROM
12/1/2017 TO 2/28/2018...

CLIMATE NORMAL PERIOD 1981 TO 2010
CLIMATE RECORD PERIOD 1887 TO 2018

WEATHER         OBSERVED          NORMAL  DEPART
                 VALUE   DATE(S)  VALUE   FROM
                                          NORMAL
................................................
TEMPERATURE (F)
RECORD
 HIGH              76   12/03/1982
 LOW              -25   01/19/1994
HIGHEST            74   02/20
LOWEST             -4   01/05
AVG. MAXIMUM     38.2              35.6     2.6
AVG. MINIMUM     21.7              21.4     0.3
MEAN             30.0              28.5     1.5
DAYS MAX >= 90      0               0.0
DAYS MAX <= 32     32              35.1
DAYS MIN <= 32     72              75.3
DAYS MIN <= 0       7               3.4

PRECIPITATION (INCHES)
RECORD
 MAXIMUM        15.09   1950
 MINIMUM         2.96   1906
TOTALS           9.45              7.76    1.69
DAYS >= .01        52              47.4
DAYS >= .10        26              20.6
DAYS >= .50         6               3.8
DAYS >= 1.00        0               0.8

SNOWFALL (INCHES)
RECORDS
 TOTAL           65.9   1978
TOTALS           38.1              33.1
DAYS >= TRACE      47
DAYS >= 1.0        13              11.4

DEGREE_DAYS
HEATING TOTAL    3156              3284    -128
COOLING TOTAL       3                 0       3
.................................................

WIND (MPH)
HIGHEST GUST SPEED/DIRECTION    54/230    DATE  01/23

SKY COVER
POSSIBLE SUNSHINE (PERCENT)   MM
NUMBER OF DAYS FAIR           11
NUMBER OF DAYS PC             27
NUMBER OF DAYS CLOUDY         52


WEATHER CONDITIONS. NUMBER OF DAYS WITH
THUNDERSTORM              0     MIXED PRECIP               0
HEAVY RAIN                1     RAIN                       9
LIGHT RAIN               29     FREEZING RAIN              0
LT FREEZING RAIN          3     HAIL                       0
HEAVY SNOW                1     SNOW                       6
LIGHT SNOW               47     SLEET                      3
FOG                      46     FOG W/VIS <= 1/4 MILE      9
HAZE                     27

-  INDICATES NEGATIVE NUMBERS.
R  INDICATES RECORD WAS SET OR TIED.
MM INDICATES DATA IS MISSING.
T  INDICATES TRACE AMOUNT.

$$
