613
CDUS44 KFWD 250652
CLIDFW

CLIMATE REPORT
NATIONAL WEATHER SERVICE FORT WORTH TX
150 AM CDT FRI MAY 25 2018

...................................

...THE DALLAS FORT WORTH CLIMATE SUMMARY FOR MAY 24 2018...

CLIMATE NORMAL PERIOD 1981 TO 2010
CLIMATE RECORD PERIOD 1898 TO 2018


WEATHER ITEM   OBSERVED TIME   RECORD YEAR NORMAL DEPARTURE LAST
                VALUE   (LST)  VALUE       VALUE  FROM      YEAR
                                                  NORMAL
..................................................................
TEMPERATURE (F)
 YESTERDAY
  MAXIMUM         90    331 PM  96    1996  86      4       83
  MINIMUM         69    550 AM  54    1940  67      2       58
  AVERAGE         80                        76      4       71

PRECIPITATION (IN)
  YESTERDAY        0.00          3.30 2015   0.16  -0.16     0.00
  MONTH TO DATE    1.86                      3.81  -1.95     0.53
  SINCE MAR 1      5.53                     10.37  -4.84     4.97
  SINCE JAN 1     17.69                     15.16   2.53    11.69

DEGREE DAYS
 HEATING
  YESTERDAY        0                         0      0        0
  MONTH TO DATE    0                         6     -6        0
  SINCE MAR 1    264                       350    -86      117
  SINCE JUL 1   1931                      2282   -351     1305

 COOLING
  YESTERDAY       15                        11      4        6
  MONTH TO DATE  306                       198    108      221
  SINCE MAR 1    433                       329    104      504
  SINCE JAN 1    455                       336    119      572
..................................................................


WIND (MPH)
  HIGHEST WIND SPEED    15   HIGHEST WIND DIRECTION     S (190)
  HIGHEST GUST SPEED    19   HIGHEST GUST DIRECTION     S (200)
  AVERAGE WIND SPEED     7.5


SKY COVER
  POSSIBLE SUNSHINE  MM
  AVERAGE SKY COVER 0.4


WEATHER CONDITIONS
 THE FOLLOWING WEATHER WAS RECORDED YESTERDAY.
  NO SIGNIFICANT WEATHER WAS OBSERVED.


RELATIVE HUMIDITY (PERCENT)
 HIGHEST    97           500 AM
 LOWEST     44           400 PM
 AVERAGE    71

..........................................................


THE DALLAS FORT WORTH CLIMATE NORMALS FOR TODAY
                         NORMAL    RECORD    YEAR
 MAXIMUM TEMPERATURE (F)   86        97      1980
 MINIMUM TEMPERATURE (F)   67        51      1979


SUNRISE AND SUNSET
MAY 25 2018...........SUNRISE   623 AM CDT   SUNSET   827 PM CDT
MAY 26 2018...........SUNRISE   623 AM CDT   SUNSET   828 PM CDT


-  INDICATES NEGATIVE NUMBERS.
R  INDICATES RECORD WAS SET OR TIED.
MM INDICATES DATA IS MISSING.
T  INDICATES TRACE AMOUNT.

$$
