000
CXUS51 KPHI 190815
CF655N
PRELIMINARY LOCAL CLIMATOLOGICAL DATA (WS FORM: F-6)
STATION: ATLANTIC CITY MARINA NJ
MONTH: APRIL
YEAR: 2024
LATITUDE: 39 22 N
LONGITUDE: 74 25 W
TEMPERATURE IN F: :PCPN: SNOW: WIND :SUNSHINE: SKY :PK WND
================================================================================
1 2 3 4 5 6A 6B 7 8 9 10 11 12 13 14 15 16 17 18
12Z AVG MX 2MIN
DY MAX MIN AVG DEP HDD CDD WTR SNW DPTH SPD SPD DIR MIN PSBL S-S WX SPD DR
================================================================================
1 49 46 48 1 17 0 0.47 M M 6.7 18 140 M M M 29 140
2 47 46 47 0 18 0 0.86 M M 13.2 27 80 M M M 39 70
3 49 45 47 0 18 0 1.50 M M 14.4 27 80 M M M 36 80
4 52 41 47 -1 18 0 0.22 M M 9.0 19 330 M M M 37 330
5 50 42 46 -2 19 0 0.00 M M 9.7 16 290 M M M 36 290
6 52 40 46 -2 19 0 0.00 M M 10.6 19 330 M M M 36 330
7 50 43 47 -2 18 0 0.00 M M 7.4 14 100 M M M 22 330
8 56 43 50 1 15 0 0.00 M M 6.8 14 220 M M M 23 230
9 64 48 56 7 9 0 0.00 M M 5.1 11 230 M M M 17 180
10 60 50 55 5 10 0 0.00 M M 6.5 12 230 M M M 18 200
11 60 54 57 7 8 0 0.06 M M 11.9 26 170 M M M 43 170
12 67 53 60 10 5 0 0.33 M M 16.9 30 260 M M M 47 190
13 61 50 56 5 9 0 0.04 M M 13.2 25 290 M M M 51 300
14 66 49 58 7 7 0 0.00 M M 13.1 26 230 M M M 42 230
15 77 58 68 17 0 3 T M M 7.7 14 240 M M M 26 40
16 67 55 61 9 4 0 0.00 M M 5.6 15 50 M M M 24 50
17 59 51 55 3 10 0 0.28 M M 8.5 15 150 M M M 25 140
18 54 46 50 -2 15 0 0.00 M M 10.5 22 50 M M M 35 60
================================================================================
SM 1040 860 219 3 3.76 M 176.8 M M
================================================================================
AV 57.8 47.8 9.8 FASTST M M M MAX(MPH)
MISC ----> 30 260 51 300
================================================================================
NOTES:
# LAST OF SEVERAL OCCURRENCES
COLUMN 17 PEAK WIND IN M.P.H.
PRELIMINARY LOCAL CLIMATOLOGICAL DATA (WS FORM: F-6) , PAGE 2
STATION: ATLANTIC CITY MARINA NJ
MONTH: APRIL
YEAR: 2024
LATITUDE: 39 22 N
LONGITUDE: 74 25 W
[TEMPERATURE DATA] [PRECIPITATION DATA] SYMBOLS USED IN COLUMN 16
AVERAGE MONTHLY: 52.8 TOTAL FOR MONTH: 3.76 1 = FOG OR MIST
DPTR FM NORMAL: 3.3 DPTR FM NORMAL: 1.71 2 = FOG REDUCING VISIBILITY
HIGHEST: 77 ON 15 GRTST 24HR 1.50 ON 3- 3 TO 1/4 MILE OR LESS
LOWEST: 40 ON 6 3 = THUNDER
SNOW, ICE PELLETS, HAIL 4 = ICE PELLETS
TOTAL MONTH: M 5 = HAIL
GRTST 24HR M ON M 6 = FREEZING RAIN OR DRIZZLE
GRTST DEPTH: M ON M 7 = DUSTSTORM OR SANDSTORM:
VSBY 1/2 MILE OR LESS
8 = SMOKE OR HAZE
[NO. OF DAYS WITH] [WEATHER - DAYS WITH] 9 = BLOWING SNOW
X = TORNADO
MAX 32 OR BELOW: 0 0.01 INCH OR MORE: 8
MAX 90 OR ABOVE: 0 0.10 INCH OR MORE: 6
MIN 32 OR BELOW: 0 0.50 INCH OR MORE: 2
MIN 0 OR BELOW: 0 1.00 INCH OR MORE: 1
[HDD (BASE 65) ]
TOTAL THIS MO. 219 CLEAR (SCALE 0-3) 0
DPTR FM NORMAL -62 PTCLDY (SCALE 4-7) 0
TOTAL FM JUL 1 3536 CLOUDY (SCALE 8-10) 18
DPTR FM NORMAL -575
[CDD (BASE 65) ]
TOTAL THIS MO. 3
DPTR FM NORMAL 3 [PRESSURE DATA]
TOTAL FM JAN 1 3 HIGHEST SLP M ON M
DPTR FM NORMAL 3 LOWEST SLP 31.99 ON 1
[REMARKS]