000
CXUS51 KCAR 280700
CF6FVE
PRELIMINARY LOCAL CLIMATOLOGICAL DATA (WS FORM: F-6)
STATION: FRENCHVILLE ME
MONTH: MARCH
YEAR: 2024
LATITUDE: 47 16 N
LONGITUDE: 68 19 W
TEMPERATURE IN F: :PCPN: SNOW: WIND :SUNSHINE: SKY :PK WND
================================================================================
1 2 3 4 5 6A 6B 7 8 9 10 11 12 13 14 15 16 17 18
12Z AVG MX 2MIN
DY MAX MIN AVG DEP HDD CDD WTR SNW DPTH SPD SPD DIR MIN PSBL S-S WX SPD DR
================================================================================
1 17 -3 7 -12 58 0 T M M 14.7 28 280 M M 2 38 280
2 48 16 32 13 33 0 0.03 M M 8.0 17 200 M M 5 25 210
3 49 34 42 22 23 0 0.02 M M 5.2 12 340 M M 7 12 16 330
4 43 27 35 15 30 0 0.00 M M 9.4 18 150 M M 3 26 140
5 50 32 41 21 24 0 0.00 M M 11.4 21 170 M M 6 32 180
6 47 34 41 20 24 0 T M M 6.9 15 350 M M 9 12 22 360
7 38 25 32 11 33 0 0.06 M M 7.7 16 20 M M 6 1 24 360
8 40 19 30 8 35 0 0.00 M M 6.4 13 320 M M 0 18 330
9 36 20 28 6 37 0 0.00 M M 12.5 22 150 M M 2 30 150
10 33 28 31 9 34 0 0.28 M M 14.5 22 100 M M 10 126 36 90
11 34 28 31 8 34 0 0.05 M M 15.8 30 330 M M 10 18 43 330
12 32 25 29 6 36 0 T M M 19.8 28 320 M M 9 8 37 320
13 47 30 39 16 26 0 0.00 M M 8.8 18 330 M M 6 26 340
14 43 31 37 13 28 0 T M M 6.9 14 140 M M 7 18 150
15 47 29 38 14 27 0 0.00 M M 6.3 13 320 M M 1 18 330
16 37 24 31 7 34 0 0.00 M M 5.8 15 320 M M 5 20 350
17 33 29 31 6 34 0 0.34 M M 8.6 17 280 M M 9 12 23 100
18 35 28 32 7 33 0 T M M 10.3 18 290 M M 9 1 27 290
19 34 26 30 4 35 0 T M M 11.1 18 320 M M 10 18 27 300
20 35 21 28 2 37 0 T M M 8.4 20 150 M M 7 18 29 140
21 34 15 25 -1 40 0 0.24 M M 18.7 38 290 M M 10 1289 52 300
22 21 10 16 -11 49 0 T M M 24.8 37 280 M M 3 50 290
23 17 5 11 -16 54 0 0.32 M M 5.9 14 350 M M 7 1 23 10
24 30 15 23 -4 42 0 0.05 M M 13.6 28 320 M M 2 37 330
25 36 5 21 -7 44 0 0.00 M M 6.1 15 150 M M 0 20 160
26 45 22 34 6 31 0 0.00 M M 9.2 23 110 M M 5 32 130
27 40 30 35 6 30 0 0.02 M M 6.9 15 120 M M 10 12 21 120
================================================================================
SM 1001 605 945 0 1.41 M 283.7 M 160
================================================================================
AV 37.1 22.4 10.5 FASTST M M 6 MAX(MPH)
MISC ----> 38 290 52 300
================================================================================
NOTES:
# LAST OF SEVERAL OCCURRENCES
COLUMN 17 PEAK WIND IN M.P.H.
PRELIMINARY LOCAL CLIMATOLOGICAL DATA (WS FORM: F-6) , PAGE 2
STATION: FRENCHVILLE ME
MONTH: MARCH
YEAR: 2024
LATITUDE: 47 16 N
LONGITUDE: 68 19 W
[TEMPERATURE DATA] [PRECIPITATION DATA] SYMBOLS USED IN COLUMN 16
AVERAGE MONTHLY: 29.7 TOTAL FOR MONTH: 1.41 1 = FOG OR MIST
DPTR FM NORMAL: 6.0 DPTR FM NORMAL: 0.16 2 = FOG REDUCING VISIBILITY
HIGHEST: 50 ON 5 GRTST 24HR 0.37 ON 23-24 TO 1/4 MILE OR LESS
LOWEST: -3 ON 1 3 = THUNDER
SNOW, ICE PELLETS, HAIL 4 = ICE PELLETS
TOTAL MONTH: M 5 = HAIL
GRTST 24HR M ON M 6 = FREEZING RAIN OR DRIZZLE
GRTST DEPTH: M ON M 7 = DUSTSTORM OR SANDSTORM:
VSBY 1/2 MILE OR LESS
8 = SMOKE OR HAZE
[NO. OF DAYS WITH] [WEATHER - DAYS WITH] 9 = BLOWING SNOW
X = TORNADO
MAX 32 OR BELOW: 5 0.01 INCH OR MORE: 10
MAX 90 OR ABOVE: 0 0.10 INCH OR MORE: 4
MIN 32 OR BELOW: 25 0.50 INCH OR MORE: 0
MIN 0 OR BELOW: 1 1.00 INCH OR MORE: 0
[HDD (BASE 65) ]
TOTAL THIS MO. 945 CLEAR (SCALE 0-3) 7
DPTR FM NORMAL -168 PTCLDY (SCALE 4-7) 11
TOTAL FM JUL 1 6792 CLOUDY (SCALE 8-10) 9
DPTR FM NORMAL -896
[CDD (BASE 65) ]
TOTAL THIS MO. 0
DPTR FM NORMAL 0 [PRESSURE DATA]
TOTAL FM JAN 1 0 HIGHEST SLP M ON M
DPTR FM NORMAL 0 LOWEST SLP 29.04 ON 11
[REMARKS]