000
CXUS56 KMFR 280930
CF6MFR
PRELIMINARY LOCAL CLIMATOLOGICAL DATA (WS FORM: F-6)
STATION: MEDFORD OR
MONTH: MARCH
YEAR: 2024
LATITUDE: 42 22 N
LONGITUDE: 122 52 W
TEMPERATURE IN F: :PCPN: SNOW: WIND :SUNSHINE: SKY :PK WND
================================================================================
1 2 3 4 5 6A 6B 7 8 9 10 11 12 13 14 15 16 17 18
12Z AVG MX 2MIN
DY MAX MIN AVG DEP HDD CDD WTR SNW DPTH SPD SPD DIR MIN PSBL S-S WX SPD DR
================================================================================
1 51 34 43 -3 22 0 0.74 T 0 5.8 24 180 M M 8 1 36 170
2 41 32 37 -9 28 0 0.18 0.4 0 4.0 17 270 M M 8 18 25 190
3 41 32 37 -10 28 0 0.03 T 0 2.8 10 350 M M 9 1 14 200
4 47 33 40 -7 25 0 0.06 T 0 2.9 10 350 M M 10 1 13 360
5 43 36 40 -7 25 0 0.62 0.0 0 2.7 8 360 M M 10 1 9 10
6 48 35 42 -5 23 0 0.01 0.0 0 5.3 13 280 M M 9 1 18 280
7 52 30 41 -6 24 0 0.00 0.0 M 2.7 12 180 M M 4 12 16 170
8 64 28 46 -1 19 0 0.00 0.0 M 2.3 10 300 M M 0 1 13 300
9 56 36 46 -2 19 0 T 0.0 0 6.7 22 200 M M 6 31 230
10 51 42 47 -1 18 0 0.06 0.0 0 5.1 17 250 M M 9 24 210
11 51 37 44 -4 21 0 0.01 0.0 0 5.4 23 150 M M 10 1 28 140
12 54 40 47 -1 18 0 0.04 0.0 0 5.7 18 310 M M 8 1 25 280
13 56 36 46 -2 19 0 0.00 0.0 0 2.1 12 350 M M 4 16 350
14 67 32 50 2 15 0 0.00 0.0 M 2.9 12 80 M M 0 19 40
15 74 33 54 6 11 0 0.00 0.0 0 3.7 21 160 M M 0 28 160
16 74 35 55 7 10 0 0.00 0.0 0 2.5 9 170 M M 0 11 190
17 74 36 55 7 10 0 0.00 0.0 M 1.7 10 200 M M 0 13 190
18 80 38 59 10 6 0 0.00 0.0 0 1.7 12 170 M M 0 15 170
19 77 42 60 11 5 0 0.00 0.0 0 2.4 13 300 M M 0 17 310
20 64 40 52 3 13 0 0.00 0.0 0 4.3 20 300 M M 4 28 310
21 68 41 55 6 10 0 0.00 0.0 0 2.9 10 310 M M 1 14 310
22 54 43 49 0 16 0 0.24 0.0 0 4.1 9 120 M M 6 1 17 270
23 56 42 49 0 16 0 0.03 0.0 0 6.3 25 230 M M 9 1 38 240
24 56 42 49 0 16 0 0.08 0.0 0 4.1 14 280 M M 9 1 21 270
25 56 41 49 0 16 0 0.01 M M 4.7 16 270 M M 9 22 320
26 59 41 50 1 15 0 0.06 0.0 0 3.8 10 90 M M 7 1 13 90
27 52 44 48 -2 17 0 0.28 0.0 0 4.0 17 230 M M 8 1 26 240
================================================================================
SM 1566 1001 465 0 2.45 0.4 102.6 M 148
================================================================================
AV 58.0 37.1 3.8 FASTST M M 5 MAX(MPH)
MISC ----> 25 230 38 240
================================================================================
NOTES:
# LAST OF SEVERAL OCCURRENCES
COLUMN 17 PEAK WIND IN M.P.H.
PRELIMINARY LOCAL CLIMATOLOGICAL DATA (WS FORM: F-6) , PAGE 2
STATION: MEDFORD OR
MONTH: MARCH
YEAR: 2024
LATITUDE: 42 22 N
LONGITUDE: 122 52 W
[TEMPERATURE DATA] [PRECIPITATION DATA] SYMBOLS USED IN COLUMN 16
AVERAGE MONTHLY: 47.5 TOTAL FOR MONTH: 2.45 1 = FOG OR MIST
DPTR FM NORMAL: -0.5 DPTR FM NORMAL: 0.87 2 = FOG REDUCING VISIBILITY
HIGHEST: 80 ON 18 GRTST 24HR 0.79 ON 1- 2 TO 1/4 MILE OR LESS
LOWEST: 28 ON 8 3 = THUNDER
SNOW, ICE PELLETS, HAIL 4 = ICE PELLETS
TOTAL MONTH: 0.4 INCH 5 = HAIL
GRTST 24HR 0.4 ON 2- 2 6 = FREEZING RAIN OR DRIZZLE
GRTST DEPTH: 0 7 = DUSTSTORM OR SANDSTORM:
VSBY 1/2 MILE OR LESS
8 = SMOKE OR HAZE
[NO. OF DAYS WITH] [WEATHER - DAYS WITH] 9 = BLOWING SNOW
X = TORNADO
MAX 32 OR BELOW: 0 0.01 INCH OR MORE: 15
MAX 90 OR ABOVE: 0 0.10 INCH OR MORE: 5
MIN 32 OR BELOW: 5 0.50 INCH OR MORE: 2
MIN 0 OR BELOW: 0 1.00 INCH OR MORE: 0
[HDD (BASE 65) ]
TOTAL THIS MO. 465 CLEAR (SCALE 0-3) 8
DPTR FM NORMAL 8 PTCLDY (SCALE 4-7) 9
TOTAL FM JUL 1 3066 CLOUDY (SCALE 8-10) 10
DPTR FM NORMAL -474
[CDD (BASE 65) ]
TOTAL THIS MO. 0
DPTR FM NORMAL 0 [PRESSURE DATA]
TOTAL FM JAN 1 0 HIGHEST SLP M ON M
DPTR FM NORMAL 0 LOWEST SLP 29.39 ON 1
[REMARKS]