000
CXUS54 KSHV 231300
CF6SHV
PRELIMINARY LOCAL CLIMATOLOGICAL DATA (WS FORM: F-6)
STATION: SHREVEPORT
MONTH: APRIL
YEAR: 2024
LATITUDE: 32 28 N
LONGITUDE: 93 49 W
TEMPERATURE IN F: :PCPN: SNOW: WIND :SUNSHINE: SKY :PK WND
================================================================================
1 2 3 4 5 6A 6B 7 8 9 10 11 12 13 14 15 16 17 18
12Z AVG MX 2MIN
DY MAX MIN AVG DEP HDD CDD WTR SNW DPTH SPD SPD DIR MIN PSBL S-S WX SPD DR
================================================================================
1 84 67 76 13 0 11 T 0.0 0 11.1 23 150 M M 10 18 31 140
2 81 56 69 6 0 4 0.02 0.0 0 13.1 25 300 M M 7 1 33 300
3 75 47 61 -2 4 0 0.00 0.0 0 11.7 29 300 M M 0 39 290
4 83 43 63 0 2 0 0.00 0.0 0 6.1 22 300 M M 0 27 300
5 87 50 69 5 0 4 0.00 0.0 0 4.6 13 140 M M 2 20 130
6 87 59 73 9 0 8 0.00 0.0 0 11.7 25 180 M M 7 39 170
7 87 68 78 14 0 13 T 0.0 0 8.5 17 170 M M 8 27 170
8 85 65 75 11 0 10 3.81 0.0 0 9.0 28 170 M M 10 138 29 170
9 72 63 68 4 0 3 3.43 0.0 0 10.5 31 60 M M 10 13 46 320
10 75 60 68 3 0 3 1.58 0.0 0 8.3 31 50 M M 9 13 41 50
11 77 55 66 1 0 1 0.00 0.0 0 15.3 29 300 M M 2 37 300
12 83 47 65 0 0 0 0.00 0.0 0 2.6 9 240 M M 2 12 240
13 86 55 71 6 0 6 0.00 0.0 0 8.2 20 180 M M 3 29 190
14 82 61 72 6 0 7 0.00 0.0 0 9.4 20 240 M M 7 29 240
15 81 66 74 8 0 9 0.00 0.0 0 9.0 18 160 M M 10 M 140
16 85 70 78 12 0 13 T 0.0 0 10.6 22 170 M M 9 29 170
17 84 73 79 13 0 14 T 0.0 0 6.8 17 180 M M 9 18 23 160
18 86 73 80 14 0 15 T 0.0 0 7.2 20 170 M M 8 18 28 170
19 76 62 69 2 0 4 T 0.0 0 7.7 14 30 M M 9 18 19 40
20 62 51 57 -10 8 0 1.35 0.0 0 11.2 25 320 M M 10 13 34 320
21 70 53 62 -5 3 0 0.04 0.0 0 9.5 20 350 M M 5 1 27 350
22 74 44 59 -8 6 0 0.00 0.0 0 2.6 12 190 M M 1 22 230
================================================================================
SM 1762 1288 23 125 10.23 0.0 194.7 M 138
================================================================================
AV 80.1 58.5 8.9 FASTST M M 6 MAX(MPH)
MISC ----> # 31 60 46 320
================================================================================
NOTES:
# LAST OF SEVERAL OCCURRENCES
COLUMN 17 PEAK WIND IN M.P.H.
PRELIMINARY LOCAL CLIMATOLOGICAL DATA (WS FORM: F-6) , PAGE 2
STATION: SHREVEPORT
MONTH: APRIL
YEAR: 2024
LATITUDE: 32 28 N
LONGITUDE: 93 49 W
[TEMPERATURE DATA] [PRECIPITATION DATA] SYMBOLS USED IN COLUMN 16
AVERAGE MONTHLY: 69.3 TOTAL FOR MONTH: 10.23 1 = FOG OR MIST
DPTR FM NORMAL: 4.3 DPTR FM NORMAL: 6.36 2 = FOG REDUCING VISIBILITY
HIGHEST: 87 ON 7, 6 GRTST 24HR 3.81 ON 8- 8 TO 1/4 MILE OR LESS
LOWEST: 43 ON 4 3 = THUNDER
SNOW, ICE PELLETS, HAIL 4 = ICE PELLETS
TOTAL MONTH: 0.0 INCH 5 = HAIL
GRTST 24HR 0.0 6 = FREEZING RAIN OR DRIZZLE
GRTST DEPTH: 0 7 = DUSTSTORM OR SANDSTORM:
VSBY 1/2 MILE OR LESS
8 = SMOKE OR HAZE
[NO. OF DAYS WITH] [WEATHER - DAYS WITH] 9 = BLOWING SNOW
X = TORNADO
MAX 32 OR BELOW: 0 0.01 INCH OR MORE: 6
MAX 90 OR ABOVE: 0 0.10 INCH OR MORE: 4
MIN 32 OR BELOW: 0 0.50 INCH OR MORE: 4
MIN 0 OR BELOW: 0 1.00 INCH OR MORE: 4
[HDD (BASE 65) ]
TOTAL THIS MO. 23 CLEAR (SCALE 0-3) 7
DPTR FM NORMAL -44 PTCLDY (SCALE 4-7) 6
TOTAL FM JUL 1 1556 CLOUDY (SCALE 8-10) 9
DPTR FM NORMAL -492
[CDD (BASE 65) ]
TOTAL THIS MO. 125
DPTR FM NORMAL 59 [PRESSURE DATA]
TOTAL FM JAN 1 238 HIGHEST SLP M ON M
DPTR FM NORMAL 117 LOWEST SLP 29.54 ON 10
[REMARKS]