000
CXUS51 KPHI 020854
CLA55N
CLIMATE REPORT
NATIONAL WEATHER SERVICE MOUNT HOLLY NJ
354 AM EST TUE JAN 02 2024
...................................
...THE ATLANTIC CITY MARINA NJ CLIMATE SUMMARY FOR THE YEAR OF 2023...
CLIMATE NORMAL PERIOD: 1991 TO 2020
CLIMATE RECORD PERIOD: 1873 TO 2024
WEATHER OBSERVED NORMAL DEPART LAST YEAR`S
VALUE DATE(S) VALUE FROM VALUE
NORMAL
..............................................................
TEMPERATURE (F)
RECORD
HIGH 104 08/07/1918
LOW -9 02/09/1934
HIGHEST 88 09/06 MM MM
08/13
08/15
LOWEST 16 02/04 MM MM
AVG. MAXIMUM 62.9 60.9 2.0
AVG. MINIMUM 52.5 50.1 2.4
MEAN 57.7 55.5 2.2
DAYS MAX >= 90 0 5.7 -5.7
DAYS MAX <= 32 0 8.2 -8.2
DAYS MIN <= 32 21 56.0 -35.0
DAYS MIN <= 0 0 0.0 0.0
PRECIPITATION (INCHES)
RECORD
MAXIMUM 67.17 1958
MINIMUM 25.57 2001
TOTALS 36.83 43.62 -6.79
DAILY AVG. 0.10 0.12 -0.02
DAYS >= .01 107 114.1 -7.1
DAYS >= .10 68 69.7 -1.7
DAYS >= .50 28 29.5 -1.5
DAYS >= 1.00 8 12.1 -4.1
GREATEST
24 HR. TOTAL 2.88
STORM TOTAL 2.88
(MM/DD(HH))
DEGREE DAYS
HEATING TOTAL 3564 4438 -874
SINCE 7/1 1244 1452 -208
COOLING TOTAL 1029 999 30
SINCE 1/1 1029 997 32
FREEZE DATES
RECORD
EARLIEST MM
LATEST MM
EARLIEST 11/25
LATEST 03/20
..............................................................
WIND (MPH)
AVERAGE WIND SPEED 8.2
HIGHEST WIND SPEED/DIRECTION 37/310
HIGHEST GUST SPEED/DIRECTION 53/310
SKY COVER
POSSIBLE SUNSHINE (PERCENT) MM
AVERAGE SKY COVER MM
NUMBER OF DAYS FAIR 0
NUMBER OF DAYS PC 0
NUMBER OF DAYS CLOUDY 0
AVERAGE RH (PERCENT) 85
- INDICATES NEGATIVE NUMBERS.
R INDICATES RECORD WAS SET OR TIED.
MM INDICATES DATA IS MISSING.
T INDICATES TRACE AMOUNT.
$$