000
CXUS53 KGID 012340
CLMEAR
CLIMATE REPORT
NATIONAL WEATHER SERVICE HASTINGS NE
640 PM CDT FRI SEP 01 2023
...................................
...THE KEARNEY NE CLIMATE SUMMARY FOR THE MONTH OF AUGUST 2023...
CLIMATE NORMAL PERIOD 1991 TO 2020
CLIMATE RECORD PERIOD 1894 TO 2023
WEATHER OBSERVED NORMAL DEPART LAST YEAR`S
VALUE DATE(S) VALUE FROM VALUE DATE(S)
NORMAL
................................................................
TEMPERATURE (F)
HIGHEST 103R 08/19 MM MM 96 08/28
08/31
LOWEST 54 08/15 MM MM 53 08/21
AVG. MAXIMUM 86.8 84.4 2.4 88.1
AVG. MINIMUM 63.0 60.9 2.1 61.5
MEAN 74.9 72.6 2.3 74.8
DAYS MAX >= 90 9 MM MM 15
DAYS MAX <= 32 0 MM MM 0
DAYS MIN <= 32 0 MM MM 0
DAYS MIN <= 0 0 MM MM 0
PRECIPITATION (INCHES)
TOTALS 2.71 3.01 -0.30 0.77
DAILY AVG. 0.09 0.10 -0.01 0.02
DAYS >= .01 8 MM MM 4
DAYS >= .10 6 MM MM 2
DAYS >= .50 2 MM MM 1
DAYS >= 1.00 1 MM MM 0
GREATEST
24 HR. TOTAL 1.01 08/02 TO 08/02
DEGREE DAYS
HEATING TOTAL 0 8 -8 2
SINCE 7/1 4 8 -4 MM
COOLING TOTAL 314 247 67 312
SINCE 1/1 856 779 77 MM
................................................................
AVERAGE RH (PERCENT) 70
WEATHER CONDITIONS. NUMBER OF DAYS WITH
THUNDERSTORM 6 MIXED PRECIP 0
HEAVY RAIN 2 RAIN 2
LIGHT RAIN 7 FREEZING RAIN 0
LT FREEZING RAIN 0 HAIL 0
HEAVY SNOW 0 SNOW 0
LIGHT SNOW 0 SLEET 0
FOG 9 FOG W/VIS <= 1/4 MILE 2
HAZE 2
- INDICATES NEGATIVE NUMBERS.
R INDICATES RECORD WAS SET OR TIED.
MM INDICATES DATA IS MISSING.
T INDICATES TRACE AMOUNT.
&&
THE PRECIPITATION DATA SHOWN ABOVE IS RECORDED BY THE AUTOMATED
WEATHER OBSERVING SYSTEM AT THE KEARNEY AIRPORT. THE
PRECIPITATION IS DEPICTED FOR A CALENDAR DAY FROM MIDNIGHT TO
MIDNIGHT. SNOWFALL IS NOT RECORDED BY THAT SYSTEM.
THE OFFICIAL PRECIPITATION...SNOWFALL...AND SNOW DEPTH
OBSERVATION FOR KEARNEY IS RECORDED DAILY BY THE
COOPERATIVE OBSERVER AT 7 AM. THAT INFORMATION FOLLOWS...
...KEARNEY 4NE COOPERATIVE OBSERVER REPORT FOR AUGUST 2023...
PRECIPITATION (IN)
MONTHLY TOTAL ...................... 3.17
YEAR TO DATE ....................... 19.23
SNOWFALL (IN)
MONTHLY TOTAL ...................... 0.0
SEASONAL TOTAL (SINCE JULY 1ST)..... 0.0
$$
REED