000
CXUS53 KGID 012158
CLMGRI
CLIMATE REPORT
NATIONAL WEATHER SERVICE HASTINGS NE
458 PM CDT TUE AUG 01 2023
...................................
...THE GRAND ISLAND NE CLIMATE SUMMARY FOR THE MONTH OF JULY 2023...
CLIMATE NORMAL PERIOD 1991 TO 2020
CLIMATE RECORD PERIOD 1895 TO 2023
WEATHER OBSERVED NORMAL DEPART LAST YEAR`S
VALUE DATE(S) VALUE FROM VALUE DATE(S)
NORMAL
................................................................
TEMPERATURE (F)
RECORD
HIGH 117 07/24/1936
LOW 42 07/30/1971
HIGHEST 104 07/28 101 3 103 07/23
LOWEST 57 07/06 53 4 58 07/12
07/08
AVG. MAXIMUM 87.1 88.1 -1.0 89.5
AVG. MINIMUM 64.4 65.8 -1.4 66.4
MEAN 75.8 77.0 -1.2 77.9
DAYS MAX >= 90 9 12.6 -3.6 14
DAYS MAX <= 32 0 0.0 0.0 0
DAYS MIN <= 32 0 0.0 0.0 0
DAYS MIN <= 0 0 0.0 0.0 0
PRECIPITATION (INCHES)
RECORD
MAXIMUM 10.38 1993
MINIMUM 0.01 1936
TOTALS 3.35 3.51 -0.16 4.62
DAILY AVG. 0.11 0.11 -0.00 0.15
DAYS >= .01 10 9.1 0.9 11
DAYS >= .10 7 5.7 1.3 10
DAYS >= .50 3 2.2 0.8 2
DAYS >= 1.00 1 1.0 0.0 1
GREATEST
24 HR. TOTAL 1.00 07/29 TO 07/29
SNOWFALL (INCHES)
RECORDS
TOTAL 0.0 MM
TOTALS 0.0 0.0 0.0 0.0
SINCE 7/1 0.0 0.0 0.0 MM
DAYS >= 1.0 0 0.0 0.0 0
GREATEST
SNOW DEPTH 0 0
24 HR TOTAL MM
DEGREE DAYS
HEATING TOTAL 0 1 -1 0
SINCE 7/1 0 0 0 MM
COOLING TOTAL 342 372 -30 410
SINCE 1/1 735 704 31 MM
................................................................
WIND (MPH)
AVERAGE WIND SPEED MM
HIGHEST WIND SPEED/DIRECTION MM DATE MM
HIGHEST GUST SPEED/DIRECTION MM DATE MM
SKY COVER
POSSIBLE SUNSHINE (PERCENT) MM
AVERAGE SKY COVER 0.22
NUMBER OF DAYS FAIR 22
NUMBER OF DAYS PC 5
NUMBER OF DAYS CLOUDY 1
AVERAGE RH (PERCENT) 68
WEATHER CONDITIONS. NUMBER OF DAYS WITH
THUNDERSTORM 15 MIXED PRECIP 0
HEAVY RAIN 4 RAIN 4
LIGHT RAIN 13 FREEZING RAIN 0
LT FREEZING RAIN 0 HAIL 0
HEAVY SNOW 0 SNOW 0
LIGHT SNOW 0 SLEET 0
FOG 18 FOG W/VIS <= 1/4 MILE 0
HAZE 11
- INDICATES NEGATIVE NUMBERS.
R INDICATES RECORD WAS SET OR TIED.
MM INDICATES DATA IS MISSING.
T INDICATES TRACE AMOUNT.
$$