000
CXUS53 KGID 011411
CF6ODX
PRELIMINARY LOCAL CLIMATOLOGICAL DATA (WS FORM: F-6)
STATION: ORD NE
MONTH: FEBRUARY
YEAR: 2023
LATITUDE: 41 37 N
LONGITUDE: 98 57 W
TEMPERATURE IN F: :PCPN: SNOW: WIND :SUNSHINE: SKY :PK WND
================================================================================
1 2 3 4 5 6A 6B 7 8 9 10 11 12 13 14 15 16 17 18
12Z AVG MX 2MIN
DY MAX MIN AVG DEP HDD CDD WTR SNW DPTH SPD SPD DIR MIN PSBL S-S WX SPD DR
================================================================================
1 36 -3 17 -8 48 0 0.00 M M 2.2 10 270 M M 0 13 260
2 26 -1 13 -12 52 0 0.00 M M 8.5 30 360 M M 1 8 37 360
3 30 -1 15 -10 50 0 0.00 M M 9.3 20 190 M M 4 25 170
4 48 13 31 6 34 0 0.00 M M 5.8 22 310 M M 0 18 32 310
5 47 21 34 9 31 0 0.00 M M 3.0 8 310 M M 0 10 320
6 40 18 29 3 36 0 0.00 M M 10.0 25 310 M M 1 1 35 310
7 45 25 35 9 30 0 0.00 M M 6.3 18 300 M M 0 24 300
8 44 20 32 6 33 0 0.00 M M 3.9 13 210 M M 0 19 210
9 37 21 29 3 36 0 T M M 21.7 35 340 M M 5 46 340
10 37 11 24 -2 41 0 0.00 M M 7.4 18 210 M M 0 25 210
11 43 24 34 8 31 0 0.00 M M 7.4 17 200 M M 0 22 210
12 41 25 33 7 32 0 0.00 M M 7.3 18 340 M M 0 24 350
13 49 23 36 9 29 0 0.00 M M 8.2 20 200 M M 0 24 200
14 43 30 37 10 28 0 0.32 M M 16.2 43 330 M M 7 1 57 320
15 30 18 24 -3 41 0 T M M 21.5 37 320 M M 10 50 310
16 35 18 27 -1 38 0 0.00 M M 8.8 22 350 M M 4 29 350
17 46 14 30 2 35 0 0.00 M M 6.3 23 220 M M 0 30 230
18 46 23 35 7 30 0 0.00 M M 3.8 15 170 M M 0 18 19 180
19 46 25 36 8 29 0 0.00 M M 5.5 12 310 M M 0 15 310
20 50 28 39 10 26 0 0.00 M M 9.7 18 250 M M 3 24 250
21 47 27 37 8 28 0 0.00 M M 10.0 23 160 M M 5 32 170
22 34 2 18 -11 47 0 0.08 M M 20.8 31 10 M M 10 1689 43 350
23 8 -4 2 -28 63 0 T M M 16.9 28 320 M M 3 8 38 330
24 13 -4 5 -25 60 0 0.04 M M 5.3 15 170 M M 6 19 170
25 49 5 27 -3 38 0 0.00 M M 7.5 26 210 M M 0 35 210
26 51 23 37 6 28 0 T M M 6.3 21 160 M M 2 1 27 170
27 50 25 38 7 27 0 0.00 M M 14.3 35 310 M M 2 1 45 310
28 44 24 34 2 31 0 T M M 5.8 17 120 M M 5 25 140
================================================================================
SM 1115 450 1032 0 0.44 M 259.7 M 68
================================================================================
AV 39.8 16.1 9.3 FASTST M M 2 MAX(MPH)
MISC ----> 43 330 57 320
================================================================================
NOTES:
# LAST OF SEVERAL OCCURRENCES
COLUMN 17 PEAK WIND IN M.P.H.
PRELIMINARY LOCAL CLIMATOLOGICAL DATA (WS FORM: F-6) , PAGE 2
STATION: ORD NE
MONTH: FEBRUARY
YEAR: 2023
LATITUDE: 41 37 N
LONGITUDE: 98 57 W
[TEMPERATURE DATA] [PRECIPITATION DATA] SYMBOLS USED IN COLUMN 16
AVERAGE MONTHLY: 27.9 TOTAL FOR MONTH: 0.44 1 = FOG OR MIST
DPTR FM NORMAL: 0.4 DPTR FM NORMAL: -0.06 2 = FOG REDUCING VISIBILITY
HIGHEST: 51 ON 26 GRTST 24HR 0.32 ON 14-14 TO 1/4 MILE OR LESS
LOWEST: -4 ON 24,23 3 = THUNDER
SNOW, ICE PELLETS, HAIL 4 = ICE PELLETS
TOTAL MONTH: M 5 = HAIL
GRTST 24HR M ON M 6 = FREEZING RAIN OR DRIZZLE
GRTST DEPTH: M ON M 7 = DUSTSTORM OR SANDSTORM:
VSBY 1/2 MILE OR LESS
8 = SMOKE OR HAZE
[NO. OF DAYS WITH] [WEATHER - DAYS WITH] 9 = BLOWING SNOW
X = TORNADO
MAX 32 OR BELOW: 5 0.01 INCH OR MORE: 3
MAX 90 OR ABOVE: 0 0.10 INCH OR MORE: 1
MIN 32 OR BELOW: 28 0.50 INCH OR MORE: 0
MIN 0 OR BELOW: 5 1.00 INCH OR MORE: 0
[HDD (BASE 65) ]
TOTAL THIS MO. 1032 CLEAR (SCALE 0-3) 18
DPTR FM NORMAL -18 PTCLDY (SCALE 4-7) 8
TOTAL FM JUL 1 4973 CLOUDY (SCALE 8-10) 2
DPTR FM NORMAL -45
[CDD (BASE 65) ]
TOTAL THIS MO. 0
DPTR FM NORMAL 0 [PRESSURE DATA]
TOTAL FM JAN 1 0 HIGHEST SLP 30.76 ON 24
DPTR FM NORMAL 0 LOWEST SLP 29.14 ON 14
[REMARKS]
SUBSTITUTED LIQUID PRECIPITATION AMOUNT (0.08) FOR 2/22/2023 FROM LOCAL
COOPERATIVE OBSERVER (ORD #2, SITE 25-6336) DUE TO THE AUTOMATED GAUGE
CAPTURE UNDER-REPRESENTING PRECIPITATION FROM THE EVENT.
#FINAL-02-23#