000
CXUS53 KGID 012144
CF6ODX
PRELIMINARY LOCAL CLIMATOLOGICAL DATA (WS FORM: F-6)
STATION: ORD NE
MONTH: JANUARY
YEAR: 2021
LATITUDE: 41 37 N
LONGITUDE: 98 57 W
TEMPERATURE IN F: :PCPN: SNOW: WIND :SUNSHINE: SKY :PK WND
================================================================================
1 2 3 4 5 6A 6B 7 8 9 10 11 12 13 14 15 16 17 18
12Z AVG MX 2MIN
DY MAX MIN AVG DEP HDD CDD WTR SNW DPTH SPD SPD DIR MIN PSBL S-S WX SPD DR
================================================================================
1 42 2 22 -2 43 0 0.00 M M 5.1 15 320 M M 1 128 19 320
2 40 9 25 1 40 0 0.00 M M 2.9 13 190 M M 1 128 17 200
3 43 12 28 4 37 0 0.00 M M 3.6 9 200 M M 1 128 12 260
4 46 20 33 9 32 0 0.00 M M 9.1 21 320 M M 1 29 320
5 41 17 29 5 36 0 0.00 M M 4.2 14 150 M M 3 1 19 160
6 36 30 33 9 32 0 T M M 10.3 20 330 M M 9 1 26 330
7 34 32 33 9 32 0 T M M 5.2 9 160 M M 10 1 13 170
8 34 29 32 8 33 0 0.00 M M 4.3 9 120 M M 10 1 13 130
9 35 29 32 8 33 0 0.04 M M 2.9 8 360 M M 10 1 10 350
10 36 21 29 5 36 0 0.00 M M 4.3 9 210 M M 7 11 360
11 46 21 34 10 31 0 0.00 M M 6.5 15 270 M M 0 20 250
12 54 18 36 12 29 0 0.00 M M 3.9 13 210 M M 0 16 260
13 62 27 45 21 20 0 T M M 7.7 41 320 M M 1 58 320
14 44 31 38 14 27 0 T M M 30.2 46 320 M M 6 69 310
15 32 20 26 1 39 0 T M M 27.6 49 330 M M 9 70 320
16 41 16 29 4 36 0 0.00 M M 7.9 22 330 M M 2 30 340
17 45 27 36 11 29 0 0.00 M M 11.8 23 320 M M 2 30 330
18 44 27 36 11 29 0 0.01 M M 6.9 24 330 M M 8 1 36 330
19 43 20 32 7 33 0 0.00 M M 13.0 30 320 M M 5 41 320
20 58 20 39 14 26 0 0.00 M M 10.4 22 310 M M 0 30 310
21 45 16 31 6 34 0 0.00 M M 8.7 24 350 M M 0 29 330
22 27 19 23 -2 42 0 0.04 M M 3.5 12 170 M M 8 1 16 150
23 26 20 23 -2 42 0 T M M 7.0 15 150 M M 10 18 21 150
24 27 23 25 0 40 0 T M M 9.4 23 10 M M 10 1 30 350
25 24 16 20 -5 45 0 0.62 M M 12.8 24 20 M M 10 12 30 20
26 20 11 16 -9 49 0 T M M 8.5 23 20 M M 9 18 34 40
27 19 -2 9 -16 56 0 T M M 4.0 12 170 M M 4 1 14 170
28 26 2 14 -11 51 0 T M M 11.8 22 190 M M 8 18 30 190
29 28 24 26 1 39 0 0.00 M M 6.7 14 180 M M 10 12 17 180
30 32 26 29 3 36 0 0.00 M M 17.1 31 340 M M 10 12 43 350
31 38 16 27 1 38 0 0.00 M M 11.1 25 330 M M 6 128 32 330
================================================================================
SM 1168 599 1125 0 0.71 M 278.4 M 171
================================================================================
AV 37.7 19.3 9.0 FASTST M M 6 MAX(MPH)
MISC ----> 49 330 70 320
================================================================================
NOTES:
# LAST OF SEVERAL OCCURRENCES
COLUMN 17 PEAK WIND IN M.P.H.
PRELIMINARY LOCAL CLIMATOLOGICAL DATA (WS FORM: F-6) , PAGE 2
STATION: ORD NE
MONTH: JANUARY
YEAR: 2021
LATITUDE: 41 37 N
LONGITUDE: 98 57 W
[TEMPERATURE DATA] [PRECIPITATION DATA] SYMBOLS USED IN COLUMN 16
AVERAGE MONTHLY: 28.5 TOTAL FOR MONTH: 0.71 1 = FOG OR MIST
DPTR FM NORMAL: 3.9 DPTR FM NORMAL: 0.34 2 = FOG REDUCING VISIBILITY
HIGHEST: 62 ON 13 GRTST 24HR 0.62 ON 25-25 TO 1/4 MILE OR LESS
LOWEST: -2 ON 27 3 = THUNDER
SNOW, ICE PELLETS, HAIL 4 = ICE PELLETS
TOTAL MONTH: M 5 = HAIL
GRTST 24HR M ON M 6 = FREEZING RAIN OR DRIZZLE
GRTST DEPTH: M ON M 7 = DUSTSTORM OR SANDSTORM:
VSBY 1/2 MILE OR LESS
8 = SMOKE OR HAZE
[NO. OF DAYS WITH] [WEATHER - DAYS WITH] 9 = BLOWING SNOW
X = TORNADO
MAX 32 OR BELOW: 10 0.01 INCH OR MORE: 4
MAX 90 OR ABOVE: 0 0.10 INCH OR MORE: 1
MIN 32 OR BELOW: 31 0.50 INCH OR MORE: 1
MIN 0 OR BELOW: 1 1.00 INCH OR MORE: 0
[HDD (BASE 65) ]
TOTAL THIS MO. 1125 CLEAR (SCALE 0-3) 12
DPTR FM NORMAL -127 PTCLDY (SCALE 4-7) 5
TOTAL FM JUL 1 3620 CLOUDY (SCALE 8-10) 14
DPTR FM NORMAL -355
[CDD (BASE 65) ]
TOTAL THIS MO. 0
DPTR FM NORMAL 0 [PRESSURE DATA]
TOTAL FM JAN 1 0 HIGHEST SLP 30.53 ON 27
DPTR FM NORMAL 0 LOWEST SLP 29.52 ON 13
[REMARKS]
SUBSTITUED LIQUID PRECIPTIATION AMOUNT (0.09) FOR 1/09/2021 FROM
LOCAL COOPERATIVE OBSERVER (ORD #2, SITE 25-6336) DUE TO THE
AUTOMATED GAUGE CAPTURE UNDER-REPRESENTING PRECIPITATION FROM THE
SNOW EVENT.
SUBSTITUED LIQUID PRECIPTIATION AMOUNT (0.62) FOR 1/25/2021 FROM
LOCAL COOPERATIVE OBSERVER (ORD #2, SITE 25-6336) DUE TO THE
AUTOMATED GAUGE CAPTURE UNDER-REPRESENTING PRECIPITATION FROM THE
SNOW EVENT.
#FINAL-01-21#