000
CXUS53 KGID 011306
CLMODX
CLIMATE REPORT
NATIONAL WEATHER SERVICE HASTINGS NE
706 AM CST FRI DEC 01 2023
...................................
...THE ORD NE CLIMATE SUMMARY FOR THE MONTH OF NOVEMBER 2023...
CLIMATE NORMAL PERIOD 1991 TO 2020
CLIMATE RECORD PERIOD 1895 TO 2023
WEATHER OBSERVED NORMAL DEPART LAST YEAR`S
VALUE DATE(S) VALUE FROM VALUE DATE(S)
NORMAL
................................................................
TEMPERATURE (F)
HIGHEST 70 11/22 MM MM 78 11/01
LOWEST 9 11/26 MM MM 8 11/18
11/30
AVG. MAXIMUM 55.7 49.5 6.2 49.5
AVG. MINIMUM 24.6 22.6 2.0 18.8
MEAN 40.2 36.1 4.1 34.1
DAYS MAX >= 90 0 0.0 0.0 0
DAYS MAX <= 32 2 3.2 -1.2 4
DAYS MIN <= 32 24 25.0 -1.0 26
DAYS MIN <= 0 0 0.6 -0.6 0
PRECIPITATION (INCHES)
TOTALS 0.73 0.87 -0.14 0.20
DAILY AVG. 0.02 0.03 -0.01 0.01
DAYS >= .01 6 4.0 2.0 4
DAYS >= .10 2 1.9 0.1 0
DAYS >= .50 1 0.5 0.5 0
DAYS >= 1.00 0 0.1 -0.1 0
GREATEST
24 HR. TOTAL 0.51 11/19 TO 11/19
DEGREE DAYS
HEATING TOTAL 736 868 -132 918
SINCE 7/1 1249 1497 -248 MM
COOLING TOTAL 0 0 0 0
SINCE 1/1 1052 839 213 MM
................................................................
WIND (MPH)
AVERAGE WIND SPEED 7.6
HIGHEST WIND SPEED/DIRECTION 33/330 DATE 11/26
HIGHEST GUST SPEED/DIRECTION 45/320 DATE 11/26
SKY COVER
POSSIBLE SUNSHINE (PERCENT) MM
AVERAGE SKY COVER 0.21
NUMBER OF DAYS FAIR 23
NUMBER OF DAYS PC 3
NUMBER OF DAYS CLOUDY 4
AVERAGE RH (PERCENT) 65
WEATHER CONDITIONS. NUMBER OF DAYS WITH
THUNDERSTORM 0 MIXED PRECIP 0
HEAVY RAIN 0 RAIN 2
LIGHT RAIN 4 FREEZING RAIN 0
LT FREEZING RAIN 0 HAIL 0
HEAVY SNOW 0 SNOW 0
LIGHT SNOW 2 SLEET 0
FOG 6 FOG W/VIS <= 1/4 MILE 3
HAZE 2
- INDICATES NEGATIVE NUMBERS.
R INDICATES RECORD WAS SET OR TIED.
MM INDICATES DATA IS MISSING.
T INDICATES TRACE AMOUNT.
$$