000
CXUS53 KGID 210730
CF6EAR
PRELIMINARY LOCAL CLIMATOLOGICAL DATA (WS FORM: F-6)

                                          STATION:   KEARNEY
                                          MONTH:     SEPTEMBER
                                          YEAR:      2019
                                          LATITUDE:   40 43 N
                                          LONGITUDE:  99  0 W

  TEMPERATURE IN F:       :PCPN:    SNOW:  WIND      :SUNSHINE: SKY     :PK WND
================================================================================
1   2   3   4   5  6A  6B    7    8   9   10  11  12  13   14  15   16   17  18
                                     12Z  AVG MX 2MIN
DY MAX MIN AVG DEP HDD CDD  WTR  SNW DPTH SPD SPD DIR MIN PSBL S-S WX    SPD DR
================================================================================

 1  83  59  71   2   0   6 0.00    M    M  8.2 18 170   M    M   6 12     23 150
 2  91  67  79  10   0  14 0.00    M    M 13.2 25 200   M    M   1        30 190
 3  84  61  73   4   0   8 0.00    M    M 11.4 25  30   M    M   0        31  40
 4  80  56  68   0   0   3 0.00    M    M  7.0 18 150   M    M   0        22 140
 5  93  64  79  11   0  14 0.00    M    M  9.3 15  20   M    M   0        18 210
 6  77  61  69   1   0   4 0.00    M    M  8.3 16  90   M    M   0        21  20
 7  74  58  66  -1   0   1 0.00    M    M  7.2 15 160   M    M   5        17 160
 8  75  58  67   0   0   2 0.00    M    M  9.8 20 360   M    M   8 1      23  20
 9  82  66  74   8   0   9 0.33    M    M  9.3 22 190   M    M   7 1      26 200
10  86  64  75   9   0  10 0.01    M    M 11.3 24 160   M    M   0        30 160
11  90  67  79  13   0  14 0.00    M    M 16.4 29 170   M    M   1        37 180
12  78  56  67   2   0   2 0.73    M    M 12.9 25 300   M    M   3 3      31 320
13  81  51  66   1   0   1 0.00    M    M  9.3 17 180   M    M   0        21 180
14  87  63  75  11   0  10 0.00    M    M 10.5 21 200   M    M   3        24 200
15  89  58  74  10   0   9 0.00    M    M  6.5 16 150   M    M   0 1      21 150
16  91  68  80  17   0  15 0.00    M    M 14.8 28 170   M    M   0        33 170
17  91  70  81  18   0  16 0.00    M    M 20.4 33 180   M    M   0        43 180
18  82  62  72  10   0   7 0.00    M    M  9.7 20  20   M    M   3        27  20
19  89  58  74  12   0   9 0.00    M    M 11.4 21 160   M    M   0 1      28 150
20  85  68  77  15   0  12 0.00    M    M 16.9 25 160   M    M   2        33 150
================================================================================
SM 1688 1235         0 166  1.07    M    223.8          M       39
================================================================================
AV 84.4 61.8                              11.2 FASTST   M    M   2    MAX(MPH)
                                 MISC ---->  # 33 180               # 43  180
================================================================================
NOTES:
# LAST OF SEVERAL OCCURRENCES

COLUMN 17 PEAK WIND IN M.P.H.

PRELIMINARY LOCAL CLIMATOLOGICAL DATA (WS FORM: F-6) , PAGE 2

                                          STATION:  KEARNEY
                                          MONTH:    SEPTEMBER
                                          YEAR:     2019
                                          LATITUDE:   40 43 N
                                          LONGITUDE:  99  0 W

[TEMPERATURE DATA]      [PRECIPITATION DATA]       SYMBOLS USED IN COLUMN 16

AVERAGE MONTHLY: 73.1   TOTAL FOR MONTH:   1.07    1 = FOG OR MIST
DPTR FM NORMAL:   7.4   DPTR FM NORMAL:   -0.32    2 = FOG REDUCING VISIBILITY
HIGHEST:    93 ON  5    GRTST 24HR  0.73 ON 12-12      TO 1/4 MILE OR LESS
LOWEST:     51 ON 13                               3 = THUNDER
                        SNOW, ICE PELLETS, HAIL    4 = ICE PELLETS
                        TOTAL MONTH:    M          5 = HAIL
                        GRTST 24HR    M  ON   M    6 = FREEZING RAIN OR DRIZZLE
                        GRTST DEPTH:  M  ON   M    7 = DUSTSTORM OR SANDSTORM:
                                                       VSBY 1/2 MILE OR LESS
                                                   8 = SMOKE OR HAZE
[NO. OF DAYS WITH]      [WEATHER - DAYS WITH]      9 = BLOWING SNOW
                                                   X = TORNADO
MAX 32 OR BELOW:   0    0.01 INCH OR MORE:   3
MAX 90 OR ABOVE:   5    0.10 INCH OR MORE:   2
MIN 32 OR BELOW:   0    0.50 INCH OR MORE:   1
MIN  0 OR BELOW:   0    1.00 INCH OR MORE:   0

[HDD (BASE 65) ]
TOTAL THIS MO.     0    CLEAR  (SCALE 0-3)  16
DPTR FM NORMAL   -60    PTCLDY (SCALE 4-7)   4
TOTAL FM JUL 1     5    CLOUDY (SCALE 8-10)  0
DPTR FM NORMAL   -72

[CDD (BASE 65) ]
TOTAL THIS MO.   166
DPTR FM NORMAL    94    [PRESSURE DATA]
TOTAL FM JAN 1   994    HIGHEST SLP M ON M
DPTR FM NORMAL   144    LOWEST  SLP 29.76 ON M

[REMARKS]
