000
CXUS53 KGID 190730
CF6GRI
PRELIMINARY LOCAL CLIMATOLOGICAL DATA (WS FORM: F-6)

                                          STATION:   GRAND ISLAND NE
                                          MONTH:     SEPTEMBER
                                          YEAR:      2019
                                          LATITUDE:   40 58 N
                                          LONGITUDE:  98 19 W

  TEMPERATURE IN F:       :PCPN:    SNOW:  WIND      :SUNSHINE: SKY     :PK WND
================================================================================
1   2   3   4   5  6A  6B    7    8   9   10  11  12  13   14  15   16   17  18
                                     12Z  AVG MX 2MIN
DY MAX MIN AVG DEP HDD CDD  WTR  SNW DPTH SPD SPD DIR MIN PSBL S-S WX    SPD DR
================================================================================

 1  84  61  73   2   0   8 0.00  0.0    0  7.5 16 180   M    M   5 12     21 140
 2  91  68  80   9   0  15 0.00  0.0    0 13.6 22 200   M    M   1 3      34 200
 3  84  61  73   3   0   8 0.00  0.0    0  8.9 20  30   M    M   0        30 220
 4  78  56  67  -3   0   2 0.00  0.0    0  6.3 16 150   M    M   0        21 130
 5  93  65  79   9   0  14 0.00  0.0    0  9.1 15 170   M    M   0        22 180
 6  79  62  71   2   0   6    T  0.0    0  6.7 15  70   M    M   0        22  60
 7  73  60  67  -2   0   2 0.01  0.0    0  7.1 14 150   M    M   5        20 140
 8  72  60  66  -2   0   1 0.00  0.0    0  7.7 15  90   M    M   9 12     21  80
 9  82  68  75   7   0  10 0.22  0.0    0 10.7 28 200   M    M   6 1      37 200
10  88  65  77   9   0  12 0.00  0.0    0  9.5 21 160   M    M   0        30 160
11  89  67  78  11   0  13    T  0.0    0 13.9 24 180   M    M   1        34 160
12  79  56  68   1   0   3 0.31  0.0    0 12.0 26 290   M    M   2 3      36 310
13  83  52  68   2   0   3 0.00  0.0    0 10.1 17 240   M    M   0        24 210
14  88  65  77  11   0  12 0.00  0.0    0 12.2 21 220   M    M   3        30 220
15  89  59  74   8   0   9 0.00  0.0    0  5.4 13 160   M    M   0        17 170
16  91  71  81  16   0  16 0.00  0.0    0 13.8 22 180   M    M   0        31 160
17  92  72  82  17   0  17 0.00  0.0    0 18.8 31 170   M    M   0        44 170
18  84  66  75  11   0  10    T  0.0    0  8.1 23 180   M    M   3        32 170
================================================================================
SM 1519 1134         0 161  0.54     0.0 181.4          M       35
================================================================================
AV 84.4 63.0                              10.1 FASTST   M    M   2    MAX(MPH)
                                 MISC ---->  # 31 170               # 44  170
================================================================================
NOTES:
# LAST OF SEVERAL OCCURRENCES

COLUMN 17 PEAK WIND IN M.P.H.

PRELIMINARY LOCAL CLIMATOLOGICAL DATA (WS FORM: F-6) , PAGE 2

                                          STATION:  GRAND ISLAND NE
                                          MONTH:    SEPTEMBER
                                          YEAR:     2019
                                          LATITUDE:   40 58 N
                                          LONGITUDE:  98 19 W

[TEMPERATURE DATA]      [PRECIPITATION DATA]       SYMBOLS USED IN COLUMN 16

AVERAGE MONTHLY: 73.7   TOTAL FOR MONTH:   0.54    1 = FOG OR MIST
DPTR FM NORMAL:   5.9   DPTR FM NORMAL:   -0.83    2 = FOG REDUCING VISIBILITY
HIGHEST:    93 ON  5    GRTST 24HR  0.38 ON 31- 1      TO 1/4 MILE OR LESS
LOWEST:     52 ON 13                               3 = THUNDER
                        SNOW, ICE PELLETS, HAIL    4 = ICE PELLETS
                        TOTAL MONTH:   0.0 INCH    5 = HAIL
                        GRTST 24HR     0.0         6 = FREEZING RAIN OR DRIZZLE
                        GRTST DEPTH:   0           7 = DUSTSTORM OR SANDSTORM:
                                                       VSBY 1/2 MILE OR LESS
                                                   8 = SMOKE OR HAZE
[NO. OF DAYS WITH]      [WEATHER - DAYS WITH]      9 = BLOWING SNOW
                                                   X = TORNADO
MAX 32 OR BELOW:   0    0.01 INCH OR MORE:   3
MAX 90 OR ABOVE:   4    0.10 INCH OR MORE:   2
MIN 32 OR BELOW:   0    0.50 INCH OR MORE:   0
MIN  0 OR BELOW:   0    1.00 INCH OR MORE:   0

[HDD (BASE 65) ]
TOTAL THIS MO.     0    CLEAR  (SCALE 0-3)  14
DPTR FM NORMAL   -38    PTCLDY (SCALE 4-7)   3
TOTAL FM JUL 1     1    CLOUDY (SCALE 8-10)  1
DPTR FM NORMAL   -47

[CDD (BASE 65) ]
TOTAL THIS MO.   161
DPTR FM NORMAL    75    [PRESSURE DATA]
TOTAL FM JAN 1  1082    HIGHEST SLP M ON M
DPTR FM NORMAL    82    LOWEST  SLP 29.76 ON M

[REMARKS]
