000
CDUS43 KGID 222226
CLIGRI


CLIMATE REPORT
NATIONAL WEATHER SERVICE HASTINGS NE
526 PM CDT SUN SEP 22 2019


...................................

...THE GRAND ISLAND NE CLIMATE SUMMARY FOR SEPTEMBER 22 2019...
VALID TODAY AS OF 0500 PM LOCAL TIME.

CLIMATE NORMAL PERIOD 1981 TO 2010
CLIMATE RECORD PERIOD 1895 TO 2019


WEATHER ITEM   OBSERVED TIME   RECORD YEAR NORMAL DEPARTURE LAST
                VALUE   (LST)  VALUE       VALUE  FROM      YEAR
                                                  NORMAL
..................................................................
TEMPERATURE (F)
 TODAY
  MAXIMUM         75    359 PM  98    1937  76     -1       74
  MINIMUM         56    712 AM  25    1995  49      7       42
  AVERAGE         66                        62      4       58

PRECIPITATION (IN)
  TODAY            0.50          2.99 1902   0.07   0.43     0.00
  MONTH TO DATE    1.04                      1.67  -0.63     2.11
  SINCE SEP 1      1.04                      1.67  -0.63     2.11
  SINCE JAN 1     34.62                     22.44  12.18    21.30

SNOWFALL (IN)
  TODAY            0.0                       0.0    0.0      0.0
  MONTH TO DATE    0.0                       0.0    0.0      0.0
  SINCE SEP 1      0.0                       0.0    0.0      0.0
  SINCE JUL 1      0.0                       0.0    0.0      0.0
  SNOW DEPTH       0

DEGREE DAYS
 HEATING
  TODAY            0                         5     -5        7
  MONTH TO DATE    0                        56    -56       17
  SINCE SEP 1      0                        56    -56       17
  SINCE JUL 1      1                        66    -65       21

 COOLING
  TODAY            1                         2     -1        0
  MONTH TO DATE  198                        96    102      164
  SINCE SEP 1    198                        96    102      164
  SINCE JAN 1   1119                      1010    109     1275
..................................................................


WIND (MPH)
  HIGHEST WIND SPEED    24   HIGHEST WIND DIRECTION     N (340)
  HIGHEST GUST SPEED    32   HIGHEST GUST DIRECTION    NW (330)
  AVERAGE WIND SPEED     9.6


SKY COVER
  POSSIBLE SUNSHINE  MM
  AVERAGE SKY COVER 0.5


WEATHER CONDITIONS
 THE FOLLOWING WEATHER WAS RECORDED TODAY.
  THUNDERSTORM
  HEAVY RAIN
  RAIN
  LIGHT RAIN
  FOG


RELATIVE HUMIDITY (PERCENT)
 HIGHEST    86           500 AM
 LOWEST     41           300 PM
 AVERAGE    64

..........................................................


THE GRAND ISLAND NE CLIMATE NORMALS FOR TOMORROW
                         NORMAL    RECORD    YEAR
 MAXIMUM TEMPERATURE (F)   75        95      1904
 MINIMUM TEMPERATURE (F)   49        29      1989


SUNRISE AND SUNSET
SEPTEMBER 22 2019.....SUNRISE   721 AM CDT   SUNSET   731 PM CDT
SEPTEMBER 23 2019.....SUNRISE   722 AM CDT   SUNSET   729 PM CDT


-  INDICATES NEGATIVE NUMBERS.
R  INDICATES RECORD WAS SET OR TIED.
MM INDICATES DATA IS MISSING.
T  INDICATES TRACE AMOUNT.




$$
