000
CXUS53 KGID 011707
CLMGRI


CLIMATE REPORT
NATIONAL WEATHER SERVICE HASTINGS NE
1200 PM CDT SUN SEP 1 2019

...................................

...THE GRAND ISLAND NE CLIMATE SUMMARY FOR THE MONTH OF AUGUST 2019...

CLIMATE NORMAL PERIOD 1981 TO 2010
CLIMATE RECORD PERIOD 1895 TO 2019

WEATHER         OBSERVED          NORMAL  DEPART  LAST YEAR`S
                 VALUE   DATE(S)  VALUE   FROM    VALUE  DATE(S)
                                          NORMAL
................................................................
TEMPERATURE (F)
RECORD
 HIGH             112   08/08/1934
 LOW               38   08/24/1928
HIGHEST            90   08/20        98      -8       94  08/09
LOWEST             52   08/28        51       1       46  08/29
AVG. MAXIMUM     81.3              85.4    -4.1     84.3
AVG. MINIMUM     63.9              62.6     1.3     62.5
MEAN             72.6              74.0    -1.4     73.4
DAYS MAX >= 90      1               8.3    -7.3        6
DAYS MAX <= 32      0               0.0     0.0        0
DAYS MIN <= 32      0               0.0     0.0        0
DAYS MIN <= 0       0               0.0     0.0        0

PRECIPITATION (INCHES)
RECORD
 MAXIMUM         8.73   1977
 MINIMUM         0.33   1919
TOTALS          11.94R             3.12    8.82     2.67
DAILY AVG.       0.39              0.10    0.29     0.09
DAYS >= .01        15               8.2     6.8       11
DAYS >= .10        13               5.6     7.4        6
DAYS >= .50         9               2.0     7.0        1
DAYS >= 1.00        5               0.9     4.1        1
GREATEST
 24 HR. TOTAL    2.34   08/22 TO 08/23

SNOWFALL (INCHES)
RECORDS
 TOTAL            0.0   MM
TOTALS            0.0               0.0     0.0      0.0
SINCE 7/1         0.0               0.0     0.0      0.0
SNOWDEPTH AVG.      0                MM      MM        0
DAYS >= 1.0         0               0.0     0.0        0
GREATEST
 SNOW DEPTH         0   MM                             0  MM

DEGREE_DAYS
HEATING TOTAL       1                 8      -7        4
 SINCE 7/1          1                10      -9        4
COOLING TOTAL     242               287     -45      272
 SINCE 1/1        921               914       7     1111
.................................................................

WIND (MPH)
AVERAGE WIND SPEED              7.9
HIGHEST WIND SPEED/DIRECTION    55/330    DATE  08/07
HIGHEST GUST SPEED/DIRECTION    87/330    DATE  08/07

SKY COVER
POSSIBLE SUNSHINE (PERCENT)   MM
NUMBER OF DAYS FAIR           16
NUMBER OF DAYS PC              9
NUMBER OF DAYS CLOUDY          6

AVERAGE RH (PERCENT)     78

WEATHER CONDITIONS. NUMBER OF DAYS WITH
THUNDERSTORM             13     MIXED PRECIP               0
HEAVY RAIN               11     RAIN                      11
LIGHT RAIN               18     FREEZING RAIN              0
LT FREEZING RAIN          0     HAIL                       0
HEAVY SNOW                0     SNOW                       0
LIGHT SNOW                0     SLEET                      0
FOG                      16     FOG W/VIS <= 1/4 MILE      5
HAZE                      2

-  INDICATES NEGATIVE NUMBERS.
R  INDICATES RECORD WAS SET OR TIED.
MM INDICATES DATA IS MISSING.
T  INDICATES TRACE AMOUNT.

$$
