000
CXUS53 KGID 031700 CCA
CLMHSI

CLIMATE REPORT...CORRECTED
NATIONAL WEATHER SERVICE HASTINGS NE
1200 PM CDT SUN SEP 1 2019

...CORRECTED WEATHER CONDITIONS...

...................................

...THE HASTINGS NE CLIMATE SUMMARY FOR THE MONTH OF AUGUST 2019...

CLIMATE NORMAL PERIOD 1981 TO 2010
CLIMATE RECORD PERIOD 1894 TO 2019

WEATHER         OBSERVED          NORMAL  DEPART  LAST YEAR`S
                 VALUE   DATE(S)  VALUE   FROM    VALUE  DATE(S)
                                          NORMAL
................................................................
TEMPERATURE (F)
RECORD
 HIGH             111   08/23/1943
                        08/08/1934
 LOW               40   08/20/1950
                        08/30/1911
HIGHEST            91   08/20       101     -10       94  08/03
                        08/10
LOWEST             53   08/28        51       2       48  08/29
AVG. MAXIMUM     82.4              85.2    -2.8     83.3
AVG. MINIMUM     64.6              63.4     1.2     63.1
MEAN             73.5              74.3    -0.8     73.2
DAYS MAX >= 90      2               8.0    -6.0        5
DAYS MAX <= 32      0               0.0     0.0        0
DAYS MIN <= 32      0               0.0     0.0        0
DAYS MIN <= 0       0               0.0     0.0        0

PRECIPITATION (INCHES)
RECORD
 MAXIMUM         9.86   1903
 MINIMUM         0.37   1919
TOTALS           7.57              3.30    4.27     4.40
DAILY AVG.       0.24              0.11    0.13     0.14
DAYS >= .01        16                MM      MM       10
DAYS >= .10        10                MM      MM        5
DAYS >= .50         5                MM      MM        3
DAYS >= 1.00        4                MM      MM        2
GREATEST
 24 HR. TOTAL    2.14   08/22 TO 08/23

SNOWFALL (INCHES)
RECORDS
 TOTAL            0.0   MM
TOTALS            0.0               0.0     0.0      0.0
SINCE 7/1         0.0               0.0     0.0      0.0
SNOWDEPTH AVG.      0                MM      MM        0
DAYS >= 1.0         0                MM      MM        0
GREATEST
 SNOW DEPTH         0   MM                             0  MM

DEGREE_DAYS
HEATING TOTAL       2                 5      -3        4
 SINCE 7/1          2                 6      -4        4
COOLING TOTAL     273               293     -20      266
 SINCE 1/1        936               953     -17     1084
.................................................................

WIND (MPH)
AVERAGE WIND SPEED              7.7
HIGHEST WIND SPEED/DIRECTION    58/340    DATE  08/23
HIGHEST GUST SPEED/DIRECTION    76/350    DATE  08/23

SKY COVER
POSSIBLE SUNSHINE (PERCENT)   MM
AVERAGE SKY COVER           0.40
NUMBER OF DAYS FAIR           17
NUMBER OF DAYS PC              9
NUMBER OF DAYS CLOUDY          5

AVERAGE RH (PERCENT)     78

WEATHER CONDITIONS. NUMBER OF DAYS WITH
THUNDERSTORM             13     MIXED PRECIP               0
HEAVY RAIN                9     RAIN                       8
LIGHT RAIN               18     FREEZING RAIN              0
LT FREEZING RAIN          0     HAIL                       0
HEAVY SNOW                0     SNOW                       0
LIGHT SNOW                0     SLEET                      0
FOG                      17     FOG W/VIS <= 1/4 MILE      4
HAZE                      0

-  INDICATES NEGATIVE NUMBERS.
R  INDICATES RECORD WAS SET OR TIED.
MM INDICATES DATA IS MISSING.
T  INDICATES TRACE AMOUNT.

$$
REED
