000
CXUS53 KGID 011707
CLMODX


CLIMATE REPORT
NATIONAL WEATHER SERVICE HASTINGS NE
1200 PM CDT SUN SEP 1 2019

...................................

...THE ORD NE CLIMATE SUMMARY FOR THE MONTH OF AUGUST 2019...

CLIMATE NORMAL PERIOD 1981 TO 2010
CLIMATE RECORD PERIOD 1895 TO 2019

WEATHER         OBSERVED          NORMAL  DEPART  LAST YEAR`S
                 VALUE   DATE(S)  VALUE   FROM    VALUE
                                          NORMAL
.............................................................
TEMPERATURE (F)
HIGHEST            90   08/20        MM      MM       91
LOWEST             45   08/28        MM      MM       46
AVG. MAXIMUM     80.2              85.6    -5.4     82.2
AVG. MINIMUM     61.7              60.4     1.3     59.1
MEAN             70.9              73.0    -2.1     70.6
DAYS MAX >= 90      1               8.2    -7.2        3
DAYS MAX <= 32      0
DAYS MIN <= 32      0               0.0     0.0        0
DAYS MIN <= 0       0

PRECIPITATION (INCHES)
TOTALS           9.81R             3.16    6.65     2.57
DAILY AVG.       0.32              0.10    0.22     0.08
DAYS >= .01        16                MM      MM       11
DAYS >= .10         8                MM      MM        6
DAYS >= .50         6                MM      MM        1
DAYS >= 1.00        5                MM      MM        1
GREATEST
 24 HR. TOTAL    2.22   08/07 TO 08/07

DEGREE_DAYS
HEATING TOTAL      10
 SINCE 7/1         10
COOLING TOTAL     201
 SINCE 1/1        679
..............................................................

WIND (MPH)
AVERAGE WIND SPEED              6.8
HIGHEST WIND SPEED/DIRECTION    41/040    DATE  08/07
HIGHEST GUST SPEED/DIRECTION    59/040    DATE  08/07

SKY COVER
POSSIBLE SUNSHINE (PERCENT)   MM
NUMBER OF DAYS FAIR           13
NUMBER OF DAYS PC             12
NUMBER OF DAYS CLOUDY          6

AVERAGE RH (PERCENT)     80

WEATHER CONDITIONS. NUMBER OF DAYS WITH
THUNDERSTORM             11     MIXED PRECIP               0
HEAVY RAIN                7     RAIN                       9
LIGHT RAIN               19     FREEZING RAIN              0
LT FREEZING RAIN          0     HAIL                       0
HEAVY SNOW                0     SNOW                       0
LIGHT SNOW                0     SLEET                      0
FOG                      17     FOG W/VIS <= 1/4 MILE      5
HAZE                      0

-  INDICATES NEGATIVE NUMBERS.
R  INDICATES RECORD WAS SET OR TIED.
MM INDICATES DATA IS MISSING.
T  INDICATES TRACE AMOUNT.

$$
