000
CXUS54 KHGX 011510
CF611R
PRELIMINARY LOCAL CLIMATOLOGICAL DATA (WS FORM: F-6)
STATION: BRENHAM
MONTH: FEBRUARY
YEAR: 2021
LATITUDE: 30 13 N
LONGITUDE: 96 22 W
TEMPERATURE IN F: :PCPN: SNOW: WIND :SUNSHINE: SKY :PK WND
================================================================================
1 2 3 4 5 6A 6B 7 8 9 10 11 12 13 14 15 16 17 18
12Z AVG MX 2MIN
DY MAX MIN AVG DEP HDD CDD WTR SNW DPTH SPD SPD DIR MIN PSBL S-S WX SPD DR
================================================================================
1 64 38 51 M 14 0 0.00 0.0 0 7.1 13 350 M M 0 20 360
2 68 38 53 M 12 0 0.00 0.0 0 3.0 9 190 M M 0 M M
3 75 44 60 M 5 0 0.00 0.0 0 7.3 16 170 M M 3 1 24 170
4 82 53 68 M 0 3 0.00 0.0 0 11.1 23 340 M M 6 28 210
5 55 45 50 M 15 0 0.28 0.0 0 4.7 10 330 M M 7 16 30
6 72 49 61 M 4 0 0.00 0.0 0 4.3 18 330 M M 6 30 0
7 68 34 51 M 14 0 0.00 0.0 0 4.6 12 180 M M 0 1 M M
8 74 50 62 M 3 0 0.00 M 0 6.8 14 170 M M 6 20 170
9 64 49 57 M 8 0 0.00 0.0 0 4.9 12 340 M M 10 12 16 0
10 51 39 45 M 20 0 0.03 0.0 0 9.6 14 360 M M 10 1 20 350
11 39 33 36 M 29 0 0.20 0.0 0 14.9 20 360 M M 10 1 27 350
12 34 31 33 M 32 0 0.00 0.0 0 14.9 21 350 M M 10 1 27 360
13 34 29 32 M 33 0 0.00 0.0 0 13.5 21 360 M M 10 1 27 360
14 32 19 26 M 39 0 0.08 0.0 0 11.1 18 340 M M 10 1 25 350
15 20 12 16 M 49 0 0.02 M M 15.0 20 340 M M 1 25 340
16 M M M M M M M M M 3.5 6 360 M M 0 M M
17 34 28 31 M 34 0 0.10 0.0 0 8.3 15 360 M M 3 1 20 10
18 33 27 30 M 35 0 M M M 14.2 20 350 M M 8 1 25 350
19 43 22 33 M 32 0 M M M 4.9 10 330 M M 0 M M
20 62 25 44 M 21 0 M M M 5.4 15 190 M M 0 1 18 160
21 73 46 60 M 5 0 M M M 6.9 17 180 M M 7 24 180
22 73 40 57 M 8 0 0.00 0.0 0 1.9 13 360 M M 1 21 320
23 79 42 61 M 4 0 0.00 0.0 0 7.5 16 200 M M 0 23 190
24 81 58 70 M 0 5 0.00 0.0 0 5.6 17 210 M M 7 1 21 210
25 68 57 63 M 2 0 0.14 0.0 0 3.4 17 160 M M 10 1 21 160
26 72 51 62 M 3 0 0.03 0.0 0 3.6 10 340 M M 10 1 M M
27 80 62 71 M 0 6 0.01 0.0 0 7.7 17 170 M M 10 1 25 160
28 83 63 73 M 0 8 0.02 0.0 0 9.3 16 190 M M 10 22 180
================================================================================
SM 1613 1084 421 22 0.91 0.0 215.0 M 155
================================================================================
AV 59.7 40.1 7.7 FASTST M M 6 MAX(MPH)
MISC ----> 23 340 30 0
================================================================================
NOTES:
# LAST OF SEVERAL OCCURRENCES
COLUMN 17 PEAK WIND IN M.P.H.
PRELIMINARY LOCAL CLIMATOLOGICAL DATA (WS FORM: F-6) , PAGE 2
STATION: BRENHAM
MONTH: FEBRUARY
YEAR: 2021
LATITUDE: 30 13 N
LONGITUDE: 96 22 W
[TEMPERATURE DATA] [PRECIPITATION DATA] SYMBOLS USED IN COLUMN 16
AVERAGE MONTHLY: 49.9 TOTAL FOR MONTH: 0.91 1 = FOG OR MIST
DPTR FM NORMAL: -2.5 DPTR FM NORMAL: -2.11 2 = FOG REDUCING VISIBILITY
HIGHEST: 83 ON 28 GRTST 24HR 0.28 ON 5- 5 TO 1/4 MILE OR LESS
LOWEST: 12 ON 15 3 = THUNDER
SNOW, ICE PELLETS, HAIL 4 = ICE PELLETS
TOTAL MONTH: 0.0 INCH 5 = HAIL
GRTST 24HR 0.0 6 = FREEZING RAIN OR DRIZZLE
GRTST DEPTH: 0 7 = DUSTSTORM OR SANDSTORM:
VSBY 1/2 MILE OR LESS
8 = SMOKE OR HAZE
[NO. OF DAYS WITH] [WEATHER - DAYS WITH] 9 = BLOWING SNOW
X = TORNADO
MAX 32 OR BELOW: 2 0.01 INCH OR MORE: 10
MAX 90 OR ABOVE: 0 0.10 INCH OR MORE: 4
MIN 32 OR BELOW: 8 0.50 INCH OR MORE: 0
MIN 0 OR BELOW: 0 1.00 INCH OR MORE: 0
[HDD (BASE 65) ]
TOTAL THIS MO. 421 CLEAR (SCALE 0-3) 11
DPTR FM NORMAL M PTCLDY (SCALE 4-7) 6
TOTAL FM JUL 1 1265 CLOUDY (SCALE 8-10) 11
DPTR FM NORMAL M
[CDD (BASE 65) ]
TOTAL THIS MO. 22
DPTR FM NORMAL M [PRESSURE DATA]
TOTAL FM JAN 1 27 HIGHEST SLP M ON M
DPTR FM NORMAL M LOWEST SLP M ON M
[REMARKS]
#FINAL-02-21#