000
CXUS51 KBTV 010700
CF61V4
PRELIMINARY LOCAL CLIMATOLOGICAL DATA (WS FORM: F-6)
STATION: SAINT JOHNSBURY VT ASOS
MONTH: AUGUST
YEAR: 2021
LATITUDE: 44 25 N
LONGITUDE: 72 1 W
TEMPERATURE IN F: :PCPN: SNOW: WIND :SUNSHINE: SKY :PK WND
================================================================================
1 2 3 4 5 6A 6B 7 8 9 10 11 12 13 14 15 16 17 18
12Z AVG MX 2MIN
DY MAX MIN AVG DEP HDD CDD WTR SNW DPTH SPD SPD DIR MIN PSBL S-S WX SPD DR
================================================================================
1 68 52 60 -8 5 0 0.64 M M M M M M M 0 M M
2 74 52 63 -5 2 0 0.31 M M M M M M M 0 M M
3 78 48 63 -5 2 0 0.00 M M M M M M M 0 M M
4 79 53 66 -2 0 1 0.00 M M M M M M M 0 M M
5 77 59 68 0 0 3 0.00 M M M M M M M 0 M M
6 84 57 71 3 0 6 0.00 M M M M M M M 0 M M
7 86 57 72 4 0 7 0.23 M M M M M M M 0 M M
8 85 65 75 7 0 10 0.00 M M M M M M M 0 M M
9 84 66 75 7 0 10 0.00 M M M M M M M 0 M M
10 84 62 73 5 0 8 0.00 M M M M M M M 0 M M
11 87 71 79 12 0 14 0.39 M M M M M M M 0 M M
12 90 68 79 12 0 14 0.00 M M M M M M M 0 M M
13 91 66 79 12 0 14 0.00 M M M M M M M 0 M M
14 79 57 68 1 0 3 0.51 M M M M M M M 0 M M
15 74 52 63 -4 2 0 0.00 M M M M M M M 0 M M
16 77 47 62 -5 3 0 0.00 M M M M M M M 0 M M
17 78 51 65 -2 0 0 0.00 M M M M M M M 0 M M
18 78 69 74 8 0 9 0.02 M M M M M M M 0 M M
19 74 68 71 5 0 6 0.38 M M M M M M M 0 M M
20 87 68 78 12 0 13 0.01 M M M M M M M 0 M M
21 89 66 78 12 0 13 0.02 M M M M M M M 0 M M
22 84 66 75 9 0 10 0.00 M M M M M M M 0 M M
23 85 65 75 9 0 10 0.00 M M M M M M M 0 M M
24 87 65 76 11 0 11 0.00 M M M M M M M 0 M M
25 88 61 75 10 0 10 0.00 M M M M M M M 0 M M
26 91 67 79 14 0 14 0.00 M M M M M M M 0 M M
27 80 61 71 6 0 6 0.00 M M M M M M M 0 M M
28 66 58 62 -3 3 0 0.06 M M M M M M M 0 M M
29 67 57 62 -2 3 0 0.03 M M M M M M M 0 M M
30 81 61 71 7 0 6 0.24 M M M M M M M 0 M M
31 80 57 69 5 0 4 0.00 M M M M M M M 0 M M
================================================================================
SM 2512 1872 20 202 2.84 M M M 0
================================================================================
AV 81.0 60.4 M FASTST M M 0 MAX(MPH)
MISC ----> M M M M
================================================================================
NOTES:
# LAST OF SEVERAL OCCURRENCES
COLUMN 17 PEAK WIND IN M.P.H.
PRELIMINARY LOCAL CLIMATOLOGICAL DATA (WS FORM: F-6) , PAGE 2
STATION: SAINT JOHNSBURY VT ASOS
MONTH: AUGUST
YEAR: 2021
LATITUDE: 44 25 N
LONGITUDE: 72 1 W
[TEMPERATURE DATA] [PRECIPITATION DATA] SYMBOLS USED IN COLUMN 16
AVERAGE MONTHLY: 70.7 TOTAL FOR MONTH: 2.84 1 = FOG OR MIST
DPTR FM NORMAL: 4.1 DPTR FM NORMAL: -0.99 2 = FOG REDUCING VISIBILITY
HIGHEST: 91 ON 26,13 GRTST 24HR 0.64 ON 1- 1 TO 1/4 MILE OR LESS
LOWEST: 47 ON 16 3 = THUNDER
SNOW, ICE PELLETS, HAIL 4 = ICE PELLETS
TOTAL MONTH: M 5 = HAIL
GRTST 24HR M ON M 6 = FREEZING RAIN OR DRIZZLE
GRTST DEPTH: M ON M 7 = DUSTSTORM OR SANDSTORM:
VSBY 1/2 MILE OR LESS
8 = SMOKE OR HAZE
[NO. OF DAYS WITH] [WEATHER - DAYS WITH] 9 = BLOWING SNOW
X = TORNADO
MAX 32 OR BELOW: 0 0.01 INCH OR MORE: 12
MAX 90 OR ABOVE: 3 0.10 INCH OR MORE: 7
MIN 32 OR BELOW: 0 0.50 INCH OR MORE: 2
MIN 0 OR BELOW: 0 1.00 INCH OR MORE: 0
[HDD (BASE 65) ]
TOTAL THIS MO. 20 CLEAR (SCALE 0-3) 31
DPTR FM NORMAL -26 PTCLDY (SCALE 4-7) 0
TOTAL FM JUL 1 54 CLOUDY (SCALE 8-10) 0
DPTR FM NORMAL -15
[CDD (BASE 65) ]
TOTAL THIS MO. 202
DPTR FM NORMAL 108 [PRESSURE DATA]
TOTAL FM JAN 1 451 HIGHEST SLP M ON M
DPTR FM NORMAL 150 LOWEST SLP M ON M
[REMARKS]
#FINAL-08-21#