000
CXUS55 KBOU 010813
CF620V
PRELIMINARY LOCAL CLIMATOLOGICAL DATA (WS FORM: F-6)
STATION: Kremmling
MONTH: APRIL
YEAR: 2020
LATITUDE: 40 3 N
LONGITUDE: 106 22 W
TEMPERATURE IN F: :PCPN: SNOW: WIND :SUNSHINE: SKY :PK WND
================================================================================
1 2 3 4 5 6A 6B 7 8 9 10 11 12 13 14 15 16 17 18
12Z AVG MX 2MIN
DY MAX MIN AVG DEP HDD CDD WTR SNW DPTH SPD SPD DIR MIN PSBL S-S WX SPD DR
================================================================================
1 59 27 43 M 22 0 M M M 6.6 18 240 M M 4 44 270
2 50 23 37 M 28 0 M M M 10.2 28 250 M M 7 40 250
3 43 18 31 M 34 0 M M M 4.7 18 260 M M 7 24 260
4 54 21 38 M 27 0 M M M 5.9 25 240 M M 5 33 240
5 55 25 40 M 25 0 M M M 6.4 22 220 M M 5 32 220
6 61 21 41 M 24 0 M M M 8.1 20 220 M M 0 32 230
7 61 19 40 M 25 0 M M M 8.4 22 240 M M 0 33 240
8 59 19 39 M 26 0 M M M 4.0 17 260 M M 1 23 260
9 68 21 45 M 20 0 M M M 4.8 15 210 M M 3 21 200
10 59 30 45 M 20 0 M M M 6.1 15 280 M M 5 3 21 280
11 59 19 39 M 26 0 M M M 7.6 22 240 M M 4 27 240
12 37 27 32 M 33 0 M M M 8.0 20 280 M M 9 30 310
13 32 16 24 M 41 0 M M M 7.4 20 320 M M 7 28 320
14 36 9 23 M 42 0 M M M 9.3 22 260 M M 6 30 280
15 46 25 36 M 29 0 M M M 8.8 22 260 M M 10 31 260
16 34 19 27 M 38 0 M M M 5.6 17 350 M M 10 24 340
17 43 7 25 M 40 0 M M M 3.3 10 110 M M 2 M M
18 46 21 34 M 31 0 M M M 4.0 13 340 M M 8 24 340
19 54 34 44 M 21 0 M M M 4.3 16 340 M M 7 27 300
20 54 30 42 M 23 0 M M M 2.2 8 20 M M 7 M M
21 61 27 44 M 21 0 M M M 2.7 9 310 M M 5 16 270
22 59 30 45 M 20 0 M M M 5.8 17 340 M M 4 22 340
23 54 36 45 M 20 0 M M M 8.3 23 270 M M 8 3 32 270
24 50 34 42 M 23 0 M M M 7.2 23 250 M M 10 27 250
25 57 32 45 M 20 0 M M M 4.4 13 280 M M 6 23 270
26 55 30 43 M 22 0 M M M 5.8 17 350 M M 5 28 350
27 68 30 49 M 16 0 M M M 3.4 13 250 M M 7 12 23 340
28 61 34 48 M 17 0 M M M 8.7 24 250 M M 3 30 250
29 73 25 49 M 16 0 M M M 2.9 10 340 M M 0 M M
30 75 32 54 M 11 0 0.00 0.0 0 6.3 31 250 M M 2 35 250
================================================================================
SM 1623 741 761 0 0.00 0.0 181.2 M 157
================================================================================
AV 54.1 24.7 6.0 FASTST M M 5 MAX(MPH)
MISC ----> # 31 250 # 44 270
================================================================================
NOTES:
# LAST OF SEVERAL OCCURRENCES
COLUMN 17 PEAK WIND IN M.P.H.
PRELIMINARY LOCAL CLIMATOLOGICAL DATA (WS FORM: F-6) , PAGE 2
STATION: Kremmling
MONTH: APRIL
YEAR: 2020
LATITUDE: 40 3 N
LONGITUDE: 106 22 W
[TEMPERATURE DATA] [PRECIPITATION DATA] SYMBOLS USED IN COLUMN 16
AVERAGE MONTHLY: 39.4 TOTAL FOR MONTH: 0.00 1 = FOG OR MIST
DPTR FM NORMAL: M DPTR FM NORMAL: M 2 = FOG REDUCING VISIBILITY
HIGHEST: 75 ON 30 GRTST 24HR 0.00 ON 30-30 TO 1/4 MILE OR LESS
LOWEST: 7 ON 17 3 = THUNDER
SNOW, ICE PELLETS, HAIL 4 = ICE PELLETS
TOTAL MONTH: 0.0 INCH 5 = HAIL
GRTST 24HR 0.0 6 = FREEZING RAIN OR DRIZZLE
GRTST DEPTH: 0 7 = DUSTSTORM OR SANDSTORM:
VSBY 1/2 MILE OR LESS
8 = SMOKE OR HAZE
[NO. OF DAYS WITH] [WEATHER - DAYS WITH] 9 = BLOWING SNOW
X = TORNADO
MAX 32 OR BELOW: 1 0.01 INCH OR MORE: 0
MAX 90 OR ABOVE: 0 0.10 INCH OR MORE: 0
MIN 32 OR BELOW: 26 0.50 INCH OR MORE: 0
MIN 0 OR BELOW: 0 1.00 INCH OR MORE: 0
[HDD (BASE 65) ]
TOTAL THIS MO. 761 CLEAR (SCALE 0-3) 8
DPTR FM NORMAL M PTCLDY (SCALE 4-7) 18
TOTAL FM JUL 1 8618 CLOUDY (SCALE 8-10) 4
DPTR FM NORMAL M
[CDD (BASE 65) ]
TOTAL THIS MO. 0
DPTR FM NORMAL M [PRESSURE DATA]
TOTAL FM JAN 1 0 HIGHEST SLP M ON M
DPTR FM NORMAL M LOWEST SLP M ON M
[REMARKS]
#FINAL-04-20#