000
CXUS55 KBOU 051318 CCA
CF633V
PRELIMINARY LOCAL CLIMATOLOGICAL DATA (WS FORM: F-6)
STATION: WALDEN
MONTH: SEPTEMBER
YEAR: 2021
LATITUDE: 40 45 N
LONGITUDE: 106 16 W
TEMPERATURE IN F: :PCPN: SNOW: WIND :SUNSHINE: SKY :PK WND
================================================================================
1 2 3 4 5 6A 6B 7 8 9 10 11 12 13 14 15 16 17 18
12Z AVG MX 2MIN
DY MAX MIN AVG DEP HDD CDD WTR SNW DPTH SPD SPD DIR MIN PSBL S-S WX SPD DR
================================================================================
1 67 47 57 M 8 0 M M M 4.4 15 350 M M 7 18 350
2 61 38 50 M 15 0 M M M 3.2 12 70 M M 7 22 290
3 70 37 54 M 11 0 M M M 5.9 21 310 M M 4 54 280
4 74 32 53 M 12 0 M M M 6.5 16 260 M M 1 21 260
5 75 27 51 M 14 0 M M M 5.6 10 260 M M 0 17 260
6 77 32 55 M 10 0 M M M 6.8 15 270 M M 0 22 290
7 85 34 60 M 5 0 M M M 6.4 14 330 M M 0 18 330
8 80 32 56 M 9 0 M M M 5.7 13 260 M M 0 17 240
9 81 30 56 M 9 0 M M M 4.9 10 310 M M 0 17 310
10 82 32 57 M 8 0 M M M 6.8 21 340 M M 0 24 340
11 79 37 58 M 7 0 M M M 9.4 20 350 M M 2 28 260
12 75 41 58 M 7 0 M M M 8.4 16 190 M M 4 21 220
13 68 42 55 M 10 0 M M M 6.7 22 310 M M 5 33 280
14 74 37 56 M 9 0 M M M 7.1 16 280 M M 2 24 240
15 75 32 54 M 11 0 M M M 7.0 17 260 M M 0 21 260
16 75 32 54 M 11 0 M M M 9.7 21 240 M M 1 30 240
17 76 30 53 M 12 0 M M M 7.3 17 250 M M 1 25 250
18 77 28 53 M 12 0 M M M 10.0 22 250 M M 3 33 250
19 70 34 52 M 13 0 M M M 15.4 26 330 M M 6 36 340
20 49 30 40 M 25 0 M M M 7.2 23 330 M M 7 21 260
21 57 22 40 M 25 0 M M M 4.6 10 110 M M 0 M M
22 70 22 46 M 19 0 M M M 6.7 15 260 M M 0 18 260
23 70 30 50 M 15 0 M M M 3.9 9 120 M M 2 M M
24 70 30 50 M 15 0 M M M 5.7 12 310 M M 0 26 310
25 73 27 50 M 15 0 M M M 7.9 16 250 M M 0 23 250
26 75 32 54 M 11 0 M M M 5.1 9 330 M M 0 24 0
27 75 30 53 M 12 0 M M M 5.0 10 160 M M 2 18 150
28 70 37 54 M 11 0 M M M 5.9 16 140 M M 6 22 280
29 49 38 44 M 21 0 M M M 4.8 14 320 M M 9 18 320
30 54 34 44 M 21 0 M M M 6.2 15 50 M M 5 18 330
================================================================================
SM 2133 986 383 0 0.00 M 200.0 M 74
================================================================================
AV 71.1 32.9 6.7 FASTST M M 2 MAX(MPH)
MISC ----> 26 330 54 280
================================================================================
NOTES:
# LAST OF SEVERAL OCCURRENCES
COLUMN 17 PEAK WIND IN M.P.H.
PRELIMINARY LOCAL CLIMATOLOGICAL DATA (WS FORM: F-6) , PAGE 2
STATION: WALDEN
MONTH: SEPTEMBER
YEAR: 2021
LATITUDE: 40 45 N
LONGITUDE: 106 16 W
[TEMPERATURE DATA] [PRECIPITATION DATA] SYMBOLS USED IN COLUMN 16
AVERAGE MONTHLY: 52.0 TOTAL FOR MONTH: M 1 = FOG OR MIST
DPTR FM NORMAL: M DPTR FM NORMAL: M 2 = FOG REDUCING VISIBILITY
HIGHEST: 85 ON 7 GRTST 24HR M TO 1/4 MILE OR LESS
LOWEST: 22 ON 22,21 3 = THUNDER
SNOW, ICE PELLETS, HAIL 4 = ICE PELLETS
TOTAL MONTH: M 5 = HAIL
GRTST 24HR M ON M 6 = FREEZING RAIN OR DRIZZLE
GRTST DEPTH: M ON M 7 = DUSTSTORM OR SANDSTORM:
VSBY 1/2 MILE OR LESS
8 = SMOKE OR HAZE
[NO. OF DAYS WITH] [WEATHER - DAYS WITH] 9 = BLOWING SNOW
X = TORNADO
MAX 32 OR BELOW: 0 0.01 INCH OR MORE: 0
MAX 90 OR ABOVE: 0 0.10 INCH OR MORE: 0
MIN 32 OR BELOW: 18 0.50 INCH OR MORE: 0
MIN 0 OR BELOW: 0 1.00 INCH OR MORE: 0
[HDD (BASE 65) ]
TOTAL THIS MO. 383 CLEAR (SCALE 0-3) 19
DPTR FM NORMAL M PTCLDY (SCALE 4-7) 10
TOTAL FM JUL 1 685 CLOUDY (SCALE 8-10) 1
DPTR FM NORMAL M
[CDD (BASE 65) ]
TOTAL THIS MO. 0
DPTR FM NORMAL M [PRESSURE DATA]
TOTAL FM JAN 1 13 HIGHEST SLP M ON M
DPTR FM NORMAL M LOWEST SLP M ON M
[REMARKS]
#FINAL-09-21#