000
CXUS54 KMAF 011636
CF66R6
PRELIMINARY LOCAL CLIMATOLOGICAL DATA (WS FORM: F-6)
STATION: TERRELL COUNTY AIRPORT
MONTH: JULY
YEAR: 2023
LATITUDE: 30 2 N
LONGITUDE: 102 13 W
TEMPERATURE IN F: :PCPN: SNOW: WIND :SUNSHINE: SKY :PK WND
================================================================================
1 2 3 4 5 6A 6B 7 8 9 10 11 12 13 14 15 16 17 18
12Z AVG MX 2MIN
DY MAX MIN AVG DEP HDD CDD WTR SNW DPTH SPD SPD DIR MIN PSBL S-S WX SPD DR
================================================================================
1 91 69 80 -4 0 15 0.07 M M 10.4 30 130 M M 0 3 47 130
2 92 68 80 -4 0 15 0.00 M M 7.5 17 130 M M 0 25 100
3 94 70 82 -2 0 17 0.00 M M 9.0 21 130 M M 0 29 40
4 96 69 83 -1 0 18 0.00 M M 9.2 23 90 M M 0 32 140
5 98 71 85 1 0 20 0.00 M M 9.9 23 110 M M 0 33 110
6 96 74 85 1 0 20 0.00 M M 10.6 22 130 M M 0 30 130
7 95 73 84 0 0 19 0.00 M M 10.6 20 110 M M 0 28 120
8 96 72 84 0 0 19 0.00 M M 11.6 20 110 M M 0 34 80
9 102 73 88 4 0 23 0.00 M M 8.3 17 70 M M 0 24 140
10 103 76 90 6 0 25 0.00 M M 10.0 20 100 M M 0 39 110
11 107 75 91 7 0 26 0.00 M M 9.1 18 120 M M 0 29 70
12 107 76 92 8 0 27 0.00 M M 8.5 17 110 M M 0 27 100
13 107 76 92 8 0 27 0.00 M M 9.1 20 110 M M 0 32 100
14 105 77 91 7 0 26 0.00 M M 10.6 22 120 M M 0 32 140
15 102 78 90 6 0 25 0.00 M M 11.8 24 120 M M 0 31 120
16 102 73 88 4 0 23 0.00 M M 9.0 20 100 M M 0 26 100
17 105 72 89 4 0 24 0.00 M M 9.8 22 110 M M 0 33 130
18 105 72 89 4 0 24 0.00 M M 9.0 20 120 M M 0 27 120
19 105 73 89 4 0 24 0.00 M M 10.3 22 110 M M 0 31 90
20 102 76 89 4 0 24 0.00 M M 12.9 23 110 M M 0 33 120
21 102 77 90 5 0 25 0.00 M M 10.8 22 90 M M 0 30 100
22 102 75 89 4 0 24 0.00 M M 7.9 18 110 M M 0 26 90
23 105 77 91 6 0 26 0.05 M M 7.6 32 90 M M 0 51 70
24 102 72 87 2 0 22 0.00 M M 7.2 20 110 M M 0 29 120
25 100 72 86 1 0 21 0.00 M M 10.4 22 120 M M 0 34 120
26 101 72 87 2 0 22 0.00 M M 10.7 21 90 M M 0 30 110
27 99 72 86 1 0 21 0.00 M M 11.0 23 90 M M 0 35 90
28 99 74 87 2 0 22 0.00 M M 10.4 22 100 M M 0 32 120
29 98 70 84 -1 0 19 0.00 M M 9.7 22 120 M M 0 32 100
30 99 72 86 1 0 21 0.00 M M 11.1 23 100 M M 0 33 110
31 102 75 89 4 0 24 0.00 M M 9.7 20 120 M M 0 27 110
================================================================================
SM 3119 2271 0 688 0.12 M 303.7 M 0
================================================================================
AV100.6 73.3 9.8 FASTST M M 0 MAX(MPH)
MISC ----> 32 90 51 70
================================================================================
NOTES:
# LAST OF SEVERAL OCCURRENCES
COLUMN 17 PEAK WIND IN M.P.H.
PRELIMINARY LOCAL CLIMATOLOGICAL DATA (WS FORM: F-6) , PAGE 2
STATION: TERRELL COUNTY AIRPORT
MONTH: JULY
YEAR: 2023
LATITUDE: 30 2 N
LONGITUDE: 102 13 W
[TEMPERATURE DATA] [PRECIPITATION DATA] SYMBOLS USED IN COLUMN 16
AVERAGE MONTHLY: 86.9 TOTAL FOR MONTH: 0.12 1 = FOG OR MIST
DPTR FM NORMAL: 2.4 DPTR FM NORMAL: -0.88 2 = FOG REDUCING VISIBILITY
HIGHEST: 107 ON 13,12 GRTST 24HR 0.07 ON 1- 1 TO 1/4 MILE OR LESS
LOWEST: 68 ON 2 3 = THUNDER
SNOW, ICE PELLETS, HAIL 4 = ICE PELLETS
TOTAL MONTH: M 5 = HAIL
GRTST 24HR M ON M 6 = FREEZING RAIN OR DRIZZLE
GRTST DEPTH: M ON M 7 = DUSTSTORM OR SANDSTORM:
VSBY 1/2 MILE OR LESS
8 = SMOKE OR HAZE
[NO. OF DAYS WITH] [WEATHER - DAYS WITH] 9 = BLOWING SNOW
X = TORNADO
MAX 32 OR BELOW: 0 0.01 INCH OR MORE: 2
MAX 90 OR ABOVE: 31 0.10 INCH OR MORE: 0
MIN 32 OR BELOW: 0 0.50 INCH OR MORE: 0
MIN 0 OR BELOW: 0 1.00 INCH OR MORE: 0
[HDD (BASE 65) ]
TOTAL THIS MO. 0 CLEAR (SCALE 0-3) 31
DPTR FM NORMAL 0 PTCLDY (SCALE 4-7) 0
TOTAL FM JUL 1 0 CLOUDY (SCALE 8-10) 0
DPTR FM NORMAL 0
[CDD (BASE 65) ]
TOTAL THIS MO. 688
DPTR FM NORMAL 85 [PRESSURE DATA]
TOTAL FM JAN 1 1910 HIGHEST SLP 30.08 ON 24
DPTR FM NORMAL 146 LOWEST SLP 29.68 ON 14
[REMARKS]
#FINAL-07-23#