000
CXUS53 KABR 011200
CF68D3
PRELIMINARY LOCAL CLIMATOLOGICAL DATA (WS FORM: F-6)
STATION: SISSETON SD
MONTH: DECEMBER
YEAR: 2023
LATITUDE: 45 40 N
LONGITUDE: 96 59 W
TEMPERATURE IN F: :PCPN: SNOW: WIND :SUNSHINE: SKY :PK WND
================================================================================
1 2 3 4 5 6A 6B 7 8 9 10 11 12 13 14 15 16 17 18
12Z AVG MX 2MIN
DY MAX MIN AVG DEP HDD CDD WTR SNW DPTH SPD SPD DIR MIN PSBL S-S WX SPD DR
================================================================================
1 36 10 23 -2 42 0 0.00 0.0 0 3.7 10 200 M M 0 17 190
2 41 19 30 6 35 0 0.00 0.0 0 9.3 20 140 M M 0 25 140
3 36 15 26 2 39 0 0.00 0.0 0 6.8 14 180 M M 0 17 190
4 36 21 29 6 36 0 0.00 0.0 0 5.9 14 320 M M 0 18 320
5 41 18 30 7 35 0 0.00 0.0 0 6.1 16 330 M M 0 23 130
6 60 25 43 21 22 0 0.00 0.0 0 9.7 30 230 M M 0 41 220
7 58 27 43 21 22 0 0.00 0.0 0 10.2 24 270 M M 0 32 220
8 47 34 41 19 24 0 T 0.0 0 18.8 30 250 M M 0 45 280
9 34 19 27 6 38 0 0.02 0.1 T 24.9 40 330 M M 0 53 330
10 31 13 22 1 43 0 0.00 0.0 T 5.2 15 170 M M 0 20 150
11 38 17 28 8 37 0 0.00 0.0 0 14.5 29 310 M M 0 41 320
12 31 16 24 4 41 0 0.00 0.0 0 13.3 29 230 M M 0 41 240
13 45 25 35 15 30 0 0.00 0.0 0 11.0 23 240 M M 0 34 250
14 54 36 45 26 20 0 0.00 0.0 0 11.5 23 190 M M 0 31 180
15 43 33 38 19 27 0 0.12 T 0 7.1 15 200 M M 0 20 190
16 34 30 32 13 33 0 0.11 0.1 T 8.2 16 200 M M 0 20 200
17 41 25 33 15 32 0 0.00 0.0 T 15.4 33 330 M M 0 42 330
18 29 16 23 5 42 0 0.00 0.0 0 11.5 28 330 M M 0 37 330
19 40 27 34 16 31 0 0.00 0.0 0 6.7 23 180 M M 0 33 200
20 38 24 31 13 34 0 0.00 0.0 0 7.2 17 150 M M 0 21 150
21 40 27 34 17 31 0 0.00 0.0 0 9.0 15 150 M M 0 20 160
22 39 23 31 14 34 0 0.00 0.0 0 5.5 13 160 M M 0 15 170
23 43 28 36 19 29 0 0.27 0.0 0 12.0 18 150 M M 0 25 150
24 43 29 36 20 29 0 0.45 0.1 0 17.3 30 340 M M 0 42 340
25 34 23 29 13 36 0 1.43 1.7 2 21.0 31 350 M M 0 38 350
26 36 32 34 18 31 0 1.17 T 2 8.6 17 320 M M 0 22 310
27 33 30 32 16 33 0 0.04 T 2 8.6 17 320 M M 0 21 320
28 36 25 31 16 34 0 0.00 0.0 2 6.3 16 310 M M 0 20 310
29 41 20 31 16 34 0 0.00 0.0 1 7.1 17 310 M M 0 23 300
30 35 23 29 14 36 0 0.00 0.0 1 19.1 29 350 M M 0 39 320
31 23 18 21 6 44 0 0.00 0.0 1 12.0 24 340 M M 0 30 350
================================================================================
SM 1216 728 1034 0 3.61 2.0 333.5 M 0
================================================================================
AV 39.2 23.5 10.8 FASTST M M 0 MAX(MPH)
MISC ----> 40 330 53 330
================================================================================
NOTES:
# LAST OF SEVERAL OCCURRENCES
COLUMN 17 PEAK WIND IN M.P.H.
PRELIMINARY LOCAL CLIMATOLOGICAL DATA (WS FORM: F-6) , PAGE 2
STATION: SISSETON SD
MONTH: DECEMBER
YEAR: 2023
LATITUDE: 45 40 N
LONGITUDE: 96 59 W
[TEMPERATURE DATA] [PRECIPITATION DATA] SYMBOLS USED IN COLUMN 16
AVERAGE MONTHLY: 31.4 TOTAL FOR MONTH: 3.61 1 = FOG OR MIST
DPTR FM NORMAL: 12.3 DPTR FM NORMAL: 3.01 2 = FOG REDUCING VISIBILITY
HIGHEST: 60 ON 6 GRTST 24HR 2.41 ON 25-26 TO 1/4 MILE OR LESS
LOWEST: 10 ON 1 3 = THUNDER
SNOW, ICE PELLETS, HAIL 4 = ICE PELLETS
TOTAL MONTH: 2.0 INCHES 5 = HAIL
GRTST 24HR 1.7 ON 25-25 6 = FREEZING RAIN OR DRIZZLE
GRTST DEPTH: 2 ON 28,27 7 = DUSTSTORM OR SANDSTORM:
VSBY 1/2 MILE OR LESS
8 = SMOKE OR HAZE
[NO. OF DAYS WITH] [WEATHER - DAYS WITH] 9 = BLOWING SNOW
X = TORNADO
MAX 32 OR BELOW: 4 0.01 INCH OR MORE: 8
MAX 90 OR ABOVE: 0 0.10 INCH OR MORE: 6
MIN 32 OR BELOW: 28 0.50 INCH OR MORE: 2
MIN 0 OR BELOW: 0 1.00 INCH OR MORE: 2
[HDD (BASE 65) ]
TOTAL THIS MO. 1034 CLEAR (SCALE 0-3) 31
DPTR FM NORMAL -389 PTCLDY (SCALE 4-7) 0
TOTAL FM JUL 1 2600 CLOUDY (SCALE 8-10) 0
DPTR FM NORMAL -605
[CDD (BASE 65) ]
TOTAL THIS MO. 0
DPTR FM NORMAL 0 [PRESSURE DATA]
TOTAL FM JAN 1 810 HIGHEST SLP 30.54 ON 13
DPTR FM NORMAL 243 LOWEST SLP 29.23 ON 7
[REMARKS]
#FINAL-12-23#