000
CXUS55 KABR 011700
CF68D3
PRELIMINARY LOCAL CLIMATOLOGICAL DATA (WS FORM: F-6)
STATION: SISSETON SD
MONTH: JULY
YEAR: 2020
LATITUDE: 45 40 N
LONGITUDE: 96 59 W
TEMPERATURE IN F: :PCPN: SNOW: WIND :SUNSHINE: SKY :PK WND
================================================================================
1 2 3 4 5 6A 6B 7 8 9 10 11 12 13 14 15 16 17 18
12Z AVG MX 2MIN
DY MAX MIN AVG DEP HDD CDD WTR SNW DPTH SPD SPD DIR MIN PSBL S-S WX SPD DR
================================================================================
1 85 63 74 4 0 9 0.13 0.0 0 6.7 38 250 M M 0 53 250
2 92 64 78 8 0 13 0.00 0.0 0 10.9 23 160 M M 0 30 160
3 90 69 80 10 0 15 0.00 0.0 0 7.6 16 140 M M 0 22 130
4 91 68 80 10 0 15 0.00 0.0 0 9.0 32 200 M M 0 43 210
5 88 66 77 7 0 12 0.16 0.0 0 6.9 38 320 M M 0 51 330
6 85 65 75 4 0 10 0.00 0.0 0 5.3 14 220 M M 0 17 180
7 87 65 76 5 0 11 0.00 0.0 0 8.5 16 150 M M 0 22 140
8 92 64 78 7 0 13 0.55 0.0 0 11.9 39 210 M M 0 57 220
9 84 62 73 2 0 8 0.00 0.0 0 8.6 25 300 M M 0 37 290
10 85 58 72 1 0 7 0.00 0.0 0 3.7 9 40 M M 0 12 110
11 78 62 70 -1 0 5 0.00 0.0 0 8.5 24 310 M M 0 30 300
12 84 59 72 1 0 7 0.00 0.0 0 3.4 8 140 M M 0 18 110
13 88 64 76 5 0 11 0.00 0.0 M 13.1 30 150 M M 0 41 150
14 77 59 68 -3 0 3 0.09 0.0 0 7.6 20 330 M M 0 29 310
15 84 63 74 2 0 9 0.00 0.0 0 12.8 24 220 M M 0 33 240
16 87 62 75 3 0 10 0.01 0.0 0 10.5 28 240 M M 0 40 240
17 92 57 75 3 0 10 0.51 0.0 0 12.5 44 20 M M 0 60 20
18 81 66 74 2 0 9 0.00 0.0 0 8.2 18 180 M M 0 24 180
19 80 60 70 -2 0 5 0.00 0.0 0 11.7 25 300 M M 0 35 320
20 81 57 69 -3 0 4 0.09 0.0 0 5.5 20 120 M M 0 26 130
21 77 58 68 -4 0 3 0.00 0.0 0 9.0 20 350 M M 0 26 340
22 77 55 66 -6 0 1 0.00 0.0 0 5.5 12 130 M M 0 17 120
23 83 58 71 -1 0 6 0.00 0.0 0 15.7 26 130 M M 0 36 120
24 93 72 83 11 0 18 0.00 0.0 0 15.6 23 190 M M 0 34 190
25 91 71 81 9 0 16 0.17 0.0 0 7.2 24 320 M M 0 45 330
26 80 62 71 -1 0 6 0.05 0.0 0 9.7 35 320 M M 0 47 310
27 85 58 72 0 0 7 0.00 0.0 0 6.4 17 330 M M 0 22 330
28 84 59 72 0 0 7 0.00 0.0 0 4.6 13 350 M M 0 18 350
29 83 56 70 -2 0 5 0.00 0.0 0 4.1 13 20 M M 0 19 20
30 83 55 69 -2 0 4 0.00 0.0 0 3.4 10 10 M M 0 16 50
31 88 57 73 2 0 8 0.05 0.0 0 6.9 22 60 M M 0 31 50
================================================================================
SM 2635 1914 0 267 1.81 0.0 261.0 M 0
================================================================================
AV 85.0 61.7 8.4 FASTST M M 0 MAX(MPH)
MISC ----> # 44 20 # 60 20
================================================================================
NOTES:
# LAST OF SEVERAL OCCURRENCES
COLUMN 17 PEAK WIND IN M.P.H.
PRELIMINARY LOCAL CLIMATOLOGICAL DATA (WS FORM: F-6) , PAGE 2
STATION: SISSETON SD
MONTH: JULY
YEAR: 2020
LATITUDE: 45 40 N
LONGITUDE: 96 59 W
[TEMPERATURE DATA] [PRECIPITATION DATA] SYMBOLS USED IN COLUMN 16
AVERAGE MONTHLY: 73.4 TOTAL FOR MONTH: 1.81 1 = FOG OR MIST
DPTR FM NORMAL: 2.2 DPTR FM NORMAL: -1.77 2 = FOG REDUCING VISIBILITY
HIGHEST: 93 ON 24 GRTST 24HR 0.55 ON 8- 8 TO 1/4 MILE OR LESS
LOWEST: 55 ON 30,22 3 = THUNDER
SNOW, ICE PELLETS, HAIL 4 = ICE PELLETS
TOTAL MONTH: 0.0 INCH 5 = HAIL
GRTST 24HR 0.0 6 = FREEZING RAIN OR DRIZZLE
GRTST DEPTH: 0 7 = DUSTSTORM OR SANDSTORM:
VSBY 1/2 MILE OR LESS
8 = SMOKE OR HAZE
[NO. OF DAYS WITH] [WEATHER - DAYS WITH] 9 = BLOWING SNOW
X = TORNADO
MAX 32 OR BELOW: 0 0.01 INCH OR MORE: 10
MAX 90 OR ABOVE: 7 0.10 INCH OR MORE: 5
MIN 32 OR BELOW: 0 0.50 INCH OR MORE: 2
MIN 0 OR BELOW: 0 1.00 INCH OR MORE: 0
[HDD (BASE 65) ]
TOTAL THIS MO. 0 CLEAR (SCALE 0-3) 31
DPTR FM NORMAL -13 PTCLDY (SCALE 4-7) 0
TOTAL FM JUL 1 0 CLOUDY (SCALE 8-10) 0
DPTR FM NORMAL -13
[CDD (BASE 65) ]
TOTAL THIS MO. 267
DPTR FM NORMAL 62 [PRESSURE DATA]
TOTAL FM JAN 1 491 HIGHEST SLP 30.05 ON 30
DPTR FM NORMAL 169 LOWEST SLP 29.58 ON 17
[REMARKS]
#FINAL-07-20#