000
CXUS53 KABR 020322
CF68D3
PRELIMINARY LOCAL CLIMATOLOGICAL DATA (WS FORM: F-6)
STATION: SISSETON SD
MONTH: SEPTEMBER
YEAR: 2023
LATITUDE: 45 40 N
LONGITUDE: 96 59 W
TEMPERATURE IN F: :PCPN: SNOW: WIND :SUNSHINE: SKY :PK WND
================================================================================
1 2 3 4 5 6A 6B 7 8 9 10 11 12 13 14 15 16 17 18
12Z AVG MX 2MIN
DY MAX MIN AVG DEP HDD CDD WTR SNW DPTH SPD SPD DIR MIN PSBL S-S WX SPD DR
================================================================================
1 89 64 77 11 0 12 0.00 0.0 0 6.0 21 230 M M 0 30 220
2 90 63 77 11 0 12 0.00 0.0 0 4.8 14 220 M M 0 17 220
3 95 67 81 16 0 16 0.00 0.0 0 3.8 14 260 M M 0 21 250
4 97 66 82 17 0 17 0.00 0.0 0 7.7 16 190 M M 0 25 190
5 82 57 70 5 0 5 0.07 0.0 0 14.2 25 330 M M 0 39 340
6 70 43 57 -7 8 0 0.00 0.0 0 9.7 20 340 M M 0 29 340
7 74 39 57 -7 8 0 0.00 0.0 0 5.0 12 150 M M 0 19 150
8 83 50 67 3 0 2 0.00 0.0 0 6.5 14 320 M M 0 21 330
9 73 51 62 -1 3 0 0.10 0.0 0 7.6 14 360 M M 0 21 330
10 75 45 60 -3 5 0 0.00 0.0 0 5.0 13 50 M M 0 20 10
11 75 44 60 -3 5 0 0.00 0.0 0 5.4 16 320 M M 0 22 340
12 68 38 53 -9 12 0 0.00 0.0 0 5.1 13 20 M M 0 19 10
13 73 37 55 -7 10 0 0.00 0.0 0 8.6 18 150 M M 0 29 170
14 79 51 65 3 0 0 0.00 0.0 0 8.0 17 230 M M 0 24 210
15 75 52 64 3 1 0 0.00 0.0 0 8.6 21 310 M M 0 32 310
16 69 42 56 -5 9 0 0.00 0.0 0 5.7 13 350 M M 0 17 330
17 73 37 55 -5 10 0 0.00 0.0 0 2.9 9 160 M M 0 14 170
18 83 45 64 4 1 0 0.00 0.0 0 8.3 18 150 M M 0 28 150
19 93 51 72 12 0 7 0.00 0.0 0 6.7 16 170 M M 0 25 160
20 85 49 67 8 0 2 0.00 0.0 0 3.7 13 230 M M 0 17 230
21 79 53 66 7 0 1 0.00 0.0 0 5.1 16 160 M M 0 27 130
22 71 52 62 4 3 0 0.02 0.0 0 4.9 14 130 M M 0 23 140
23 67 57 62 4 3 0 2.78 0.0 0 4.2 20 200 M M 0 32 190
24 68 56 62 4 3 0 0.25 0.0 0 4.6 12 230 M M 0 18 240
25 67 56 62 5 3 0 0.00 0.0 0 7.8 17 330 M M 0 24 350
26 71 56 64 7 1 0 0.00 0.0 0 5.3 12 70 M M 0 17 90
27 66 53 60 4 5 0 0.00 0.0 0 6.9 14 130 M M 0 19 120
28 80 51 66 10 0 1 0.00 0.0 0 9.5 23 150 M M 0 35 130
29 72 56 64 9 1 0 0.35 0.0 0 4.8 13 310 M M 0 21 210
30 79 57 68 13 0 3 0.00 0.0 0 5.5 16 130 M M 0 23 140
================================================================================
SM 2321 1538 91 78 3.57 0.0 191.9 M 0
================================================================================
AV 77.4 51.3 6.4 FASTST M M 0 MAX(MPH)
MISC ----> 25 330 39 340
================================================================================
NOTES:
# LAST OF SEVERAL OCCURRENCES
COLUMN 17 PEAK WIND IN M.P.H.
PRELIMINARY LOCAL CLIMATOLOGICAL DATA (WS FORM: F-6) , PAGE 2
STATION: SISSETON SD
MONTH: SEPTEMBER
YEAR: 2023
LATITUDE: 45 40 N
LONGITUDE: 96 59 W
[TEMPERATURE DATA] [PRECIPITATION DATA] SYMBOLS USED IN COLUMN 16
AVERAGE MONTHLY: 64.3 TOTAL FOR MONTH: 3.57 1 = FOG OR MIST
DPTR FM NORMAL: 3.5 DPTR FM NORMAL: 1.12 2 = FOG REDUCING VISIBILITY
HIGHEST: 97 ON 4 GRTST 24HR 2.79 ON 22-23 TO 1/4 MILE OR LESS
LOWEST: 37 ON 17,13 3 = THUNDER
SNOW, ICE PELLETS, HAIL 4 = ICE PELLETS
TOTAL MONTH: 0.0 INCH 5 = HAIL
GRTST 24HR 0.0 6 = FREEZING RAIN OR DRIZZLE
GRTST DEPTH: 0 7 = DUSTSTORM OR SANDSTORM:
VSBY 1/2 MILE OR LESS
8 = SMOKE OR HAZE
[NO. OF DAYS WITH] [WEATHER - DAYS WITH] 9 = BLOWING SNOW
X = TORNADO
MAX 32 OR BELOW: 0 0.01 INCH OR MORE: 6
MAX 90 OR ABOVE: 4 0.10 INCH OR MORE: 4
MIN 32 OR BELOW: 0 0.50 INCH OR MORE: 1
MIN 0 OR BELOW: 0 1.00 INCH OR MORE: 1
[HDD (BASE 65) ]
TOTAL THIS MO. 91 CLEAR (SCALE 0-3) 30
DPTR FM NORMAL -89 PTCLDY (SCALE 4-7) 0
TOTAL FM JUL 1 119 CLOUDY (SCALE 8-10) 0
DPTR FM NORMAL -100
[CDD (BASE 65) ]
TOTAL THIS MO. 78
DPTR FM NORMAL 25 [PRESSURE DATA]
TOTAL FM JAN 1 778 HIGHEST SLP 30.29 ON 10
DPTR FM NORMAL 216 LOWEST SLP 29.42 ON 4
[REMARKS]
#FINAL-09-23#