000
CXUS52 KTAE 010800
CF6AAF
PRELIMINARY LOCAL CLIMATOLOGICAL DATA (WS FORM: F-6)
STATION: APALACHICOLA
MONTH: MARCH
YEAR: 2021
LATITUDE: 29 43 N
LONGITUDE: 85 2 W
TEMPERATURE IN F: :PCPN: SNOW: WIND :SUNSHINE: SKY :PK WND
================================================================================
1 2 3 4 5 6A 6B 7 8 9 10 11 12 13 14 15 16 17 18
12Z AVG MX 2MIN
DY MAX MIN AVG DEP HDD CDD WTR SNW DPTH SPD SPD DIR MIN PSBL S-S WX SPD DR
================================================================================
1 77 60 69 11 0 4 0.14 0.0 0 8.4 22 20 M M 9 1 32 20
2 64 59 62 4 3 0 0.10 M M 11.2 18 90 M M 10 13 25 100
3 63 47 55 -3 10 0 0.00 M M 8.8 17 350 M M 5 1 23 340
4 74 45 60 2 5 0 0.00 0.0 M 5.5 14 280 M M 0 22 360
5 71 48 60 2 5 0 0.00 0.0 M 6.2 16 130 M M 0 8 21 140
6 67 51 59 0 6 0 T 0.0 M 9.6 22 50 M M 7 31 50
7 70 43 57 -2 8 0 0.00 0.0 M 7.3 16 30 M M 0 24 30
8 64 37 51 -8 14 0 0.00 0.0 M 6.0 16 150 M M 1 20 160
9 68 40 54 -5 11 0 0.00 0.0 M 6.8 16 90 M M 0 1 21 110
10 72 48 60 1 5 0 0.00 0.0 M 7.2 17 120 M M 0 23 90
11 72 51 62 2 3 0 0.00 0.0 M 5.7 15 140 M M 0 20 150
12 74 51 63 3 2 0 0.00 0.0 M 3.7 10 180 M M 0 1 14 160
13 75 54 65 5 0 0 0.00 0.0 M 4.9 12 190 M M 1 1 16 150
14 75 52 64 4 1 0 0.00 0.0 M 4.3 13 150 M M 0 16 130
15 75 54 65 5 0 0 0.00 0.0 M 6.4 17 160 M M 1 1 22 150
16 77 64 71 11 0 6 T 0.0 M 9.1 20 180 M M 7 1 24 170
17 78 70 74 14 0 9 0.00 0.0 M 9.9 16 180 M M 9 1 21 170
18 77 62 70 9 0 5 0.57 0.0 M 15.0 36 200 M M 5 13 46 210
19 66 49 58 -3 7 0 0.00 0.0 M 10.3 22 340 M M 3 28 340
20 66 50 58 -3 7 0 T 0.0 M 9.1 16 20 M M 7 22 40
21 68 48 58 -3 7 0 0.00 0.0 0 8.6 17 50 M M 7 8 22 20
22 71 53 62 1 3 0 0.00 0.0 0 7.0 15 20 M M 7 20 20
23 71 54 63 1 2 0 0.00 0.0 M 7.4 17 160 M M 2 22 160
24 71 64 68 6 0 3 T M M 8.2 17 150 M M 8 22 150
25 77 66 72 10 0 7 0.00 M M 11.3 21 150 M M 7 12 27 160
26 79 69 74 12 0 9 0.00 M M 7.7 13 160 M M 9 12 16 160
27 78 67 73 11 0 8 0.00 0.0 M 7.1 13 140 M M 8 1 17 140
28 81 65 73 11 0 8 0.00 0.0 M 8.9 17 300 M M 5 1 22 240
29 74 59 67 4 0 2 0.39 0.0 M 8.0 16 20 M M 2 21 30
30 76 63 70 7 0 5 1.25 0.0 M 7.2 16 140 M M 7 13 23 140
31 80 68 74 11 0 9 0.10 0.0 0 7.7 14 220 M M 2 1 18 220
================================================================================
SM 2251 1711 99 75 2.55 0.0 244.5 M 129
================================================================================
AV 72.6 55.2 7.9 FASTST M M 4 MAX(MPH)
MISC ----> 36 200 46 210
================================================================================
NOTES:
# LAST OF SEVERAL OCCURRENCES
COLUMN 17 PEAK WIND IN M.P.H.
PRELIMINARY LOCAL CLIMATOLOGICAL DATA (WS FORM: F-6) , PAGE 2
STATION: APALACHICOLA
MONTH: MARCH
YEAR: 2021
LATITUDE: 29 43 N
LONGITUDE: 85 2 W
[TEMPERATURE DATA] [PRECIPITATION DATA] SYMBOLS USED IN COLUMN 16
AVERAGE MONTHLY: 63.9 TOTAL FOR MONTH: 2.55 1 = FOG OR MIST
DPTR FM NORMAL: 3.5 DPTR FM NORMAL: -2.71 2 = FOG REDUCING VISIBILITY
HIGHEST: 81 ON 28 GRTST 24HR 1.25 ON 30-30 TO 1/4 MILE OR LESS
LOWEST: 37 ON 8 3 = THUNDER
SNOW, ICE PELLETS, HAIL 4 = ICE PELLETS
TOTAL MONTH: 0.0 INCH 5 = HAIL
GRTST 24HR 0.0 6 = FREEZING RAIN OR DRIZZLE
GRTST DEPTH: 0 7 = DUSTSTORM OR SANDSTORM:
VSBY 1/2 MILE OR LESS
8 = SMOKE OR HAZE
[NO. OF DAYS WITH] [WEATHER - DAYS WITH] 9 = BLOWING SNOW
X = TORNADO
MAX 32 OR BELOW: 0 0.01 INCH OR MORE: 6
MAX 90 OR ABOVE: 0 0.10 INCH OR MORE: 6
MIN 32 OR BELOW: 0 0.50 INCH OR MORE: 2
MIN 0 OR BELOW: 0 1.00 INCH OR MORE: 1
[HDD (BASE 65) ]
TOTAL THIS MO. 99 CLEAR (SCALE 0-3) 15
DPTR FM NORMAL -72 PTCLDY (SCALE 4-7) 12
TOTAL FM JUL 1 1043 CLOUDY (SCALE 8-10) 4
DPTR FM NORMAL -296
[CDD (BASE 65) ]
TOTAL THIS MO. 75
DPTR FM NORMAL 48 [PRESSURE DATA]
TOTAL FM JAN 1 112 HIGHEST SLP 30.56 ON 8
DPTR FM NORMAL 76 LOWEST SLP 29.80 ON 18
[REMARKS]
#FINAL-03-21#