000
CXUS52 KTAE 010800
CF6AAF
PRELIMINARY LOCAL CLIMATOLOGICAL DATA (WS FORM: F-6)
STATION: APALACHICOLA
MONTH: JUNE
YEAR: 2020
LATITUDE: 29 43 N
LONGITUDE: 85 2 W
TEMPERATURE IN F: :PCPN: SNOW: WIND :SUNSHINE: SKY :PK WND
================================================================================
1 2 3 4 5 6A 6B 7 8 9 10 11 12 13 14 15 16 17 18
12Z AVG MX 2MIN
DY MAX MIN AVG DEP HDD CDD WTR SNW DPTH SPD SPD DIR MIN PSBL S-S WX SPD DR
================================================================================
1 89 71 80 2 0 15 0.00 0.0 0 10.4 18 100 M M 1 26 110
2 86 76 81 3 0 16 0.00 0.0 0 8.6 18 110 M M 5 26 100
3 83 73 78 0 0 13 0.03 0.0 0 6.3 13 190 M M 4 16 150
4 86 67 77 -2 0 12 0.00 0.0 0 6.2 15 170 M M 1 1 21 130
5 84 69 77 -2 0 12 0.10 0.0 0 5.7 17 190 M M 5 1 23 210
6 81 74 78 -1 0 13 1.20 0.0 0 11.3 20 160 M M 8 1 27 110
7 87 76 82 3 0 17 0.45 0.0 0 14.6 23 160 M M 8 1 33 160
8 87 80 84 5 0 19 T 0.0 0 12.1 20 170 M M 9 26 170
9 87 80 84 4 0 19 0.20 0.0 0 9.2 16 170 M M 7 13 20 170
10 89 79 84 4 0 19 0.00 0.0 0 8.1 16 190 M M 2 1 19 210
11 89 77 83 3 0 18 0.03 0.0 0 6.1 15 210 M M 4 3 19 220
12 89 71 80 0 0 15 0.30 0.0 0 5.2 22 80 M M 2 13 34 100
13 88 74 81 1 0 16 0.02 0.0 0 7.9 16 130 M M 4 1 21 120
14 90 70 80 0 0 15 0.00 0.0 0 6.2 15 140 M M 1 21 40
15 88 64 76 -4 0 11 0.00 0.0 0 6.1 14 160 M M 1 18 160
16 84 72 78 -2 0 13 0.01 0.0 0 8.3 16 70 M M 5 20 80
17 83 67 75 -5 0 10 0.01 0.0 0 6.5 15 50 M M 4 19 70
18 86 65 76 -5 0 11 0.00 0.0 0 4.3 13 190 M M 1 1 18 170
19 87 66 77 -4 0 12 0.00 0.0 0 5.3 13 270 M M 0 1 17 200
20 89 68 79 -2 0 14 0.00 0.0 0 6.0 16 220 M M 0 22 220
21 90 68 79 -2 0 14 0.00 0.0 0 6.0 16 210 M M 0 21 250
22 89 71 80 -1 0 15 0.54 0.0 0 4.9 37 280 M M 0 1 48 260
23 90 79 85 4 0 20 0.00 0.0 0 12.3 21 250 M M 1 26 220
24 89 77 83 2 0 18 0.00 0.0 0 7.2 15 200 M M 1 19 210
25 90 79 85 4 0 20 0.00 0.0 0 6.5 14 210 M M 1 18 190
26 91 77 84 3 0 19 0.00 0.0 0 4.6 15 110 M M 1 18 140
27 94 73 84 2 0 19 0.00 0.0 0 4.7 14 180 M M 0 16 190
28 91 78 85 3 0 20 0.00 0.0 0 6.6 15 210 M M 1 21 200
29 92 77 85 3 0 20 0.20 0.0 0 7.6 17 260 M M 2 1 23 310
30 93 74 84 2 0 19 0.00 0.0 0 7.4 21 260 M M 1 25 260
================================================================================
SM 2641 2192 0 474 3.09 0.0 222.2 M 80
================================================================================
AV 88.0 73.1 7.4 FASTST M M 3 MAX(MPH)
MISC ----> # 37 280 # 48 260
================================================================================
NOTES:
# LAST OF SEVERAL OCCURRENCES
COLUMN 17 PEAK WIND IN M.P.H.
PRELIMINARY LOCAL CLIMATOLOGICAL DATA (WS FORM: F-6) , PAGE 2
STATION: APALACHICOLA
MONTH: JUNE
YEAR: 2020
LATITUDE: 29 43 N
LONGITUDE: 85 2 W
[TEMPERATURE DATA] [PRECIPITATION DATA] SYMBOLS USED IN COLUMN 16
AVERAGE MONTHLY: 80.6 TOTAL FOR MONTH: 3.09 1 = FOG OR MIST
DPTR FM NORMAL: 0.4 DPTR FM NORMAL: -2.18 2 = FOG REDUCING VISIBILITY
HIGHEST: 94 ON 27 GRTST 24HR 1.20 ON 6- 6 TO 1/4 MILE OR LESS
LOWEST: 64 ON 15 3 = THUNDER
SNOW, ICE PELLETS, HAIL 4 = ICE PELLETS
TOTAL MONTH: 0.0 INCH 5 = HAIL
GRTST 24HR 0.0 6 = FREEZING RAIN OR DRIZZLE
GRTST DEPTH: 0 7 = DUSTSTORM OR SANDSTORM:
VSBY 1/2 MILE OR LESS
8 = SMOKE OR HAZE
[NO. OF DAYS WITH] [WEATHER - DAYS WITH] 9 = BLOWING SNOW
X = TORNADO
MAX 32 OR BELOW: 0 0.01 INCH OR MORE: 12
MAX 90 OR ABOVE: 9 0.10 INCH OR MORE: 7
MIN 32 OR BELOW: 0 0.50 INCH OR MORE: 2
MIN 0 OR BELOW: 0 1.00 INCH OR MORE: 1
[HDD (BASE 65) ]
TOTAL THIS MO. 0 CLEAR (SCALE 0-3) 19
DPTR FM NORMAL 0 PTCLDY (SCALE 4-7) 10
TOTAL FM JUL 1 716 CLOUDY (SCALE 8-10) 1
DPTR FM NORMAL -675
[CDD (BASE 65) ]
TOTAL THIS MO. 474
DPTR FM NORMAL 18 [PRESSURE DATA]
TOTAL FM JAN 1 882 HIGHEST SLP 30.21 ON 26
DPTR FM NORMAL 4 LOWEST SLP 29.80 ON 7
[REMARKS]
#FINAL-06-20#