000
CXUS52 KTAE 010800
CF6AAF
PRELIMINARY LOCAL CLIMATOLOGICAL DATA (WS FORM: F-6)
STATION: APALACHICOLA
MONTH: MAY
YEAR: 2020
LATITUDE: 29 43 N
LONGITUDE: 85 2 W
TEMPERATURE IN F: :PCPN: SNOW: WIND :SUNSHINE: SKY :PK WND
================================================================================
1 2 3 4 5 6A 6B 7 8 9 10 11 12 13 14 15 16 17 18
12Z AVG MX 2MIN
DY MAX MIN AVG DEP HDD CDD WTR SNW DPTH SPD SPD DIR MIN PSBL S-S WX SPD DR
================================================================================
1 80 50 65 -5 0 0 0.00 0.0 0 4.6 15 360 M M 0 19 350
2 80 55 68 -3 0 3 0.00 0.0 0 4.1 12 190 M M 0 15 170
3 79 54 67 -4 0 2 0.00 0.0 0 4.0 13 160 M M 0 15 150
4 84 59 72 1 0 7 0.00 0.0 0 6.2 17 240 M M 3 1 22 240
5 84 70 77 5 0 12 0.00 0.0 0 9.9 16 230 M M 2 21 200
6 88 67 78 6 0 13 0.00 0.0 0 9.3 21 300 M M 1 27 310
7 76 52 64 -8 1 0 0.00 0.0 0 10.3 21 20 M M 0 28 20
8 78 49 64 -8 1 0 0.00 0.0 0 8.2 21 180 M M 2 25 180
9 81 64 73 0 0 8 0.03 0.0 0 7.5 21 30 M M 3 26 20
10 77 61 69 -4 0 4 0.05 0.0 0 6.9 15 100 M M 4 1 21 110
11 86 59 73 0 0 8 0.00 0.0 0 7.4 16 360 M M 1 1 26 20
12 79 56 68 -5 0 3 0.00 0.0 0 8.2 18 120 M M 0 23 120
13 81 57 69 -5 0 4 0.00 0.0 0 9.1 18 110 M M 1 25 100
14 82 67 75 1 0 10 0.00 0.0 0 11.3 21 110 M M 1 31 120
15 83 67 75 1 0 10 0.00 0.0 0 8.4 18 120 M M 2 25 100
16 84 67 76 2 0 11 0.00 0.0 0 8.3 16 90 M M 0 21 110
17 84 69 77 2 0 12 0.00 0.0 0 8.5 16 180 M M 3 19 170
18 81 70 76 1 0 11 0.12 0.0 0 12.6 28 180 M M 5 13 36 170
19 87 72 80 5 0 15 0.06 0.0 0 10.2 22 260 M M 3 1 26 250
20 86 69 78 2 0 13 T 0.0 0 13.3 26 250 M M 5 3 33 250
21 88 68 78 2 0 13 0.00 0.0 0 8.5 17 220 M M 2 20 220
22 86 74 80 4 0 15 0.00 0.0 0 6.8 14 150 M M 2 18 150
23 88 73 81 5 0 16 0.00 0.0 0 7.1 15 150 M M 1 18 160
24 86 71 79 3 0 14 0.00 0.0 0 7.6 17 120 M M 0 22 120
25 85 71 78 1 0 13 0.11 0.0 0 11.2 21 110 M M 6 1 31 110
26 83 71 77 0 0 12 0.08 0.0 0 9.3 20 110 M M 9 138 28 110
27 87 71 79 2 0 14 0.00 0.0 0 7.6 15 220 M M 5 1 19 230
28 86 76 81 4 0 16 0.05 0.0 0 9.1 15 210 M M 3 3 19 220
29 86 73 80 2 0 15 0.00 0.0 0 6.7 21 160 M M 3 3 26 160
30 90 69 80 2 0 15 0.00 0.0 0 5.7 16 200 M M 4 128 19 200
31 95 74 85 7 0 20 0.00 0.0 0 6.0 15 210 M M 1 12 20 40
================================================================================
SM 2600 2025 2 309 0.50 0.0 253.9 M 72
================================================================================
AV 83.9 65.3 8.2 FASTST M M 2 MAX(MPH)
MISC ----> # 28 180 # 36 170
================================================================================
NOTES:
# LAST OF SEVERAL OCCURRENCES
COLUMN 17 PEAK WIND IN M.P.H.
PRELIMINARY LOCAL CLIMATOLOGICAL DATA (WS FORM: F-6) , PAGE 2
STATION: APALACHICOLA
MONTH: MAY
YEAR: 2020
LATITUDE: 29 43 N
LONGITUDE: 85 2 W
[TEMPERATURE DATA] [PRECIPITATION DATA] SYMBOLS USED IN COLUMN 16
AVERAGE MONTHLY: 74.6 TOTAL FOR MONTH: 0.50 1 = FOG OR MIST
DPTR FM NORMAL: 0.3 DPTR FM NORMAL: -2.00 2 = FOG REDUCING VISIBILITY
HIGHEST: 95 ON 31 GRTST 24HR 0.19 ON 30- 1 TO 1/4 MILE OR LESS
LOWEST: 49 ON 8 3 = THUNDER
SNOW, ICE PELLETS, HAIL 4 = ICE PELLETS
TOTAL MONTH: 0.0 INCH 5 = HAIL
GRTST 24HR 0.0 6 = FREEZING RAIN OR DRIZZLE
GRTST DEPTH: 0 7 = DUSTSTORM OR SANDSTORM:
VSBY 1/2 MILE OR LESS
8 = SMOKE OR HAZE
[NO. OF DAYS WITH] [WEATHER - DAYS WITH] 9 = BLOWING SNOW
X = TORNADO
MAX 32 OR BELOW: 0 0.01 INCH OR MORE: 7
MAX 90 OR ABOVE: 2 0.10 INCH OR MORE: 2
MIN 32 OR BELOW: 0 0.50 INCH OR MORE: 0
MIN 0 OR BELOW: 0 1.00 INCH OR MORE: 0
[HDD (BASE 65) ]
TOTAL THIS MO. 2 CLEAR (SCALE 0-3) 23
DPTR FM NORMAL 0 PTCLDY (SCALE 4-7) 7
TOTAL FM JUL 1 716 CLOUDY (SCALE 8-10) 1
DPTR FM NORMAL -675
[CDD (BASE 65) ]
TOTAL THIS MO. 309
DPTR FM NORMAL 17 [PRESSURE DATA]
TOTAL FM JAN 1 408 HIGHEST SLP 30.22 ON 13
DPTR FM NORMAL -14 LOWEST SLP 29.78 ON 19
[REMARKS]
#FINAL-05-20#