000
CXUS56 KMFR 010930
CF6AAT
PRELIMINARY LOCAL CLIMATOLOGICAL DATA (WS FORM: F-6)
STATION: ALTURAS CA
MONTH: JUNE
YEAR: 2021
LATITUDE: 41 29 N
LONGITUDE: 120 34 W
TEMPERATURE IN F: :PCPN: SNOW: WIND :SUNSHINE: SKY :PK WND
================================================================================
1 2 3 4 5 6A 6B 7 8 9 10 11 12 13 14 15 16 17 18
12Z AVG MX 2MIN
DY MAX MIN AVG DEP HDD CDD WTR SNW DPTH SPD SPD DIR MIN PSBL S-S WX SPD DR
================================================================================
1 94 43 69 13 0 4 0.00 M M 3.7 16 270 M M 0 24 260
2 95 49 72 16 0 7 0.00 M M 5.1 22 270 M M 0 27 260
3 94 49 72 15 0 7 0.00 M M 6.4 24 260 M M 0 30 270
4 91 48 70 13 0 5 0.00 M M 7.8 24 270 M M 0 32 280
5 86 43 65 8 0 0 0.00 M M 8.7 25 320 M M 0 38 270
6 77 33 55 -2 10 0 0.00 M M 7.5 23 310 M M 0 29 290
7 75 32 54 -4 11 0 0.00 M M 9.2 31 270 M M 0 37 260
8 67 38 53 -5 12 0 0.00 M M 8.7 30 270 M M 4 39 270
9 65 34 50 -8 15 0 0.09 M M 7.9 26 260 M M 3 1 32 260
10 63 39 51 -7 14 0 0.08 M M 4.7 14 160 M M 6 1 21 230
11 71 44 58 -1 7 0 0.07 M M 7.2 25 260 M M 8 30 270
12 82 40 61 2 4 0 0.00 M M 4.5 22 280 M M 3 1 33 250
13 86 40 63 4 2 0 0.00 M M 9.1 25 240 M M 1 33 250
14 81 50 66 6 0 1 0.00 M M 12.6 23 260 M M 0 43 260
15 76 38 57 -3 8 0 0.00 M M 8.6 25 250 M M 1 33 240
16 90 34 62 2 3 0 0.00 M M 4.7 17 300 M M 0 21 300
17 94 40 67 7 0 2 0.00 M M 3.8 16 270 M M 0 21 280
18 96 42 69 8 0 4 0.00 M M 4.8 17 280 M M 0 21 250
19 97 44 71 10 0 6 0.00 M M 4.1 17 260 M M 0 25 280
20 98 49 74 13 0 9 0.00 M M 6.0 18 260 M M 0 25 260
21 98 47 73 11 0 8 T M M 8.0 30 260 M M 1 37 270
22 88 55 72 10 0 7 T M M 6.6 26 230 M M 2 35 240
23 89 45 67 5 0 2 0.00 M M 7.1 30 240 M M 1 8 41 240
24 90 48 69 6 0 4 0.02 M M 5.0 33 270 M M 2 38 44 130
25 93 47 70 7 0 5 0.00 M M 5.9 18 320 M M 0 24 320
26 96 48 72 8 0 7 0.00 M M 4.6 14 10 M M 0 19 40
27 100 56 78 14 0 13 0.00 M M 4.7 16 80 M M 0 22 100
28 105 59 82 18 0 17 0.00 M M 4.6 24 270 M M 0 31 270
29 103 53 78 14 0 13 0.00 M M 6.4 25 260 M M 0 33 250
30 98 53 76 11 0 11 0.00 M M 6.3 22 270 M M 0 30 260
================================================================================
SM 2638 1340 86 132 0.26 M 194.3 M 32
================================================================================
AV 87.9 44.7 6.5 FASTST M M 1 MAX(MPH)
MISC ----> 33 270 44 130
================================================================================
NOTES:
# LAST OF SEVERAL OCCURRENCES
COLUMN 17 PEAK WIND IN M.P.H.
PRELIMINARY LOCAL CLIMATOLOGICAL DATA (WS FORM: F-6) , PAGE 2
STATION: ALTURAS CA
MONTH: JUNE
YEAR: 2021
LATITUDE: 41 29 N
LONGITUDE: 120 34 W
[TEMPERATURE DATA] [PRECIPITATION DATA] SYMBOLS USED IN COLUMN 16
AVERAGE MONTHLY: 66.3 TOTAL FOR MONTH: 0.26 1 = FOG OR MIST
DPTR FM NORMAL: 6.1 DPTR FM NORMAL: -0.44 2 = FOG REDUCING VISIBILITY
HIGHEST: 105 ON 28 GRTST 24HR 0.17 ON 9-10 TO 1/4 MILE OR LESS
LOWEST: 32 ON 7 3 = THUNDER
SNOW, ICE PELLETS, HAIL 4 = ICE PELLETS
TOTAL MONTH: M 5 = HAIL
GRTST 24HR M ON M 6 = FREEZING RAIN OR DRIZZLE
GRTST DEPTH: M ON M 7 = DUSTSTORM OR SANDSTORM:
VSBY 1/2 MILE OR LESS
8 = SMOKE OR HAZE
[NO. OF DAYS WITH] [WEATHER - DAYS WITH] 9 = BLOWING SNOW
X = TORNADO
MAX 32 OR BELOW: 0 0.01 INCH OR MORE: 4
MAX 90 OR ABOVE: 17 0.10 INCH OR MORE: 0
MIN 32 OR BELOW: 1 0.50 INCH OR MORE: 0
MIN 0 OR BELOW: 0 1.00 INCH OR MORE: 0
[HDD (BASE 65) ]
TOTAL THIS MO. 86 CLEAR (SCALE 0-3) 26
DPTR FM NORMAL -83 PTCLDY (SCALE 4-7) 4
TOTAL FM JUL 1 6286 CLOUDY (SCALE 8-10) 0
DPTR FM NORMAL -272
[CDD (BASE 65) ]
TOTAL THIS MO. 132
DPTR FM NORMAL 107 [PRESSURE DATA]
TOTAL FM JAN 1 132 HIGHEST SLP M ON M
DPTR FM NORMAL 106 LOWEST SLP 29.64 ON 7
[REMARKS]
#FINAL-06-21#