000
CXUS56 KMFR 011000
CF6AAT
PRELIMINARY LOCAL CLIMATOLOGICAL DATA (WS FORM: F-6)
STATION: ALTURAS CA
MONTH: AUGUST
YEAR: 2020
LATITUDE: 41 29 N
LONGITUDE: 120 34 W
TEMPERATURE IN F: :PCPN: SNOW: WIND :SUNSHINE: SKY :PK WND
================================================================================
1 2 3 4 5 6A 6B 7 8 9 10 11 12 13 14 15 16 17 18
12Z AVG MX 2MIN
DY MAX MIN AVG DEP HDD CDD WTR SNW DPTH SPD SPD DIR MIN PSBL S-S WX SPD DR
================================================================================
1 93 41 67 0 0 2 0.00 M M 4.2 20 270 M M 0 25 270
2 92 45 69 2 0 4 0.00 M M 5.6 21 260 M M 0 26 290
3 89 47 68 1 0 3 0.00 M M 4.9 13 270 M M 0 17 220
4 94 50 72 5 0 7 0.00 M M 5.0 20 260 M M 0 26 270
5 88 49 69 2 0 4 0.00 M M 5.6 22 280 M M 0 26 270
6 84 45 65 -2 0 0 0.00 M M 6.5 20 300 M M 1 25 260
7 85 48 67 1 0 2 0.00 M M 5.0 13 320 M M 0 16 320
8 92 42 67 1 0 2 0.00 M M 4.6 17 280 M M 0 22 290
9 92 48 70 4 0 5 0.00 M M 5.1 15 10 M M 0 24 20
10 94 49 72 6 0 7 0.00 M M 4.1 17 350 M M 0 22 350
11 91 49 70 4 0 5 0.00 M M 7.6 29 170 M M 2 38 37 160
12 87 48 68 2 0 3 0.00 M M 8.7 28 260 M M 0 35 280
13 90 41 66 0 0 1 0.00 M M 6.6 23 270 M M 0 28 290
14 95 42 69 4 0 4 0.00 M M 4.7 22 280 M M 0 27 270
15 99 50 75 10 0 10 0.00 M M 5.8 25 190 M M 0 34 240
16 91 52 72 7 0 7 T M M 6.6 28 270 M M 1 35 260
17 79 51 65 0 0 0 0.10 M M 3.0 25 230 M M 2 13 36 240
18 94 53 74 10 0 9 T M M 5.3 18 270 M M 1 25 290
19 83 45 64 0 1 0 0.00 M M 3.8 15 250 M M 2 18 260
20 88 40 64 0 1 0 0.00 M M 4.0 18 270 M M 7 8 23 280
21 85 43 64 0 1 0 0.00 M M 6.3 25 270 M M 10 8 31 270
22 92 44 68 5 0 3 0.00 M M 4.3 20 270 M M 1 8 25 280
23 92 43 68 5 0 3 0.00 M M 4.5 20 270 M M 2 8 26 290
24 89 56 73 10 0 8 0.02 M M 3.7 28 270 M M 5 38 35 250
25 87 52 70 7 0 5 0.00 M M 4.6 22 140 M M 3 38 29 150
26 87 44 66 4 0 1 0.00 M M 4.7 17 260 M M 5 18 23 260
27 87 47 67 5 0 2 0.00 M M 3.3 12 300 M M 1 18 14 300
28 92 45 69 7 0 4 0.00 M M 2.4 9 50 M M 0 11 60
29 93 41 67 5 0 2 0.00 M M 6.4 20 270 M M 0 8 25 300
30 84 39 62 1 3 0 0.00 M M 5.2 15 360 M M 0 25 30
31 85 39 62 1 3 0 0.00 M M 6.8 21 20 M M 0 28 20
================================================================================
SM 2773 1428 9 103 0.12 M 158.9 M 43
================================================================================
AV 89.5 46.1 5.1 FASTST M M 1 MAX(MPH)
MISC ----> # 29 170 # 37 160
================================================================================
NOTES:
# LAST OF SEVERAL OCCURRENCES
COLUMN 17 PEAK WIND IN M.P.H.
PRELIMINARY LOCAL CLIMATOLOGICAL DATA (WS FORM: F-6) , PAGE 2
STATION: ALTURAS CA
MONTH: AUGUST
YEAR: 2020
LATITUDE: 41 29 N
LONGITUDE: 120 34 W
[TEMPERATURE DATA] [PRECIPITATION DATA] SYMBOLS USED IN COLUMN 16
AVERAGE MONTHLY: 67.8 TOTAL FOR MONTH: 0.12 1 = FOG OR MIST
DPTR FM NORMAL: 3.2 DPTR FM NORMAL: -0.24 2 = FOG REDUCING VISIBILITY
HIGHEST: 99 ON 15 GRTST 24HR 0.10 ON 17-17 TO 1/4 MILE OR LESS
LOWEST: 39 ON 31,30 3 = THUNDER
SNOW, ICE PELLETS, HAIL 4 = ICE PELLETS
TOTAL MONTH: M 5 = HAIL
GRTST 24HR M ON M 6 = FREEZING RAIN OR DRIZZLE
GRTST DEPTH: M ON M 7 = DUSTSTORM OR SANDSTORM:
VSBY 1/2 MILE OR LESS
8 = SMOKE OR HAZE
[NO. OF DAYS WITH] [WEATHER - DAYS WITH] 9 = BLOWING SNOW
X = TORNADO
MAX 32 OR BELOW: 0 0.01 INCH OR MORE: 2
MAX 90 OR ABOVE: 16 0.10 INCH OR MORE: 1
MIN 32 OR BELOW: 0 0.50 INCH OR MORE: 0
MIN 0 OR BELOW: 0 1.00 INCH OR MORE: 0
[HDD (BASE 65) ]
TOTAL THIS MO. 9 CLEAR (SCALE 0-3) 26
DPTR FM NORMAL -61 PTCLDY (SCALE 4-7) 4
TOTAL FM JUL 1 39 CLOUDY (SCALE 8-10) 1
DPTR FM NORMAL -72
[CDD (BASE 65) ]
TOTAL THIS MO. 103
DPTR FM NORMAL 47 [PRESSURE DATA]
TOTAL FM JAN 1 275 HIGHEST SLP M ON M
DPTR FM NORMAL 124 LOWEST SLP 29.75 ON 26
[REMARKS]
#FINAL-08-20#