000
CXUS51 KPHI 010815
CF6ABE
PRELIMINARY LOCAL CLIMATOLOGICAL DATA (WS FORM: F-6)
STATION: ALLENTOWN PA
MONTH: MARCH
YEAR: 2023
LATITUDE: 40 39 N
LONGITUDE: 75 26 W
TEMPERATURE IN F: :PCPN: SNOW: WIND :SUNSHINE: SKY :PK WND
================================================================================
1 2 3 4 5 6A 6B 7 8 9 10 11 12 13 14 15 16 17 18
12Z AVG MX 2MIN
DY MAX MIN AVG DEP HDD CDD WTR SNW DPTH SPD SPD DIR MIN PSBL S-S WX SPD DR
================================================================================
1 49 22 36 0 29 0 0.00 0.0 1 6.1 16 180 M M 4 1 21 170
2 56 36 46 10 19 0 0.02 0.0 0 8.1 20 350 M M 5 12 26 310
3 45 25 35 -1 30 0 0.63 T 0 8.3 24 80 M M 4 14 33 80
4 49 38 44 7 21 0 0.73 0.0 0 12.1 26 320 M M 10 1 33 330
5 53 27 40 3 25 0 0.00 0.0 0 8.8 23 300 M M 5 30 300
6 53 31 42 5 23 0 T T 0 8.0 17 360 M M 3 4 22 10
7 45 31 38 0 27 0 0.16 1.2 1 13.6 32 350 M M 6 1 43 330
8 45 30 38 0 27 0 0.00 0.0 0 15.0 29 320 M M 6 38 340
9 48 26 37 -1 28 0 0.00 0.0 0 9.8 21 310 M M 1 27 310
10 42 26 34 -5 31 0 0.31 T 0 3.8 13 110 M M 5 1 16 140
11 41 28 35 -4 30 0 0.02 T 0 9.2 21 340 M M 10 1 26 320
12 44 23 34 -5 31 0 T 0.0 0 5.3 14 140 M M 3 18 150
13 40 35 38 -2 27 0 0.16 0.0 0 4.9 10 290 M M 10 1 15 130
14 38 33 36 -4 29 0 0.01 T 0 17.7 29 280 M M 10 1 43 290
15 46 32 39 -1 26 0 0.00 0.0 0 15.9 30 320 M M 3 41 310
16 60 27 44 4 21 0 0.00 0.0 0 7.8 15 250 M M 0 21 300
17 59 34 47 6 18 0 T 0.0 0 6.0 24 300 M M 6 36 300
18 50 34 42 1 23 0 0.00 0.0 0 12.7 23 300 M M 5 34 290
19 37 23 30 -12 35 0 0.00 0.0 0 12.9 24 300 M M 2 37 310
20 51 21 36 -6 29 0 0.00 0.0 0 7.8 20 210 M M 0 24 230
21 61 22 42 0 23 0 0.00 0.0 0 6.6 20 230 M M 0 24 220
22 63 29 46 3 19 0 0.00 0.0 0 4.9 18 210 M M 3 24 180
23 58 46 52 9 13 0 0.27 0.0 0 6.9 17 240 M M 9 1 24 250
24 54 40 47 4 18 0 0.01 0.0 0 6.0 14 350 M M 5 17 330
25 44 38 41 -3 24 0 0.34 0.0 0 10.3 22 100 M M 9 1 29 90
26 61 36 49 5 16 0 0.00 0.0 0 9.2 22 260 M M 2 1 30 250
27 61 29 45 1 20 0 0.11 0.0 0 5.1 16 100 M M 3 21 100
28 52 36 44 -1 21 0 T 0.0 0 7.4 20 330 M M 7 1 24 340
29 55 30 43 -2 22 0 T 0.0 0 7.9 26 300 M M 2 38 290
30 46 26 36 -10 29 0 0.00 0.0 0 8.2 22 340 M M 1 29 330
31 55 24 40 -6 25 0 0.01 0.0 0 4.5 16 190 M M 7 21 200
================================================================================
SM 1561 938 759 0 2.78 1.2 270.8 M 146
================================================================================
AV 50.4 30.3 8.7 FASTST M M 5 MAX(MPH)
MISC ----> 32 350 # 43 330
================================================================================
NOTES:
# LAST OF SEVERAL OCCURRENCES
COLUMN 17 PEAK WIND IN M.P.H.
PRELIMINARY LOCAL CLIMATOLOGICAL DATA (WS FORM: F-6) , PAGE 2
STATION: ALLENTOWN PA
MONTH: MARCH
YEAR: 2023
LATITUDE: 40 39 N
LONGITUDE: 75 26 W
[TEMPERATURE DATA] [PRECIPITATION DATA] SYMBOLS USED IN COLUMN 16
AVERAGE MONTHLY: 40.3 TOTAL FOR MONTH: 2.78 1 = FOG OR MIST
DPTR FM NORMAL: -0.4 DPTR FM NORMAL: -0.85 2 = FOG REDUCING VISIBILITY
HIGHEST: 63 ON 22 GRTST 24HR 1.36 ON 3- 4 TO 1/4 MILE OR LESS
LOWEST: 21 ON 20 3 = THUNDER
SNOW, ICE PELLETS, HAIL 4 = ICE PELLETS
TOTAL MONTH: 1.2 INCHES 5 = HAIL
GRTST 24HR 1.2 ON 7- 7 6 = FREEZING RAIN OR DRIZZLE
GRTST DEPTH: 2 ON M 7 = DUSTSTORM OR SANDSTORM:
VSBY 1/2 MILE OR LESS
8 = SMOKE OR HAZE
[NO. OF DAYS WITH] [WEATHER - DAYS WITH] 9 = BLOWING SNOW
X = TORNADO
MAX 32 OR BELOW: 0 0.01 INCH OR MORE: 13
MAX 90 OR ABOVE: 0 0.10 INCH OR MORE: 8
MIN 32 OR BELOW: 20 0.50 INCH OR MORE: 2
MIN 0 OR BELOW: 0 1.00 INCH OR MORE: 0
[HDD (BASE 65) ]
TOTAL THIS MO. 759 CLEAR (SCALE 0-3) 12
DPTR FM NORMAL 4 PTCLDY (SCALE 4-7) 13
TOTAL FM JUL 1 4464 CLOUDY (SCALE 8-10) 6
DPTR FM NORMAL -256
[CDD (BASE 65) ]
TOTAL THIS MO. 0
DPTR FM NORMAL 0 [PRESSURE DATA]
TOTAL FM JAN 1 0 HIGHEST SLP 30.39 ON 21
DPTR FM NORMAL 0 LOWEST SLP 29.28 ON 4
[REMARKS]
#FINAL-03-23#