000
CXUS55 KABQ 021525
CF6ABQ
PRELIMINARY LOCAL CLIMATOLOGICAL DATA (WS FORM: F-6)
STATION: ALBUQUERQUE NM
MONTH: APRIL
YEAR: 2023
LATITUDE: 35 2 N
LONGITUDE: 106 37 W
TEMPERATURE IN F: :PCPN: SNOW: WIND :SUNSHINE: SKY :PK WND
================================================================================
1 2 3 4 5 6A 6B 7 8 9 10 11 12 13 14 15 16 17 18
12Z AVG MX 2MIN
DY MAX MIN AVG DEP HDD CDD WTR SNW DPTH SPD SPD DIR MIN PSBL S-S WX SPD DR
================================================================================
1 65 33 49 -5 16 0 0.00 0.0 0 5.7 14 180 M M 3 19 180
2 73 36 55 1 10 0 0.00 0.0 0 9.7 30 270 M M 1 40 250
3 75 41 58 4 7 0 0.00 0.0 0 15.4 37 220 M M 1 49 230
4 58 31 45 -9 20 0 0.00 0.0 0 22.7 39 290 M M 2 59 290
5 51 21 36 -18 29 0 0.00 0.0 0 6.2 15 20 M M 2 21 210
6 64 31 48 -7 17 0 0.00 0.0 0 10.2 23 110 M M 3 31 120
7 67 41 54 -1 11 0 0.00 0.0 0 10.2 26 80 M M 4 31 80
8 69 41 55 0 10 0 T 0.0 0 6.8 21 190 M M 6 27 190
9 74 46 60 5 5 0 0.00 0.0 0 7.0 15 350 M M 4 21 340
10 78 49 64 9 1 0 0.00 0.0 0 5.8 21 80 M M 1 29 90
11 80 46 63 7 2 0 0.00 0.0 0 6.5 16 190 M M 1 23 170
12 81 51 66 10 0 1 T 0.0 0 9.7 32 220 M M 2 41 230
13 75 53 64 8 1 0 0.00 0.0 0 9.1 26 250 M M 7 36 250
14 68 49 59 3 6 0 0.00 0.0 0 11.9 31 290 M M 5 41 290
15 65 42 54 -2 11 0 0.00 0.0 0 11.8 28 310 M M 1 36 320
16 72 39 56 -1 9 0 0.00 0.0 0 6.2 14 360 M M 1 19 280
17 79 44 62 5 3 0 0.00 0.0 0 6.4 16 270 M M 5 25 250
18 76 48 62 5 3 0 0.00 0.0 0 10.8 26 280 M M 4 37 260
19 75 49 62 5 3 0 0.00 0.0 0 17.4 43 270 M M 3 60 270
20 63 41 52 -6 13 0 0.00 0.0 0 13.1 26 310 M M 0 33 310
21 70 39 55 -3 10 0 0.00 0.0 0 12.7 26 340 M M 3 37 340
22 69 44 57 -1 8 0 0.00 0.0 0 11.5 36 90 M M 7 48 90
23 68 36 52 -6 13 0 0.00 0.0 0 10.1 38 80 M M 5 46 80
24 73 47 60 1 5 0 T 0.0 0 8.9 22 350 M M 8 3 35 260
25 74 48 61 2 4 0 T 0.0 0 13.8 40 280 M M 6 8 66 250
26 67 40 54 -5 11 0 0.00 0.0 0 10.4 23 90 M M 3 30 90
27 77 41 59 -1 6 0 0.00 0.0 0 10.0 30 320 M M 4 39 320
28 62 46 54 -6 11 0 T 0.0 0 10.4 37 90 M M 4 48 90
29 77 40 59 -1 6 0 0.00 0.0 0 4.2 13 140 M M 1 15 160
30 87 46 67 7 0 2 0.00 0.0 0 10.5 30 90 M M 3 44 90
================================================================================
SM 2132 1259 251 3 T 0.0 305.1 M 100
================================================================================
AV 71.1 42.0 10.2 FASTST M M 3 MAX(MPH)
MISC ----> 43 270 66 250
================================================================================
NOTES:
# LAST OF SEVERAL OCCURRENCES
COLUMN 17 PEAK WIND IN M.P.H.
PRELIMINARY LOCAL CLIMATOLOGICAL DATA (WS FORM: F-6) , PAGE 2
STATION: ALBUQUERQUE NM
MONTH: APRIL
YEAR: 2023
LATITUDE: 35 2 N
LONGITUDE: 106 37 W
[TEMPERATURE DATA] [PRECIPITATION DATA] SYMBOLS USED IN COLUMN 16
AVERAGE MONTHLY: 56.5 TOTAL FOR MONTH: T 1 = FOG OR MIST
DPTR FM NORMAL: -0.3 DPTR FM NORMAL: -0.51 2 = FOG REDUCING VISIBILITY
HIGHEST: 87 ON 30 GRTST 24HR T ON 8- 8 TO 1/4 MILE OR LESS
LOWEST: 21 ON 5 3 = THUNDER
SNOW, ICE PELLETS, HAIL 4 = ICE PELLETS
TOTAL MONTH: 0.0 INCH 5 = HAIL
GRTST 24HR 0.0 6 = FREEZING RAIN OR DRIZZLE
GRTST DEPTH: 0 7 = DUSTSTORM OR SANDSTORM:
VSBY 1/2 MILE OR LESS
8 = SMOKE OR HAZE
[NO. OF DAYS WITH] [WEATHER - DAYS WITH] 9 = BLOWING SNOW
X = TORNADO
MAX 32 OR BELOW: 0 0.01 INCH OR MORE: 0
MAX 90 OR ABOVE: 0 0.10 INCH OR MORE: 0
MIN 32 OR BELOW: 3 0.50 INCH OR MORE: 0
MIN 0 OR BELOW: 0 1.00 INCH OR MORE: 0
[HDD (BASE 65) ]
TOTAL THIS MO. 251 CLEAR (SCALE 0-3) 17
DPTR FM NORMAL -4 PTCLDY (SCALE 4-7) 13
TOTAL FM JUL 1 4119 CLOUDY (SCALE 8-10) 0
DPTR FM NORMAL 193
[CDD (BASE 65) ]
TOTAL THIS MO. 3
DPTR FM NORMAL -4 [PRESSURE DATA]
TOTAL FM JAN 1 3 HIGHEST SLP 30.24 ON 16
DPTR FM NORMAL -4 LOWEST SLP 29.31 ON 4
[REMARKS]
#FINAL-04-23#