000
CXUS55 KABQ 011116
CF6ABQ
PRELIMINARY LOCAL CLIMATOLOGICAL DATA (WS FORM: F-6)
STATION: ALBUQUERQUE NM
MONTH: JULY
YEAR: 2022
LATITUDE: 35 2 N
LONGITUDE: 106 37 W
TEMPERATURE IN F: :PCPN: SNOW: WIND :SUNSHINE: SKY :PK WND
================================================================================
1 2 3 4 5 6A 6B 7 8 9 10 11 12 13 14 15 16 17 18
12Z AVG MX 2MIN
DY MAX MIN AVG DEP HDD CDD WTR SNW DPTH SPD SPD DIR MIN PSBL S-S WX SPD DR
================================================================================
1 91 66 79 0 0 14 0.00 0.0 0 7.7 30 160 M M 6 36 150
2 89 68 79 0 0 14 0.00 0.0 0 8.7 24 150 M M 7 35 160
3 89 67 78 -1 0 13 T 0.0 0 6.0 20 280 M M 7 3 25 260
4 87 66 77 -2 0 12 0.00 0.0 0 4.9 25 230 M M 7 3 34 220
5 88 67 78 -1 0 13 0.00 0.0 0 6.8 24 330 M M 6 3 33 330
6 90 63 77 -2 0 12 0.00 0.0 0 6.8 22 210 M M 4 30 210
7 94 66 80 1 0 15 0.00 0.0 0 5.9 16 320 M M 3 23 340
8 95 70 83 4 0 18 0.00 0.0 0 7.9 25 90 M M 4 31 90
9 97 69 83 4 0 18 0.20 0.0 0 9.0 44 110 M M 4 3 58 110
10 94 66 80 1 0 15 0.00 0.0 0 4.3 15 230 M M 3 20 240
11 96 70 83 4 0 18 T 0.0 0 5.8 24 160 M M 5 3 33 120
12 92 69 81 2 0 16 0.05 0.0 0 12.6 35 80 M M 8 3 46 80
13 91 66 79 0 0 14 0.00 0.0 0 6.8 16 150 M M 5 21 160
14 94 69 82 3 0 17 0.00 0.0 0 4.7 21 190 M M 4 3 28 180
15 95 72 84 5 0 19 0.00 0.0 0 5.2 15 220 M M 4 19 220
16 100 71 86 7 0 21 0.00 0.0 0 5.3 17 170 M M 2 3 26 150
17 99 75 87 8 0 22 0.00 0.0 0 10.4 23 110 M M 2 38 130
18 98 73 86 7 0 21 0.00 0.0 0 6.2 14 220 M M 6 20 230
19 102 71 87 8 0 22 0.00 0.0 0 5.9 21 300 M M 5 27 270
20 99 76 88 9 0 23 0.00 0.0 0 7.8 28 90 M M 7 39 90
21 99 73 86 7 0 21 0.00 0.0 0 8.1 20 70 M M 5 33 10
22 99 75 87 8 0 22 T 0.0 0 8.7 24 80 M M 4 33 80
23 98 68 83 4 0 18 0.04 0.0 0 5.6 12 10 M M 3 3 30 10
24 93 72 83 4 0 18 T 0.0 0 10.3 29 80 M M 5 3 34 80
25 93 69 81 2 0 16 T 0.0 0 9.1 39 140 M M 5 3 48 130
26 91 69 80 1 0 15 0.04 0.0 0 7.4 23 320 M M 6 3 31 260
27 87 68 78 0 0 13 T 0.0 0 6.0 22 120 M M 6 3 29 120
28 86 67 77 -1 0 12 0.16 0.0 0 9.0 28 120 M M 7 13 36 110
29 89 64 77 -1 0 12 0.41 0.0 0 7.0 38 110 M M 7 135 52 80
30 88 67 78 0 0 13 T 0.0 0 7.6 38 240 M M 6 378 47 240
31 91 65 78 0 0 13 0.11 0.0 0 4.3 23 270 M M 5 3 30 270
================================================================================
SM 2894 2137 0 510 1.01 0.0 221.8 M 158
================================================================================
AV 93.4 68.9 7.2 FASTST M M 5 MAX(MPH)
MISC ----> 44 110 58 110
================================================================================
NOTES:
# LAST OF SEVERAL OCCURRENCES
COLUMN 17 PEAK WIND IN M.P.H.
PRELIMINARY LOCAL CLIMATOLOGICAL DATA (WS FORM: F-6) , PAGE 2
STATION: ALBUQUERQUE NM
MONTH: JULY
YEAR: 2022
LATITUDE: 35 2 N
LONGITUDE: 106 37 W
[TEMPERATURE DATA] [PRECIPITATION DATA] SYMBOLS USED IN COLUMN 16
AVERAGE MONTHLY: 81.1 TOTAL FOR MONTH: 1.01 1 = FOG OR MIST
DPTR FM NORMAL: 2.2 DPTR FM NORMAL: -0.63 2 = FOG REDUCING VISIBILITY
HIGHEST: 102 ON 19 GRTST 24HR 0.55 ON 28-29 TO 1/4 MILE OR LESS
LOWEST: 63 ON 6 3 = THUNDER
SNOW, ICE PELLETS, HAIL 4 = ICE PELLETS
TOTAL MONTH: 0.0 INCH 5 = HAIL
GRTST 24HR 0.0 6 = FREEZING RAIN OR DRIZZLE
GRTST DEPTH: 0 7 = DUSTSTORM OR SANDSTORM:
VSBY 1/2 MILE OR LESS
8 = SMOKE OR HAZE
[NO. OF DAYS WITH] [WEATHER - DAYS WITH] 9 = BLOWING SNOW
X = TORNADO
MAX 32 OR BELOW: 0 0.01 INCH OR MORE: 7
MAX 90 OR ABOVE: 23 0.10 INCH OR MORE: 4
MIN 32 OR BELOW: 0 0.50 INCH OR MORE: 0
MIN 0 OR BELOW: 0 1.00 INCH OR MORE: 0
[HDD (BASE 65) ]
TOTAL THIS MO. 0 CLEAR (SCALE 0-3) 4
DPTR FM NORMAL 0 PTCLDY (SCALE 4-7) 27
TOTAL FM JUL 1 0 CLOUDY (SCALE 8-10) 0
DPTR FM NORMAL 0
[CDD (BASE 65) ]
TOTAL THIS MO. 510
DPTR FM NORMAL 81 [PRESSURE DATA]
TOTAL FM JAN 1 1005 HIGHEST SLP 30.16 ON 10
DPTR FM NORMAL 128 LOWEST SLP 29.70 ON 23
[REMARKS]
#FINAL-07-22#