000
CXUS54 KLZK 011130
CF6ADF
PRELIMINARY LOCAL CLIMATOLOGICAL DATA (WS FORM: F-6)
STATION: ARKADELPHIA AIRPORT
MONTH: JUNE
YEAR: 2021
LATITUDE: 34 9 N
LONGITUDE: 93 4 W
TEMPERATURE IN F: :PCPN: SNOW: WIND :SUNSHINE: SKY :PK WND
================================================================================
1 2 3 4 5 6A 6B 7 8 9 10 11 12 13 14 15 16 17 18
12Z AVG MX 2MIN
DY MAX MIN AVG DEP HDD CDD WTR SNW DPTH SPD SPD DIR MIN PSBL S-S WX SPD DR
================================================================================
1 80 65 73 -1 0 8 0.97 M M 1.8 9 250 M M 3 3 M M
2 78 63 71 -3 0 6 0.00 M M 3.5 10 260 M M 7 18 M M
3 83 60 72 -3 0 7 0.00 M M 1.3 5 99 M M 3 M M
4 84 60 72 -3 0 7 0.00 M M 1.0 6 190 M M 0 8 M M
5 78 65 72 -3 0 7 0.42 M M 0.6 6 30 M M 8 8 M M
6 82 68 75 -1 0 10 0.47 M M 2.1 7 180 M M 6 M M
7 80 67 74 -2 0 9 1.99 M M 2.8 18 250 M M 9 138 25 250
8 78 69 74 -2 0 9 0.96 M M 1.5 23 240 M M 8 1 31 230
9 90 71 81 5 0 16 0.00 M M 2.7 10 240 M M 5 18 M M
10 90 75 83 7 0 18 0.00 M M 5.3 10 210 M M 4 18 M M
11 90 73 82 5 0 17 0.00 0.0 0 3.8 12 230 M M 5 18 M M
12 93 73 83 6 0 18 0.00 M M 2.4 10 220 M M 2 8 M M
13 94 73 84 7 0 19 0.00 M M 3.1 8 20 M M 1 18 16 30
14 92 69 81 4 0 16 0.00 M M 2.2 7 360 M M 0 M M
15 93 65 79 2 0 14 0.00 0.0 0 1.1 5 360 M M 0 M M
16 92 70 81 3 0 16 0.00 M M 1.4 5 99 M M 0 18 M M
17 91 69 80 2 0 15 0.00 M M 3.0 8 160 M M 1 M M
18 91 68 80 2 0 15 0.00 M M 1.7 7 99 M M 2 18 M M
19 92 65 79 1 0 14 0.00 M M 1.0 6 270 M M 1 M M
20 94 68 81 3 0 16 0.00 0.0 0 5.5 14 180 M M 2 8 23 200
21 90 67 79 1 0 14 0.01 0.0 0 8.2 18 330 M M 5 8 25 330
22 83 57 70 -9 0 5 0.00 0.0 0 2.8 7 99 M M 0 M M
23 86 55 71 -8 0 6 0.00 0.0 0 1.5 5 160 M M 3 8 M M
24 93 70 82 3 0 17 0.00 0.0 0 3.7 9 180 M M 5 8 M M
25 93 72 83 4 0 18 0.00 0.0 0 5.3 13 190 M M 4 18 17 190
26 91 75 83 4 0 18 0.00 0.0 0 5.8 12 200 M M 4 12 17 190
27 92 73 83 4 0 18 0.00 0.0 0 5.0 9 150 M M 3 1 16 150
28 90 72 81 1 0 16 0.05 M M 2.5 15 180 M M 4 3 18 180
29 92 70 81 1 0 16 0.01 M M 1.7 6 99 M M 4 M M
30 92 70 81 1 0 16 0.00 M M 1.9 8 230 M M 2 18 M M
================================================================================
SM 2647 2037 0 401 4.88 0.0 86.3 M 101
================================================================================
AV 88.2 67.9 2.9 FASTST M M 3 MAX(MPH)
MISC ----> 23 240 31 230
================================================================================
NOTES:
# LAST OF SEVERAL OCCURRENCES
COLUMN 17 PEAK WIND IN M.P.H.
PRELIMINARY LOCAL CLIMATOLOGICAL DATA (WS FORM: F-6) , PAGE 2
STATION: ARKADELPHIA AIRPORT
MONTH: JUNE
YEAR: 2021
LATITUDE: 34 9 N
LONGITUDE: 93 4 W
[TEMPERATURE DATA] [PRECIPITATION DATA] SYMBOLS USED IN COLUMN 16
AVERAGE MONTHLY: 78.1 TOTAL FOR MONTH: 4.88 1 = FOG OR MIST
DPTR FM NORMAL: 0.7 DPTR FM NORMAL: 0.95 2 = FOG REDUCING VISIBILITY
HIGHEST: 94 ON 20,13 GRTST 24HR 1.99 ON 7- 7 TO 1/4 MILE OR LESS
LOWEST: 55 ON 23 3 = THUNDER
SNOW, ICE PELLETS, HAIL 4 = ICE PELLETS
TOTAL MONTH: 0.0 INCH 5 = HAIL
GRTST 24HR 0.0 6 = FREEZING RAIN OR DRIZZLE
GRTST DEPTH: 0 7 = DUSTSTORM OR SANDSTORM:
VSBY 1/2 MILE OR LESS
8 = SMOKE OR HAZE
[NO. OF DAYS WITH] [WEATHER - DAYS WITH] 9 = BLOWING SNOW
X = TORNADO
MAX 32 OR BELOW: 0 0.01 INCH OR MORE: 8
MAX 90 OR ABOVE: 20 0.10 INCH OR MORE: 5
MIN 32 OR BELOW: 0 0.50 INCH OR MORE: 3
MIN 0 OR BELOW: 0 1.00 INCH OR MORE: 1
[HDD (BASE 65) ]
TOTAL THIS MO. 0 CLEAR (SCALE 0-3) 14
DPTR FM NORMAL 0 PTCLDY (SCALE 4-7) 14
TOTAL FM JUL 1 2977 CLOUDY (SCALE 8-10) 2
DPTR FM NORMAL -50
[CDD (BASE 65) ]
TOTAL THIS MO. 401
DPTR FM NORMAL 30 [PRESSURE DATA]
TOTAL FM JAN 1 600 HIGHEST SLP M ON M
DPTR FM NORMAL -8 LOWEST SLP M ON M
[REMARKS]
#FINAL-06-21#