000
CXAK56 PAFC 011003
CF6ADQ
PRELIMINARY LOCAL CLIMATOLOGICAL DATA (WS FORM: F-6)
STATION: KODIAK
MONTH: JULY
YEAR: 2023
LATITUDE: 57 45 N
LONGITUDE: 152 31 W
TEMPERATURE IN F: :PCPN: SNOW: WIND :SUNSHINE: SKY :PK WND
================================================================================
1 2 3 4 5 6A 6B 7 8 9 10 11 12 13 14 15 16 17 18
12Z AVG MX 2MIN
DY MAX MIN AVG DEP HDD CDD WTR SNW DPTH SPD SPD DIR MIN PSBL S-S WX SPD DR
================================================================================
1 53 48 51 -3 14 0 0.53 M M 12.2 22 70 M M 10 1 26 70
2 54 48 51 -4 14 0 0.97 M M 12.1 18 70 M M 10 1 23 50
3 54 48 51 -4 14 0 0.20 M M 10.1 18 100 M M 9 1 22 110
4 51 48 50 -5 15 0 0.19 M M 11.3 23 110 M M 9 1 28 120
5 51 48 50 -5 15 0 0.22 M M 11.0 18 130 M M 10 12 23 130
6 66 48 57 2 8 0 T M M 9.3 17 180 M M 8 1 20 180
7 59 45 52 -3 13 0 0.00 M M 8.5 18 180 M M 6 22 200
8 60 42 51 -5 14 0 0.00 M M 7.6 15 170 M M 6 20 210
9 54 49 52 -4 13 0 0.06 M M 10.8 18 140 M M 10 1 23 140
10 54 48 51 -5 14 0 0.00 M M 6.1 9 110 M M 10 1 13 90
11 54 49 52 -4 13 0 1.48 M M 6.7 16 300 M M 10 1 20 290
12 63 50 57 1 8 0 0.24 M M 5.8 15 10 M M 7 1 22 320
13 70 48 59 3 6 0 0.00 M M 5.4 12 310 M M 1 16 340
14 66 52 59 3 6 0 T M M 4.6 12 330 M M 7 15 330
15 60 53 57 1 8 0 0.84 M M 6.2 15 140 M M 10 1 19 200
16 63 52 58 2 7 0 0.10 M M 6.2 15 310 M M 9 1 19 320
17 58 53 56 0 9 0 0.13 M M 8.8 14 30 M M 10 1 18 300
18 64 53 59 3 6 0 0.20 M M 6.2 14 60 M M 10 1 17 330
19 57 51 54 -3 11 0 0.73 M M 3.4 12 70 M M 10 12 14 70
20 57 50 54 -3 11 0 0.01 M M 3.6 13 300 M M 5 12 16 310
21 65 45 55 -2 10 0 0.00 M M 3.5 7 40 M M 0 9 30
22 59 47 53 -4 12 0 0.00 M M 3.2 8 310 M M 4 128 14 80
23 67 46 57 0 8 0 0.00 M M 6.1 10 40 M M 0 17 40
24 61 47 54 -3 11 0 0.00 M M 8.3 16 140 M M 5 21 140
25 66 44 55 -2 10 0 0.00 M M 5.8 13 50 M M 1 21 70
26 62 51 57 0 8 0 T M M 5.9 12 30 M M 7 15 30
27 59 54 57 0 8 0 0.01 M M 9.1 16 110 M M 10 21 100
28 62 53 58 1 7 0 0.20 M M 10.5 21 160 M M 9 1 25 150
29 65 53 59 2 6 0 0.02 M M 8.8 17 310 M M 9 1 27 320
30 71 53 62 5 3 0 0.00 M M 7.7 15 290 M M 7 21 270
31 63 52 58 1 7 0 0.00 M M 2.7 8 40 M M 8 11 20
================================================================================
SM 1868 1528 309 0 6.13 M 227.5 M 227
================================================================================
AV 60.3 49.3 7.3 FASTST M M 7 MAX(MPH)
MISC ----> 23 110 28 120
================================================================================
NOTES:
# LAST OF SEVERAL OCCURRENCES
COLUMN 17 PEAK WIND IN M.P.H.
PRELIMINARY LOCAL CLIMATOLOGICAL DATA (WS FORM: F-6) , PAGE 2
STATION: KODIAK
MONTH: JULY
YEAR: 2023
LATITUDE: 57 45 N
LONGITUDE: 152 31 W
[TEMPERATURE DATA] [PRECIPITATION DATA] SYMBOLS USED IN COLUMN 16
AVERAGE MONTHLY: 54.8 TOTAL FOR MONTH: 6.13 1 = FOG OR MIST
DPTR FM NORMAL: -1.4 DPTR FM NORMAL: 1.62 2 = FOG REDUCING VISIBILITY
HIGHEST: 71 ON 30 GRTST 24HR 1.53 ON 11-12 TO 1/4 MILE OR LESS
LOWEST: 42 ON 8 3 = THUNDER
SNOW, ICE PELLETS, HAIL 4 = ICE PELLETS
TOTAL MONTH: M 5 = HAIL
GRTST 24HR M ON M 6 = FREEZING RAIN OR DRIZZLE
GRTST DEPTH: M ON M 7 = DUSTSTORM OR SANDSTORM:
VSBY 1/2 MILE OR LESS
8 = SMOKE OR HAZE
[NO. OF DAYS WITH] [WEATHER - DAYS WITH] 9 = BLOWING SNOW
X = TORNADO
MAX 32 OR BELOW: 0 0.01 INCH OR MORE: 17
MAX 90 OR ABOVE: 0 0.10 INCH OR MORE: 13
MIN 32 OR BELOW: 0 0.50 INCH OR MORE: 5
MIN 0 OR BELOW: 0 1.00 INCH OR MORE: 1
[HDD (BASE 65) ]
TOTAL THIS MO. 309 CLEAR (SCALE 0-3) 4
DPTR FM NORMAL 32 PTCLDY (SCALE 4-7) 10
TOTAL FM JUL 1 309 CLOUDY (SCALE 8-10) 17
DPTR FM NORMAL 33
[CDD (BASE 65) ]
TOTAL THIS MO. 0
DPTR FM NORMAL -3 [PRESSURE DATA]
TOTAL FM JAN 1 0 HIGHEST SLP M ON M
DPTR FM NORMAL -4 LOWEST SLP 29.72 ON 16
[REMARKS]
#FINAL-07-23#