000
CXAK56 PAFC 011017
CF6ADQ
PRELIMINARY LOCAL CLIMATOLOGICAL DATA (WS FORM: F-6)
STATION: KODIAK
MONTH: MARCH
YEAR: 2022
LATITUDE: 57 45 N
LONGITUDE: 152 31 W
TEMPERATURE IN F: :PCPN: SNOW: WIND :SUNSHINE: SKY :PK WND
================================================================================
1 2 3 4 5 6A 6B 7 8 9 10 11 12 13 14 15 16 17 18
12Z AVG MX 2MIN
DY MAX MIN AVG DEP HDD CDD WTR SNW DPTH SPD SPD DIR MIN PSBL S-S WX SPD DR
================================================================================
1 41 26 34 2 31 0 0.00 M M 3.9 9 320 M M 7 11 340
2 40 24 32 0 33 0 0.27 M M 9.6 35 110 M M 8 1 39 110
3 43 28 36 4 29 0 0.30 M M M M M M M M M M
4 47 36 42 10 23 0 0.62 M M 8.9 29 140 M M 5 1 40 130
5 45 35 40 8 25 0 T M M 9.5 28 270 M M 7 1 33 270
6 45 32 39 7 26 0 0.00 M M 13.6 22 260 M M 0 26 290
7 41 37 39 7 26 0 1.06 M M 19.2 29 40 M M 10 1 36 40
8 42 40 41 9 24 0 0.87 M M 10.4 20 80 M M 10 1 22 90
9 42 40 41 8 24 0 1.15 M M 13.4 22 40 M M 10 1 26 30
10 44 36 40 7 25 0 0.44 M M 8.5 22 70 M M 9 1 26 70
11 43 36 40 7 25 0 0.04 M M 6.3 14 100 M M 10 1 16 100
12 43 37 40 7 25 0 0.08 M M 7.0 15 110 M M 9 17 100
13 41 38 40 7 25 0 0.22 M M 17.1 32 20 M M 10 1 44 30
14 45 31 38 5 27 0 0.21 M M 11.8 31 30 M M 9 1 36 30
15 41 26 34 1 31 0 0.11 M M 6.2 14 60 M M 5 18 16 60
16 43 22 33 0 32 0 0.08 M M 8.5 21 220 M M 10 26 210
17 34 19 27 -6 38 0 0.04 M M 6.6 20 30 M M 5 18 23 30
18 35 28 32 -1 33 0 0.38 M M 19.0 33 290 M M 10 12 43 280
19 39 28 34 1 31 0 0.35 M M 12.1 30 20 M M 8 18 39 20
20 39 35 37 4 28 0 0.46 M M 14.9 31 30 M M 9 1 40 30
21 42 33 38 5 27 0 0.00 M M 14.2 25 280 M M 1 33 290
22 36 30 33 -1 32 0 0.02 M M 12.1 26 290 M M 8 18 38 320
23 36 28 32 -2 33 0 0.10 M M 5.1 17 170 M M 8 1 22 160
24 40 20 30 -4 35 0 1.06 M M 8.9 23 30 M M 9 12 29 10
25 44 35 40 6 25 0 0.08 M M 9.6 22 40 M M 9 1 25 40
26 42 29 36 2 29 0 0.04 M M 5.6 20 170 M M 7 1 24 150
27 39 32 36 2 29 0 1.43 M M 21.6 37 90 M M 10 128 44 90
28 41 35 38 4 27 0 0.69 M M 9.1 17 70 M M 10 1 19 70
29 42 32 37 2 28 0 0.17 M M 4.5 15 100 M M 10 1 16 100
30 42 26 34 -1 31 0 0.02 M M 8.0 20 90 M M 6 1 22 90
31 41 38 40 5 25 0 0.12 M M 22.8 37 40 M M 10 1 49 10
================================================================================
SM 1278 972 882 0 10.41 M 328.0 M 239
================================================================================
AV 41.2 31.4 10.9 FASTST M M 8 MAX(MPH)
MISC ----> # 37 90 49 10
================================================================================
NOTES:
# LAST OF SEVERAL OCCURRENCES
COLUMN 17 PEAK WIND IN M.P.H.
PRELIMINARY LOCAL CLIMATOLOGICAL DATA (WS FORM: F-6) , PAGE 2
STATION: KODIAK
MONTH: MARCH
YEAR: 2022
LATITUDE: 57 45 N
LONGITUDE: 152 31 W
[TEMPERATURE DATA] [PRECIPITATION DATA] SYMBOLS USED IN COLUMN 16
AVERAGE MONTHLY: 36.3 TOTAL FOR MONTH: 10.41 1 = FOG OR MIST
DPTR FM NORMAL: 3.1 DPTR FM NORMAL: 5.59 2 = FOG REDUCING VISIBILITY
HIGHEST: 47 ON 4 GRTST 24HR 1.99 ON 27-28 TO 1/4 MILE OR LESS
LOWEST: 19 ON 17 3 = THUNDER
SNOW, ICE PELLETS, HAIL 4 = ICE PELLETS
TOTAL MONTH: M 5 = HAIL
GRTST 24HR M ON M 6 = FREEZING RAIN OR DRIZZLE
GRTST DEPTH: M ON M 7 = DUSTSTORM OR SANDSTORM:
VSBY 1/2 MILE OR LESS
8 = SMOKE OR HAZE
[NO. OF DAYS WITH] [WEATHER - DAYS WITH] 9 = BLOWING SNOW
X = TORNADO
MAX 32 OR BELOW: 0 0.01 INCH OR MORE: 27
MAX 90 OR ABOVE: 0 0.10 INCH OR MORE: 19
MIN 32 OR BELOW: 17 0.50 INCH OR MORE: 7
MIN 0 OR BELOW: 0 1.00 INCH OR MORE: 4
[HDD (BASE 65) ]
TOTAL THIS MO. 882 CLEAR (SCALE 0-3) 2
DPTR FM NORMAL -104 PTCLDY (SCALE 4-7) 10
TOTAL FM JUL 1 5107 CLOUDY (SCALE 8-10) 19
DPTR FM NORMAL -1422
[CDD (BASE 65) ]
TOTAL THIS MO. 0
DPTR FM NORMAL 0 [PRESSURE DATA]
TOTAL FM JAN 1 0 HIGHEST SLP M ON M
DPTR FM NORMAL 0 LOWEST SLP 29.02 ON 16
[REMARKS]
#FINAL-03-22#