000
CXUS54 KLCH 011524
CF6AEX
PRELIMINARY LOCAL CLIMATOLOGICAL DATA (WS FORM: F-6)
STATION: ALEXANDRIA
MONTH: JANUARY
YEAR: 2023
LATITUDE: 31 19 N
LONGITUDE: 92 33 W
TEMPERATURE IN F: :PCPN: SNOW: WIND :SUNSHINE: SKY :PK WND
================================================================================
1 2 3 4 5 6A 6B 7 8 9 10 11 12 13 14 15 16 17 18
12Z AVG MX 2MIN
DY MAX MIN AVG DEP HDD CDD WTR SNW DPTH SPD SPD DIR MIN PSBL S-S WX SPD DR
================================================================================
1 72 53 63 14 2 0 0.00 0.0 M 7.4 13 160 M M 8 1 17 160
2 80 71 76 27 0 11 0.19 0.0 M 14.4 26 170 M M 9 13 38 170
3 80 62 71 22 0 6 1.90 0.0 M 9.3 22 290 M M 9 123 31 300
4 72 50 61 12 4 0 0.00 0.0 M 5.6 16 290 M M 0 8 20 250
5 66 42 54 5 11 0 0.00 0.0 M 2.6 15 320 M M 0 1 19 310
6 71 40 56 7 9 0 0.00 0.0 M 6.5 14 150 M M 0 1 18 160
7 79 52 66 17 0 1 1.40 0.0 M 7.4 23 280 M M 5 13 29 280
8 68 49 59 10 6 0 0.26 M M 6.3 15 240 M M 6 13 21 200
9 63 44 54 5 11 0 0.00 0.0 M 2.8 12 120 M M 4 12 14 110
10 72 45 59 10 6 0 0.00 0.0 M 6.0 15 200 M M 5 12 20 200
11 79 65 72 23 0 7 0.00 0.0 M 12.9 23 200 M M 5 1 30 210
12 73 46 60 11 5 0 0.01 M M 16.1 26 300 M M 4 1 35 310
13 56 37 47 -2 18 0 0.00 0.0 M 8.8 23 360 M M 2 1 31 350
14 56 31 44 -5 21 0 0.00 0.0 M 3.7 9 160 M M 0 1 11 140
15 65 36 51 2 14 0 0.00 0.0 M 10.5 22 150 M M 2 28 150
16 74 58 66 17 0 1 T 0.0 M 9.9 23 190 M M 10 31 190
17 78 66 72 23 0 7 0.00 0.0 M 7.6 15 220 M M 6 18 20 220
18 79 54 67 18 0 2 0.70 0.0 M 11.6 25 320 M M 9 123 36 190
19 69 47 58 9 7 0 0.00 0.0 M 6.7 16 290 M M 0 12 21 270
20 57 45 51 2 14 0 0.06 M M 5.3 12 30 M M 5 16 40
21 52 49 51 2 14 0 0.99 M M 5.0 10 80 M M 10 1 14 70
22 60 41 51 2 14 0 0.00 0.0 M 10.4 20 310 M M 5 1 25 340
23 60 36 48 -1 17 0 0.00 0.0 M 5.2 13 60 M M 0 19 50
24 58 45 52 3 13 0 1.86 M M 11.7 31 290 M M 8 13 41 260
25 50 42 46 -4 19 0 0.00 0.0 M 12.9 25 290 M M 9 33 270
26 55 36 46 -4 19 0 0.00 0.0 M 5.9 21 310 M M 1 24 300
27 60 31 46 -4 19 0 0.00 0.0 M 3.5 12 210 M M 1 15 200
28 70 43 57 7 8 0 0.00 0.0 M 12.3 28 170 M M 8 36 170
29 65 61 63 13 2 0 1.48 0.0 M 6.8 13 140 M M 10 18 18 50
30 62 52 57 7 8 0 0.01 0.0 M 5.7 13 330 M M 9 1 15 330
31 52 39 46 -4 19 0 0.08 M M 8.0 14 360 M M 10 1 19 360
================================================================================
SM 2053 1468 280 35 8.94 0.0 248.8 M 160
================================================================================
AV 66.2 47.4 8.0 FASTST M M 5 MAX(MPH)
MISC ----> 31 290 41 260
================================================================================
NOTES:
# LAST OF SEVERAL OCCURRENCES
COLUMN 17 PEAK WIND IN M.P.H.
PRELIMINARY LOCAL CLIMATOLOGICAL DATA (WS FORM: F-6) , PAGE 2
STATION: ALEXANDRIA
MONTH: JANUARY
YEAR: 2023
LATITUDE: 31 19 N
LONGITUDE: 92 33 W
[TEMPERATURE DATA] [PRECIPITATION DATA] SYMBOLS USED IN COLUMN 16
AVERAGE MONTHLY: 56.8 TOTAL FOR MONTH: 8.94 1 = FOG OR MIST
DPTR FM NORMAL: 7.5 DPTR FM NORMAL: 3.47 2 = FOG REDUCING VISIBILITY
HIGHEST: 80 ON 3, 2 GRTST 24HR 1.90 ON 3- 3 TO 1/4 MILE OR LESS
LOWEST: 31 ON 27,14 3 = THUNDER
SNOW, ICE PELLETS, HAIL 4 = ICE PELLETS
TOTAL MONTH: 0.0 INCH 5 = HAIL
GRTST 24HR 0.0 6 = FREEZING RAIN OR DRIZZLE
GRTST DEPTH: M ON M 7 = DUSTSTORM OR SANDSTORM:
VSBY 1/2 MILE OR LESS
8 = SMOKE OR HAZE
[NO. OF DAYS WITH] [WEATHER - DAYS WITH] 9 = BLOWING SNOW
X = TORNADO
MAX 32 OR BELOW: 0 0.01 INCH OR MORE: 12
MAX 90 OR ABOVE: 0 0.10 INCH OR MORE: 8
MIN 32 OR BELOW: 2 0.50 INCH OR MORE: 6
MIN 0 OR BELOW: 0 1.00 INCH OR MORE: 4
[HDD (BASE 65) ]
TOTAL THIS MO. 280 CLEAR (SCALE 0-3) 10
DPTR FM NORMAL -215 PTCLDY (SCALE 4-7) 11
TOTAL FM JUL 1 943 CLOUDY (SCALE 8-10) 10
DPTR FM NORMAL -321
[CDD (BASE 65) ]
TOTAL THIS MO. 35
DPTR FM NORMAL 29 [PRESSURE DATA]
TOTAL FM JAN 1 35 HIGHEST SLP 30.42 ON 27
DPTR FM NORMAL 29 LOWEST SLP 29.57 ON 24
[REMARKS]
#FINAL-01-23#