000
CXUS54 KLCH 012144
CF6AEX
PRELIMINARY LOCAL CLIMATOLOGICAL DATA (WS FORM: F-6)
STATION: ALEXANDRIA
MONTH: MARCH
YEAR: 2021
LATITUDE: 31 19 N
LONGITUDE: 92 33 W
TEMPERATURE IN F: :PCPN: SNOW: WIND :SUNSHINE: SKY :PK WND
================================================================================
1 2 3 4 5 6A 6B 7 8 9 10 11 12 13 14 15 16 17 18
12Z AVG MX 2MIN
DY MAX MIN AVG DEP HDD CDD WTR SNW DPTH SPD SPD DIR MIN PSBL S-S WX SPD DR
================================================================================
1 71 47 59 3 6 0 0.37 0.0 M 10.1 20 40 M M 10 1 32 60
2 54 39 47 -9 18 0 1.06 0.0 M 8.7 16 40 M M 8 1 24 40
3 65 35 50 -6 15 0 0.00 0.0 M 4.1 9 60 M M 0 1 20 350
4 71 38 55 -1 10 0 0.00 0.0 M 2.0 9 140 M M 0 1 13 130
5 65 47 56 -1 9 0 0.09 0.0 M 5.8 14 40 M M 5 1 23 30
6 64 46 55 -2 10 0 0.00 0.0 M 9.9 17 30 M M 4 25 30
7 67 40 54 -3 11 0 0.00 0.0 M 6.3 17 60 M M 0 23 70
8 71 36 54 -4 11 0 0.00 0.0 M 5.2 15 120 M M 0 21 140
9 73 46 60 2 5 0 0.00 0.0 M 10.4 21 150 M M 2 8 29 170
10 77 58 68 10 0 3 T 0.0 M 12.7 24 190 M M 8 35 190
11 81 64 73 15 0 8 0.00 0.0 M 10.9 20 160 M M 5 27 170
12 79 63 71 13 0 6 0.00 0.0 M 7.1 13 130 M M 4 17 140
13 81 64 73 14 0 8 0.00 0.0 M 6.9 15 170 M M 4 18 22 120
14 81 62 72 13 0 7 T 0.0 M 12.1 24 160 M M 8 8 32 170
15 84 63 74 15 0 9 0.26 0.0 M 7.7 17 230 M M 6 38 23 220
16 80 65 73 14 0 8 0.10 0.0 M 7.2 20 190 M M 6 138 27 200
17 80 56 68 8 0 3 0.24 0.0 M 11.5 23 290 M M 6 8 32 300
18 63 49 56 -4 9 0 0.00 0.0 M 16.1 25 310 M M M 34 300
19 54 48 51 -9 14 0 0.00 0.0 0 8.9 16 10 M M 9 22 350
20 57 42 50 -10 15 0 0.00 0.0 M 4.8 9 310 M M 7 8 13 350
21 70 39 55 -5 10 0 0.00 0.0 M 3.7 12 190 M M 2 1 M M
22 74 46 60 -1 5 0 0.02 M M 10.6 30 120 M M 7 1 40 120
23 81 62 72 11 0 7 0.12 0.0 M 9.0 22 140 M M 5 13 31 140
24 75 57 66 5 0 1 0.02 0.0 M 9.4 17 110 M M 9 13 22 100
25 84 58 71 10 0 6 T 0.0 M 9.2 23 280 M M 5 18 32 270
26 83 51 67 5 0 2 T 0.0 M 7.7 16 130 M M 2 18 22 120
27 83 71 77 15 0 12 0.04 0.0 M 11.7 22 170 M M 10 18 31 160
28 74 47 61 -1 4 0 0.13 0.0 M 7.2 23 360 M M 4 18 34 10
29 72 38 55 -7 10 0 0.00 0.0 M 3.7 14 110 M M 0 1 18 110
30 81 51 66 4 0 1 0.02 0.0 0 10.0 24 190 M M 7 18 33 170
31 74 45 60 -2 5 0 0.25 M M 8.9 30 30 M M 7 13 47 40
================================================================================
SM 2269 1573 167 81 2.72 0.0 259.5 M 150
================================================================================
AV 73.2 50.7 8.4 FASTST M M 5 MAX(MPH)
MISC ----> # 30 120 47 40
================================================================================
NOTES:
# LAST OF SEVERAL OCCURRENCES
COLUMN 17 PEAK WIND IN M.P.H.
PRELIMINARY LOCAL CLIMATOLOGICAL DATA (WS FORM: F-6) , PAGE 2
STATION: ALEXANDRIA
MONTH: MARCH
YEAR: 2021
LATITUDE: 31 19 N
LONGITUDE: 92 33 W
[TEMPERATURE DATA] [PRECIPITATION DATA] SYMBOLS USED IN COLUMN 16
AVERAGE MONTHLY: 62.0 TOTAL FOR MONTH: 2.72 1 = FOG OR MIST
DPTR FM NORMAL: 2.8 DPTR FM NORMAL: -2.33 2 = FOG REDUCING VISIBILITY
HIGHEST: 84 ON 25,15 GRTST 24HR 1.38 ON 1- 2 TO 1/4 MILE OR LESS
LOWEST: 35 ON 3 3 = THUNDER
SNOW, ICE PELLETS, HAIL 4 = ICE PELLETS
TOTAL MONTH: 0.0 INCH 5 = HAIL
GRTST 24HR 0.0 6 = FREEZING RAIN OR DRIZZLE
GRTST DEPTH: 0 7 = DUSTSTORM OR SANDSTORM:
VSBY 1/2 MILE OR LESS
8 = SMOKE OR HAZE
[NO. OF DAYS WITH] [WEATHER - DAYS WITH] 9 = BLOWING SNOW
X = TORNADO
MAX 32 OR BELOW: 0 0.01 INCH OR MORE: 13
MAX 90 OR ABOVE: 0 0.10 INCH OR MORE: 8
MIN 32 OR BELOW: 0 0.50 INCH OR MORE: 1
MIN 0 OR BELOW: 0 1.00 INCH OR MORE: 1
[HDD (BASE 65) ]
TOTAL THIS MO. 167 CLEAR (SCALE 0-3) 8
DPTR FM NORMAL -48 PTCLDY (SCALE 4-7) 16
TOTAL FM JUL 1 1886 CLOUDY (SCALE 8-10) 7
DPTR FM NORMAL 6
[CDD (BASE 65) ]
TOTAL THIS MO. 81
DPTR FM NORMAL 45 [PRESSURE DATA]
TOTAL FM JAN 1 101 HIGHEST SLP 30.52 ON 8
DPTR FM NORMAL 48 LOWEST SLP 29.57 ON 17
[REMARKS]
#FINAL-03-21#