000
CXUS52 KFFC 011010
CF6AHN
PRELIMINARY LOCAL CLIMATOLOGICAL DATA (WS FORM: F-6)
STATION: ATHENS
MONTH: JULY
YEAR: 2023
LATITUDE: 33 57 N
LONGITUDE: 83 19 W
TEMPERATURE IN F: :PCPN: SNOW: WIND :SUNSHINE: SKY :PK WND
================================================================================
1 2 3 4 5 6A 6B 7 8 9 10 11 12 13 14 15 16 17 18
12Z AVG MX 2MIN
DY MAX MIN AVG DEP HDD CDD WTR SNW DPTH SPD SPD DIR MIN PSBL S-S WX SPD DR
================================================================================
1 94 69 82 2 0 17 1.18 0.0 M 3.4 24 340 M M 2 13 43 360
2 91 69 80 0 0 15 T 0.0 M 2.7 17 300 M M 1 13 27 300
3 87 69 78 -2 0 13 0.05 0.0 M 3.0 12 290 M M 1 13 17 310
4 90 70 80 0 0 15 T 0.0 M 2.0 9 80 M M 1 3 16 290
5 87 72 80 -1 0 15 0.35 0.0 M 1.4 24 300 M M 1 138 40 300
6 91 72 82 1 0 17 T 0.0 M 3.8 10 300 M M 4 123 17 290
7 91 71 81 0 0 16 0.00 0.0 M 3.0 16 300 M M 1 3 23 330
8 93 68 81 0 0 16 0.62 0.0 M 2.5 17 280 M M 1 13 31 290
9 88 72 80 -1 0 15 T 0.0 M 5.6 16 290 M M 2 25 300
10 84 69 77 -4 0 12 0.38 0.0 M 2.7 10 100 M M 5 1 14 100
11 90 69 80 -1 0 15 0.00 0.0 M 2.4 10 300 M M 2 1 16 270
12 91 67 79 -2 0 14 0.00 0.0 M 1.2 7 240 M M 1 12 280
13 92 72 82 1 0 17 0.00 0.0 M 2.4 8 240 M M 2 17 220
14 92 73 83 2 0 18 0.00 0.0 M 3.0 9 310 M M 2 3 14 290
15 94 72 83 2 0 18 0.00 0.0 M 3.5 14 300 M M 2 3 24 320
16 91 72 82 1 0 17 0.00 0.0 M 5.9 14 300 M M 1 22 300
17 89 68 79 -2 0 14 0.00 0.0 M 3.0 9 10 M M 0 18 13 80
18 92 67 80 -1 0 15 0.00 0.0 M 2.6 9 270 M M 0 18 15 240
19 91 71 81 0 0 16 0.00 0.0 M 3.9 15 330 M M 1 24 320
20 93 69 81 0 0 16 0.69 0.0 M 4.7 40 320 M M 2 13 69 310
21 91 70 81 0 0 16 0.43 0.0 M 5.9 20 270 M M 3 13 35 290
22 87 69 78 -3 0 13 0.09 0.0 M 5.6 16 300 M M 4 13 23 310
23 91 68 80 -1 0 15 0.00 0.0 M 1.9 9 70 M M 3 13 280
24 90 68 79 -2 0 14 0.00 0.0 M 3.0 9 310 M M 3 14 40
25 92 67 80 -1 0 15 0.00 0.0 M 2.2 14 360 M M 0 20 360
26 93 68 81 0 0 16 0.00 0.0 M 1.8 9 90 M M 0 12 120
27 95 70 83 2 0 18 0.00 0.0 M 2.3 8 90 M M 0 13 130
28 93 71 82 1 0 17 T 0.0 M 2.5 16 10 M M 1 3 24 360
29 91 71 81 0 0 16 0.00 0.0 M 1.9 20 50 M M 2 3 26 40
30 93 70 82 1 0 17 0.00 0.0 M 5.2 13 300 M M 1 20 350
31 94 71 83 2 0 18 0.00 0.0 M 4.4 12 330 M M 1 18 15 310
================================================================================
SM 2821 2164 0 486 3.79 0.0 99.4 M 50
================================================================================
AV 91.0 69.8 3.2 FASTST M M 2 MAX(MPH)
MISC ----> 40 320 69 310
================================================================================
NOTES:
# LAST OF SEVERAL OCCURRENCES
COLUMN 17 PEAK WIND IN M.P.H.
PRELIMINARY LOCAL CLIMATOLOGICAL DATA (WS FORM: F-6) , PAGE 2
STATION: ATHENS
MONTH: JULY
YEAR: 2023
LATITUDE: 33 57 N
LONGITUDE: 83 19 W
[TEMPERATURE DATA] [PRECIPITATION DATA] SYMBOLS USED IN COLUMN 16
AVERAGE MONTHLY: 80.4 TOTAL FOR MONTH: 3.79 1 = FOG OR MIST
DPTR FM NORMAL: -0.6 DPTR FM NORMAL: -0.41 2 = FOG REDUCING VISIBILITY
HIGHEST: 95 ON 27 GRTST 24HR 1.18 ON 1- 1 TO 1/4 MILE OR LESS
LOWEST: 67 ON 25,18 3 = THUNDER
SNOW, ICE PELLETS, HAIL 4 = ICE PELLETS
TOTAL MONTH: 0.0 INCH 5 = HAIL
GRTST 24HR 0.0 6 = FREEZING RAIN OR DRIZZLE
GRTST DEPTH: M ON M 7 = DUSTSTORM OR SANDSTORM:
VSBY 1/2 MILE OR LESS
8 = SMOKE OR HAZE
[NO. OF DAYS WITH] [WEATHER - DAYS WITH] 9 = BLOWING SNOW
X = TORNADO
MAX 32 OR BELOW: 0 0.01 INCH OR MORE: 8
MAX 90 OR ABOVE: 25 0.10 INCH OR MORE: 6
MIN 32 OR BELOW: 0 0.50 INCH OR MORE: 3
MIN 0 OR BELOW: 0 1.00 INCH OR MORE: 1
[HDD (BASE 65) ]
TOTAL THIS MO. 0 CLEAR (SCALE 0-3) 28
DPTR FM NORMAL 0 PTCLDY (SCALE 4-7) 3
TOTAL FM JUL 1 0 CLOUDY (SCALE 8-10) 0
DPTR FM NORMAL 0
[CDD (BASE 65) ]
TOTAL THIS MO. 486
DPTR FM NORMAL -10 [PRESSURE DATA]
TOTAL FM JAN 1 989 HIGHEST SLP 30.16 ON 25
DPTR FM NORMAL -152 LOWEST SLP 29.79 ON 8
[REMARKS]
#FINAL-07-23#