000
CXUS52 KFFC 011010
CF6AHN
PRELIMINARY LOCAL CLIMATOLOGICAL DATA (WS FORM: F-6)
STATION: ATHENS
MONTH: MARCH
YEAR: 2022
LATITUDE: 33 57 N
LONGITUDE: 83 19 W
TEMPERATURE IN F: :PCPN: SNOW: WIND :SUNSHINE: SKY :PK WND
================================================================================
1 2 3 4 5 6A 6B 7 8 9 10 11 12 13 14 15 16 17 18
12Z AVG MX 2MIN
DY MAX MIN AVG DEP HDD CDD WTR SNW DPTH SPD SPD DIR MIN PSBL S-S WX SPD DR
================================================================================
1 70 36 53 2 12 0 0.00 0.0 M 3.1 10 260 M M 0 16 290
2 79 39 59 8 6 0 0.00 0.0 M 3.7 15 290 M M 0 26 290
3 82 44 63 11 2 0 0.00 0.0 M 3.9 13 270 M M 0 22 300
4 71 44 58 6 7 0 0.00 0.0 M 7.0 17 70 M M 0 24 70
5 76 48 62 10 3 0 0.00 0.0 M 4.9 9 170 M M 3 1 20 120
6 81 57 69 17 0 4 0.00 0.0 M 5.2 13 210 M M 3 1 24 210
7 78 56 67 14 0 2 0.12 0.0 M 6.6 20 280 M M 7 18 36 290
8 61 48 55 2 10 0 1.47 M M 4.3 16 80 M M 7 138 22 90
9 63 49 56 3 9 0 0.46 M M 4.6 17 350 M M 7 13 26 360
10 52 47 50 -3 15 0 T 0.0 M 6.0 15 50 M M 8 1 20 50
11 58 47 53 -1 12 0 0.01 M M 3.9 10 50 M M 10 18 14 40
12 53 27 40 -14 25 0 0.54 M M 13.3 31 310 M M 5 13 50 310
13 57 23 40 -14 25 0 0.00 0.0 M 3.1 12 300 M M 0 17 310
14 67 31 49 -5 16 0 0.00 0.0 M 2.8 14 100 M M 0 21 110
15 68 41 55 0 10 0 T M M 5.9 12 90 M M 6 16 100
16 59 54 57 2 8 0 1.30 0.0 M 8.7 18 60 M M 10 1 23 60
17 76 54 65 10 0 0 0.00 0.0 M 2.7 9 250 M M 4 1 17 280
18 59 48 54 -1 11 0 0.74 M M 3.9 22 270 M M 5 13 38 270
19 71 50 61 5 4 0 0.00 0.0 M 8.9 16 300 M M 5 1 30 270
20 72 42 57 1 8 0 0.00 0.0 M 7.1 18 340 M M 0 28 340
21 74 38 56 0 9 0 0.00 0.0 M 3.2 13 80 M M 0 17 90
22 76 44 60 4 5 0 0.00 0.0 M 6.5 14 100 M M 1 25 150
23 77 61 69 12 0 4 0.24 0.0 M 7.7 15 190 M M 6 1 29 190
24 69 47 58 1 7 0 0.00 0.0 M 7.0 16 290 M M 1 29 270
25 64 39 52 -5 13 0 0.00 0.0 M 6.3 22 270 M M 3 37 270
26 65 42 54 -3 11 0 0.00 0.0 M 10.9 25 300 M M 0 8 40 270
27 66 43 55 -3 10 0 0.00 0.0 M 8.6 18 300 M M 0 32 310
28 71 43 57 -1 8 0 0.00 0.0 M 6.3 16 290 M M 1 25 270
29 72 42 57 -1 8 0 0.00 0.0 M 5.5 12 90 M M 3 17 110
30 84 50 67 9 0 2 0.00 0.0 M 8.2 16 180 M M 4 30 180
31 75 57 66 8 0 1 0.72 0.0 M 8.1 17 240 M M 5 1 30 250
================================================================================
SM 2146 1391 254 13 5.60 0.0 187.9 M 104
================================================================================
AV 69.2 44.9 6.1 FASTST M M 3 MAX(MPH)
MISC ----> 31 310 50 310
================================================================================
NOTES:
# LAST OF SEVERAL OCCURRENCES
COLUMN 17 PEAK WIND IN M.P.H.
PRELIMINARY LOCAL CLIMATOLOGICAL DATA (WS FORM: F-6) , PAGE 2
STATION: ATHENS
MONTH: MARCH
YEAR: 2022
LATITUDE: 33 57 N
LONGITUDE: 83 19 W
[TEMPERATURE DATA] [PRECIPITATION DATA] SYMBOLS USED IN COLUMN 16
AVERAGE MONTHLY: 57.0 TOTAL FOR MONTH: 5.60 1 = FOG OR MIST
DPTR FM NORMAL: 2.1 DPTR FM NORMAL: 1.23 2 = FOG REDUCING VISIBILITY
HIGHEST: 84 ON 30 GRTST 24HR 1.93 ON 8- 9 TO 1/4 MILE OR LESS
LOWEST: 23 ON 13 3 = THUNDER
SNOW, ICE PELLETS, HAIL 4 = ICE PELLETS
TOTAL MONTH: 0.0 INCH 5 = HAIL
GRTST 24HR 0.0 6 = FREEZING RAIN OR DRIZZLE
GRTST DEPTH: M ON M 7 = DUSTSTORM OR SANDSTORM:
VSBY 1/2 MILE OR LESS
8 = SMOKE OR HAZE
[NO. OF DAYS WITH] [WEATHER - DAYS WITH] 9 = BLOWING SNOW
X = TORNADO
MAX 32 OR BELOW: 0 0.01 INCH OR MORE: 9
MAX 90 OR ABOVE: 0 0.10 INCH OR MORE: 8
MIN 32 OR BELOW: 3 0.50 INCH OR MORE: 5
MIN 0 OR BELOW: 0 1.00 INCH OR MORE: 2
[HDD (BASE 65) ]
TOTAL THIS MO. 254 CLEAR (SCALE 0-3) 16
DPTR FM NORMAL -74 PTCLDY (SCALE 4-7) 13
TOTAL FM JUL 1 2000 CLOUDY (SCALE 8-10) 2
DPTR FM NORMAL -510
[CDD (BASE 65) ]
TOTAL THIS MO. 13
DPTR FM NORMAL 0 [PRESSURE DATA]
TOTAL FM JAN 1 25 HIGHEST SLP 30.49 ON 14
DPTR FM NORMAL 10 LOWEST SLP 29.48 ON 12
[REMARKS]
#FINAL-03-22#