000
CXUS52 KFFC 011010
CF6AHN
PRELIMINARY LOCAL CLIMATOLOGICAL DATA (WS FORM: F-6)
STATION: ATHENS
MONTH: APRIL
YEAR: 2021
LATITUDE: 33 57 N
LONGITUDE: 83 19 W
TEMPERATURE IN F: :PCPN: SNOW: WIND :SUNSHINE: SKY :PK WND
================================================================================
1 2 3 4 5 6A 6B 7 8 9 10 11 12 13 14 15 16 17 18
12Z AVG MX 2MIN
DY MAX MIN AVG DEP HDD CDD WTR SNW DPTH SPD SPD DIR MIN PSBL S-S WX SPD DR
================================================================================
1 55 39 47 -11 18 0 0.00 0.0 M 11.9 22 340 M M 0 35 310
2 58 32 45 -13 20 0 0.00 0.0 M 5.4 15 60 M M 0 22 60
3 65 32 49 -10 16 0 0.00 0.0 M 3.2 9 250 M M 0 19 210
4 77 35 56 -3 9 0 0.00 0.0 M 2.9 10 240 M M 0 15 230
5 82 44 63 4 2 0 0.00 0.0 M 1.7 8 300 M M 0 14 210
6 83 46 65 6 0 0 0.00 0.0 M 3.2 12 280 M M 0 20 240
7 85 48 67 7 0 2 0.00 0.0 M 2.4 9 270 M M 0 16 230
8 78 56 67 7 0 2 0.00 0.0 M 4.1 10 160 M M 3 17 190
9 79 61 70 10 0 5 0.00 0.0 M 3.1 12 180 M M 5 18 21 220
10 68 60 64 4 1 0 0.85 0.0 M 4.7 14 230 M M 6 18 30 200
11 77 55 66 6 0 1 0.00 0.0 M 5.2 15 300 M M 3 1 26 300
12 85 47 66 5 0 1 0.00 0.0 M 5.5 18 300 M M 0 30 260
13 86 51 69 8 0 4 0.00 0.0 M 3.5 10 120 M M 0 16 120
14 85 52 69 8 0 4 T 0.0 M 4.4 15 240 M M 3 18 27 230
15 76 55 66 5 0 1 0.00 0.0 M 7.4 15 270 M M 4 26 280
16 70 45 58 -4 7 0 0.00 0.0 M 2.6 12 70 M M 0 17 80
17 76 54 65 3 0 0 0.00 0.0 M 2.8 10 270 M M 7 19 260
18 76 51 64 2 1 0 0.00 0.0 M 3.9 12 310 M M 1 19 290
19 76 52 64 2 1 0 0.00 0.0 M 6.5 14 290 M M 0 8 22 250
20 77 49 63 0 2 0 0.00 0.0 M 2.7 9 210 M M 1 8 17 200
21 67 43 55 -8 10 0 0.00 0.0 M 8.8 20 260 M M 0 34 260
22 65 34 50 -13 15 0 0.00 0.0 M 4.0 13 300 M M 0 20 290
23 71 37 54 -10 11 0 0.00 0.0 M 4.2 9 80 M M 2 12 90
24 74 51 63 -1 2 0 1.96 0.0 M 7.2 20 90 M M 7 13 27 110
25 78 55 67 3 0 2 0.00 0.0 M 6.5 14 320 M M 2 1 22 330
26 80 50 65 1 0 0 0.00 0.0 M 4.9 13 100 M M 1 19 100
27 83 55 69 4 0 4 0.00 0.0 M 3.0 9 220 M M 1 17 200
28 85 63 74 9 0 9 0.00 0.0 M 2.7 9 240 M M 1 14 180
29 83 63 73 8 0 8 T 0.0 M 5.4 16 250 M M 2 18 30 260
30 78 63 71 6 0 6 0.00 0.0 M 7.0 13 290 M M 1 25 300
================================================================================
SM 2278 1478 115 49 2.81 0.0 140.8 M 50
================================================================================
AV 75.9 49.3 4.7 FASTST M M 2 MAX(MPH)
MISC ----> 22 340 35 310
================================================================================
NOTES:
# LAST OF SEVERAL OCCURRENCES
COLUMN 17 PEAK WIND IN M.P.H.
PRELIMINARY LOCAL CLIMATOLOGICAL DATA (WS FORM: F-6) , PAGE 2
STATION: ATHENS
MONTH: APRIL
YEAR: 2021
LATITUDE: 33 57 N
LONGITUDE: 83 19 W
[TEMPERATURE DATA] [PRECIPITATION DATA] SYMBOLS USED IN COLUMN 16
AVERAGE MONTHLY: 62.6 TOTAL FOR MONTH: 2.81 1 = FOG OR MIST
DPTR FM NORMAL: 0.9 DPTR FM NORMAL: -0.34 2 = FOG REDUCING VISIBILITY
HIGHEST: 86 ON 13 GRTST 24HR 1.96 ON 24-24 TO 1/4 MILE OR LESS
LOWEST: 32 ON 3, 2 3 = THUNDER
SNOW, ICE PELLETS, HAIL 4 = ICE PELLETS
TOTAL MONTH: 0.0 INCH 5 = HAIL
GRTST 24HR 0.0 6 = FREEZING RAIN OR DRIZZLE
GRTST DEPTH: M ON M 7 = DUSTSTORM OR SANDSTORM:
VSBY 1/2 MILE OR LESS
8 = SMOKE OR HAZE
[NO. OF DAYS WITH] [WEATHER - DAYS WITH] 9 = BLOWING SNOW
X = TORNADO
MAX 32 OR BELOW: 0 0.01 INCH OR MORE: 2
MAX 90 OR ABOVE: 0 0.10 INCH OR MORE: 2
MIN 32 OR BELOW: 2 0.50 INCH OR MORE: 2
MIN 0 OR BELOW: 0 1.00 INCH OR MORE: 1
[HDD (BASE 65) ]
TOTAL THIS MO. 115 CLEAR (SCALE 0-3) 24
DPTR FM NORMAL -33 PTCLDY (SCALE 4-7) 6
TOTAL FM JUL 1 2172 CLOUDY (SCALE 8-10) 0
DPTR FM NORMAL -570
[CDD (BASE 65) ]
TOTAL THIS MO. 49
DPTR FM NORMAL 2 [PRESSURE DATA]
TOTAL FM JAN 1 72 HIGHEST SLP 30.50 ON 3
DPTR FM NORMAL 14 LOWEST SLP 29.61 ON 11
[REMARKS]
#FINAL-04-21#