000
CXUS56 KSGX 011245
CF6AJO
PRELIMINARY LOCAL CLIMATOLOGICAL DATA (WS FORM: F-6)
STATION: CORONA AIRPORT CA
MONTH: APRIL
YEAR: 2020
LATITUDE: 33 53 N
LONGITUDE: 117 36 W
TEMPERATURE IN F: :PCPN: SNOW: WIND :SUNSHINE: SKY :PK WND
================================================================================
1 2 3 4 5 6A 6B 7 8 9 10 11 12 13 14 15 16 17 18
12Z AVG MX 2MIN
DY MAX MIN AVG DEP HDD CDD WTR SNW DPTH SPD SPD DIR MIN PSBL S-S WX SPD DR
================================================================================
1 74 48 61 M 4 0 0.00 0.0 0 5.5 17 270 M M 0 23 280
2 70 54 62 M 3 0 0.00 0.0 0 2.9 8 270 M M 8 M M
3 69 49 59 M 6 0 0.00 0.0 0 4.1 12 260 M M 2 18 270
4 69 48 59 M 6 0 0.00 0.0 0 2.9 13 250 M M 6 M M
5 60 52 56 M 9 0 0.00 0.0 0 4.2 9 260 M M 9 M M
6 58 51 55 M 10 0 M M 0 3.4 12 300 M M 10 1 M M
7 60 50 55 M 10 0 M M 0 4.0 9 90 M M 9 1 M M
8 62 49 56 M 9 0 0.03 M 0 5.9 13 250 M M 6 3 18 210
9 54 49 52 M 13 0 M M 0 1.8 6 70 M M 10 M M
10 59 48 54 M 11 0 0.00 0.0 0 4.6 12 120 M M 9 1 M M
11 69 45 57 M 8 0 0.02 M 0 6.1 16 290 M M 3 1 23 260
12 64 54 59 M 6 0 M 0.0 0 4.1 9 270 M M 10 18 M M
13 63 53 58 M 7 0 0.02 0.0 0 3.9 9 280 M M 9 16 270
14 80 47 64 M 1 0 0.00 0.0 0 4.2 12 30 M M 2 12 M M
15 81 43 62 M 3 0 0.00 0.0 0 5.6 13 250 M M 0 20 250
16 76 45 61 M 4 0 0.00 0.0 0 3.7 14 270 M M 0 23 270
17 68 49 59 M 6 0 T M 0 4.3 9 260 M M 3 18 270
18 65 54 60 M 5 0 0.00 0.0 0 5.8 13 270 M M 10 18 280
19 67 54 61 M 4 0 0.00 0.0 0 5.1 10 260 M M 7 18 260
20 69 53 61 M 4 0 T 0.0 0 4.3 12 280 M M 7 M M
21 73 52 63 M 2 0 0.00 0.0 0 6.7 17 270 M M 4 23 270
22 87 49 68 M 0 3 0.00 0.0 0 4.7 13 280 M M 0 18 270
23 91 53 72 M 0 7 0.00 0.0 0 4.5 12 270 M M 0 20 270
24 99 55 77 M 0 12 0.00 0.0 0 2.6 9 250 M M 0 1 M M
25 92 56 74 M 0 9 0.00 0.0 0 5.3 15 280 M M 0 20 270
26 89 55 72 M 0 7 0.00 0.0 0 5.0 15 300 M M 0 20 270
27 83 54 69 M 0 4 0.00 0.0 0 5.5 16 280 M M 0 22 280
28 86 58 72 M 0 7 0.00 0.0 0 5.8 16 280 M M 0 24 280
29 83 58 71 M 0 6 0.00 0.0 0 5.4 17 280 M M 2 1 23 280
30 82 60 71 M 0 6 0.00 0.0 0 6.6 15 300 M M 2 18 21 300
================================================================================
SM 2202 1545 131 61 0.07 0.0 138.5 M 128
================================================================================
AV 73.4 51.5 4.6 FASTST M M 4 MAX(MPH)
MISC ----> # 17 270 # 24 280
================================================================================
NOTES:
# LAST OF SEVERAL OCCURRENCES
COLUMN 17 PEAK WIND IN M.P.H.
PRELIMINARY LOCAL CLIMATOLOGICAL DATA (WS FORM: F-6) , PAGE 2
STATION: CORONA AIRPORT CA
MONTH: APRIL
YEAR: 2020
LATITUDE: 33 53 N
LONGITUDE: 117 36 W
[TEMPERATURE DATA] [PRECIPITATION DATA] SYMBOLS USED IN COLUMN 16
AVERAGE MONTHLY: 62.5 TOTAL FOR MONTH: 0.07 1 = FOG OR MIST
DPTR FM NORMAL: M DPTR FM NORMAL: M 2 = FOG REDUCING VISIBILITY
HIGHEST: 99 ON 24 GRTST 24HR 0.03 ON 8- 8 TO 1/4 MILE OR LESS
LOWEST: 43 ON 15 3 = THUNDER
SNOW, ICE PELLETS, HAIL 4 = ICE PELLETS
TOTAL MONTH: 0.0 INCH 5 = HAIL
GRTST 24HR 0.0 6 = FREEZING RAIN OR DRIZZLE
GRTST DEPTH: 0 7 = DUSTSTORM OR SANDSTORM:
VSBY 1/2 MILE OR LESS
8 = SMOKE OR HAZE
[NO. OF DAYS WITH] [WEATHER - DAYS WITH] 9 = BLOWING SNOW
X = TORNADO
MAX 32 OR BELOW: 0 0.01 INCH OR MORE: 3
MAX 90 OR ABOVE: 3 0.10 INCH OR MORE: 0
MIN 32 OR BELOW: 0 0.50 INCH OR MORE: 0
MIN 0 OR BELOW: 0 1.00 INCH OR MORE: 0
[HDD (BASE 65) ]
TOTAL THIS MO. 131 CLEAR (SCALE 0-3) 14
DPTR FM NORMAL M PTCLDY (SCALE 4-7) 8
TOTAL FM JUL 1 1526 CLOUDY (SCALE 8-10) 8
DPTR FM NORMAL M
[CDD (BASE 65) ]
TOTAL THIS MO. 61
DPTR FM NORMAL M [PRESSURE DATA]
TOTAL FM JAN 1 71 HIGHEST SLP M ON M
DPTR FM NORMAL M LOWEST SLP M ON M
[REMARKS]
#FINAL-04-20#