000
CXAK56 PAFC 011345
CF6AKN
PRELIMINARY LOCAL CLIMATOLOGICAL DATA (WS FORM: F-6)
STATION: KING SALMON
MONTH: JANUARY
YEAR: 2021
LATITUDE: 58 41 N
LONGITUDE: 156 39 W
TEMPERATURE IN F: :PCPN: SNOW: WIND :SUNSHINE: SKY :PK WND
================================================================================
1 2 3 4 5 6A 6B 7 8 9 10 11 12 13 14 15 16 17 18
12Z AVG MX 2MIN
DY MAX MIN AVG DEP HDD CDD WTR SNW DPTH SPD SPD DIR MIN PSBL S-S WX SPD DR
================================================================================
1 34 11 23 6 42 0 0.00 M M 5.0 13 110 M M 0 19 100
2 14 4 9 -8 56 0 0.00 M M 5.1 9 360 M M 1 13 350
3 7 1 4 -13 61 0 0.00 M M 5.3 9 10 M M 2 11 350
4 32 6 19 2 46 0 T M M 5.4 10 10 M M 6 1 14 10
5 27 17 22 6 43 0 0.00 M M 13.7 20 20 M M 9 27 30
6 21 15 18 2 47 0 0.01 M M 12.4 21 360 M M 6 1 26 360
7 21 16 19 3 46 0 0.22 M M 5.8 12 320 M M 10 1 15 320
8 18 11 15 -1 50 0 0.14 M M 3.2 9 330 M M 10 1 12 330
9 29 -2 14 -2 51 0 T M M 8.1 20 20 M M 7 1 28 30
10 37 25 31 15 34 0 0.00 M M 14.7 24 40 M M 6 32 50
11 39 27 33 17 32 0 T M M 9.7 21 90 M M 5 28 90
12 32 14 23 7 42 0 T M M 3.9 10 50 M M 6 1 13 50
13 32 22 27 11 38 0 0.02 M M 6.0 15 180 M M 9 1 19 180
14 34 18 26 10 39 0 0.00 M M 11.7 24 20 M M 5 35 30
15 30 18 24 8 41 0 T M M 6.5 15 340 M M 8 12 20 350
16 38 21 30 14 35 0 0.01 M M 12.4 25 50 M M 9 33 50
17 37 29 33 17 32 0 0.09 M M 5.9 16 180 M M 9 1 21 170
18 34 19 27 11 38 0 0.19 M M 14.5 23 240 M M 9 1 30 240
19 37 13 25 9 40 0 0.01 M M 11.6 21 240 M M 8 29 230
20 42 29 36 20 29 0 T M M 11.1 33 160 M M 7 1 42 150
21 44 39 42 26 23 0 0.03 M M 13.7 26 150 M M 8 37 150
22 43 32 38 22 27 0 0.14 M M 10.6 24 180 M M 5 1 29 150
23 35 27 31 15 34 0 0.02 M M 9.0 25 260 M M 9 1 34 270
24 27 19 23 7 42 0 T M M 7.8 23 260 M M 7 1 29 260
25 30 15 23 7 42 0 0.00 M M 7.1 14 360 M M 1 19 350
26 17 8 13 -3 52 0 0.00 M M 6.4 13 360 M M 1 18 20
27 32 11 22 6 43 0 0.31 M M 7.0 12 100 M M 10 1 17 100
28 32 20 26 10 39 0 0.15 M M 7.1 18 240 M M 10 1 23 190
29 30 13 22 6 43 0 0.04 M M 7.5 18 360 M M 9 12 24 360
30 13 -5 4 -12 61 0 0.00 M M 8.3 17 360 M M 2 24 360
31 4 -9 -2 -19 67 0 0.00 M M 7.2 15 360 M M 0 20 360
================================================================================
SM 902 484 1315 0 1.38 M 263.7 M 194
================================================================================
AV 29.1 15.6 8.5 FASTST M M 6 MAX(MPH)
MISC ----> 33 160 42 150
================================================================================
NOTES:
# LAST OF SEVERAL OCCURRENCES
COLUMN 17 PEAK WIND IN M.P.H.
PRELIMINARY LOCAL CLIMATOLOGICAL DATA (WS FORM: F-6) , PAGE 2
STATION: KING SALMON
MONTH: JANUARY
YEAR: 2021
LATITUDE: 58 41 N
LONGITUDE: 156 39 W
[TEMPERATURE DATA] [PRECIPITATION DATA] SYMBOLS USED IN COLUMN 16
AVERAGE MONTHLY: 22.4 TOTAL FOR MONTH: 1.38 1 = FOG OR MIST
DPTR FM NORMAL: 6.2 DPTR FM NORMAL: 0.36 2 = FOG REDUCING VISIBILITY
HIGHEST: 44 ON 21 GRTST 24HR 1.33 ON 5- 6 TO 1/4 MILE OR LESS
LOWEST: -9 ON 31 3 = THUNDER
SNOW, ICE PELLETS, HAIL 4 = ICE PELLETS
TOTAL MONTH: M 5 = HAIL
GRTST 24HR M ON M 6 = FREEZING RAIN OR DRIZZLE
GRTST DEPTH: M ON M 7 = DUSTSTORM OR SANDSTORM:
VSBY 1/2 MILE OR LESS
8 = SMOKE OR HAZE
[NO. OF DAYS WITH] [WEATHER - DAYS WITH] 9 = BLOWING SNOW
X = TORNADO
MAX 32 OR BELOW: 19 0.01 INCH OR MORE: 14
MAX 90 OR ABOVE: 0 0.10 INCH OR MORE: 6
MIN 32 OR BELOW: 30 0.50 INCH OR MORE: 0
MIN 0 OR BELOW: 3 1.00 INCH OR MORE: 0
[HDD (BASE 65) ]
TOTAL THIS MO. 1315 CLEAR (SCALE 0-3) 7
DPTR FM NORMAL -198 PTCLDY (SCALE 4-7) 12
TOTAL FM JUL 1 5654 CLOUDY (SCALE 8-10) 12
DPTR FM NORMAL -674
[CDD (BASE 65) ]
TOTAL THIS MO. 0
DPTR FM NORMAL 0 [PRESSURE DATA]
TOTAL FM JAN 1 0 HIGHEST SLP 30.30 ON 31
DPTR FM NORMAL 0 LOWEST SLP 28.39 ON 10
[REMARKS]
#FINAL-01-21#