000
CXUS55 KPUB 011813
CF6ALS
PRELIMINARY LOCAL CLIMATOLOGICAL DATA (WS FORM: F-6)
STATION: ALAMOSA CO
MONTH: JANUARY
YEAR: 2023
LATITUDE: 37 27 N
LONGITUDE: 105 52 W
TEMPERATURE IN F: :PCPN: SNOW: WIND :SUNSHINE: SKY :PK WND
================================================================================
1 2 3 4 5 6A 6B 7 8 9 10 11 12 13 14 15 16 17 18
12Z AVG MX 2MIN
DY MAX MIN AVG DEP HDD CDD WTR SNW DPTH SPD SPD DIR MIN PSBL S-S WX SPD DR
================================================================================
1 47 28 38 22 27 0 0.26 0.9 0 12.0 25 220 M M 4 1 32 220
2 36 14 25 9 40 0 T T 1 7.4 17 190 M M 3 1 24 170
3 34 10 22 6 43 0 0.00 0.0 1 6.7 15 240 M M 7 23 240
4 34 0 17 1 48 0 0.00 0.0 T 5.8 16 10 M M 0 22 10
5 34 -1 17 1 48 0 0.00 0.0 T 2.2 8 280 M M 0 11 350
6 42 1 22 6 43 0 0.00 0.0 T 3.1 12 360 M M 1 13 360
7 39 2 21 5 44 0 0.00 0.0 0 3.5 10 290 M M 0 12 290
8 42 6 24 8 41 0 0.00 0.0 0 3.6 10 220 M M 0 12 330
9 42 2 22 6 43 0 0.00 0.0 0 6.6 22 200 M M 1 31 200
10 52 22 37 21 28 0 0.00 0.0 0 13.7 29 250 M M 1 38 260
11 42 11 27 11 38 0 T T 0 17.0 35 300 M M 3 47 310
12 41 3 22 6 43 0 0.00 0.0 0 3.3 9 220 M M 0 12 220
13 49 6 28 12 37 0 0.00 0.0 0 2.2 8 280 M M 0 8 290
14 53 10 32 16 33 0 0.00 0.0 0 7.1 28 230 M M 1 37 230
15 43 13 28 12 37 0 0.00 0.0 0 16.4 36 260 M M 4 47 250
16 40 9 25 9 40 0 0.00 0.0 0 9.9 24 170 M M 2 31 180
17 38 9 24 7 41 0 0.12 1.8 0 9.9 26 180 M M 4 12 35 180
18 33 3 18 1 47 0 0.00 0.0 1 4.1 15 330 M M 5 21 320
19 32 -7 13 -4 52 0 0.00 0.0 T 3.6 9 260 M M 0 11 60
20 27 -4 12 -5 53 0 0.01 0.4 0 3.1 9 320 M M 6 1 13 80
21 32 -7 13 -4 52 0 0.00 0.0 T 4.2 14 10 M M 3 12 17 360
22 30 -7 12 -5 53 0 0.00 0.0 0 2.8 9 210 M M 0 12 90
23 32 3 18 0 47 0 0.00 0.0 0 4.2 17 110 M M 7 1 22 100
24 33 -4 15 -3 50 0 0.00 0.0 0 4.5 15 360 M M 5 12 20 350
25 30 -1 15 -3 50 0 0.00 0.0 0 7.1 22 340 M M 1 30 340
26 28 -12 8 -10 57 0 0.00 0.0 0 3.3 9 220 M M 0 15 170
27 36 -7 15 -3 50 0 0.00 0.0 0 3.9 12 160 M M 0 16 150
28 43 3 23 4 42 0 0.00 0.0 0 9.1 28 240 M M 1 40 250
29 40 2 21 2 44 0 0.00 0.0 0 10.2 30 210 M M 0 39 200
30 42 13 28 9 37 0 0.00 0.0 0 13.1 28 230 M M 2 40 220
31 39 9 24 5 41 0 0.00 0.0 0 5.5 17 30 M M 1 22 40
================================================================================
SM 1185 129 1349 0 0.39 3.1 209.1 M 62
================================================================================
AV 38.2 4.2 6.7 FASTST M M 2 MAX(MPH)
MISC ----> 36 260 #47 250
================================================================================
NOTES:
# LAST OF SEVERAL OCCURRENCES
COLUMN 17 PEAK WIND IN M.P.H.
PRELIMINARY LOCAL CLIMATOLOGICAL DATA (WS FORM: F-6) , PAGE 2
STATION: ALAMOSA CO
MONTH: JANUARY
YEAR: 2023
LATITUDE: 37 27 N
LONGITUDE: 105 52 W
[TEMPERATURE DATA] [PRECIPITATION DATA] SYMBOLS USED IN COLUMN 16
AVERAGE MONTHLY: 21.2 TOTAL FOR MONTH: 0.39 1 = FOG OR MIST
DPTR FM NORMAL: 4.4 DPTR FM NORMAL: 0.07 2 = FOG REDUCING VISIBILITY
HIGHEST: 53 ON 14 GRTST 24HR 0.26 ON 1 TO 1/4 MILE OR LESS
LOWEST: -12 ON 26 3 = THUNDER
SNOW, ICE PELLETS, HAIL 4 = ICE PELLETS
TOTAL MONTH: 3.1 INCHES 5 = HAIL
GRTST 24HR 1.8 ON 17 6 = FREEZING RAIN OR DRIZZLE
GRTST DEPTH: 1 ON 17,18# 7 = DUSTSTORM OR SANDSTORM:
VSBY 1/2 MILE OR LESS
8 = SMOKE OR HAZE
[NO. OF DAYS WITH] [WEATHER - DAYS WITH] 9 = BLOWING SNOW
X = TORNADO
MAX 32 OR BELOW: 7 0.01 INCH OR MORE: 3
MAX 90 OR ABOVE: 0 0.10 INCH OR MORE: 2
MIN 32 OR BELOW: 31 0.50 INCH OR MORE: 0
MIN 0 OR BELOW: 10 1.00 INCH OR MORE: 0
[HDD (BASE 65) ]
TOTAL THIS MO. 1349 CLEAR (SCALE 0-3) 23
DPTR FM NORMAL -144 PTCLDY (SCALE 4-7) 8
TOTAL FM JUL 1 4632 CLOUDY (SCALE 8-10) 0
DPTR FM NORMAL -396
[CDD (BASE 65) ]
TOTAL THIS MO. 0
DPTR FM NORMAL 0 [PRESSURE DATA]
TOTAL FM JAN 1 0 HIGHEST SLP 30.68 ON 12
DPTR FM NORMAL 0 LOWEST SLP 29.39 ON 15
[REMARKS]
#FINAL-01-23#