000
CXUS55 KPUB 020212
CF6ALS
PRELIMINARY LOCAL CLIMATOLOGICAL DATA (WS FORM: F-6)
STATION: ALAMOSA CO
MONTH: NOVEMBER
YEAR: 2023
LATITUDE: 37 27 N
LONGITUDE: 105 52 W
TEMPERATURE IN F: :PCPN: SNOW: WIND :SUNSHINE: SKY :PK WND
================================================================================
1 2 3 4 5 6A 6B 7 8 9 10 11 12 13 14 15 16 17 18
12Z AVG MX 2MIN
DY MAX MIN AVG DEP HDD CDD WTR SNW DPTH SPD SPD DIR MIN PSBL S-S WX SPD DR
================================================================================
1 55 9 32 -5 33 0 0.00 0.0 0 M M M M M 0 M M
2 61 15 38 1 27 0 0.00 0.0 0 2.6 10 80 M M 0 12 330
3 64 14 39 3 26 0 0.00 0.0 0 4.6 10 330 M M 0 14 130
4 63 13 38 2 27 0 0.00 0.0 0 3.5 9 240 M M 0 13 40
5 69 17 43 8 22 0 0.00 0.0 0 6.4 21 250 M M 0 27 240
6 70 22 46 11 19 0 0.00 0.0 0 11.2 31 250 M M 0 40 250
7 68 25 47 13 18 0 0.00 0.0 0 12.3 30 230 M M 0 39 220
8 58 29 44 10 21 0 0.00 0.0 0 10.7 25 250 M M 0 35 250
9 45 18 32 -2 33 0 T T 0 5.5 13 120 M M 7 17 110
10 47 14 31 -2 34 0 0.00 0.0 0 3.3 12 140 M M 3 16 60
11 49 8 29 -4 36 0 0.00 0.0 0 2.3 9 210 M M 3 12 13 140
12 57 4 31 -1 34 0 0.00 0.0 0 3.2 10 190 M M 0 14 110
13 58 5 32 0 33 0 0.00 0.0 0 3.2 8 150 M M 0 11 210
14 57 5 31 0 34 0 0.00 0.0 0 3.3 9 280 M M 0 11 260
15 59 8 34 3 31 0 0.00 0.0 0 3.9 10 280 M M 0 14 30
16 64 21 43 13 22 0 0.00 0.0 0 4.9 29 250 M M 1 38 240
17 57 13 35 5 30 0 0.00 0.0 0 3.7 10 190 M M 0 13 190
18 54 12 33 4 32 0 T 0.0 0 4.7 17 300 M M 2 12 27 230
19 46 9 28 -1 37 0 T 0.1 0 3.5 9 270 M M 7 12 13 260
20 48 16 32 4 33 0 T 0.0 0 7.4 23 40 M M 5 12 38 20
21 47 6 27 -1 38 0 0.00 0.0 0 3.6 10 120 M M 0 12 110
22 50 5 28 1 37 0 0.00 0.0 0 2.1 7 150 M M 0 8 240
23 50 9 30 3 35 0 0.00 0.0 0 6.9 21 120 M M 1 28 120
24 44 24 34 8 31 0 0.00 0.0 0 15.6 28 200 M M 4 38 180
25 39 9 24 -2 41 0 0.00 0.0 0 5.8 15 360 M M 5 22 170
26 36 -1 18 -7 47 0 0.00 0.0 0 3.9 9 150 M M 0 11 150
27 40 -7 17 -8 48 0 0.00 0.0 0 3.0 9 320 M M 0 12 320
28 43 -5 19 -5 46 0 0.00 0.0 0 2.1 8 230 M M 0 9 30
29 45 -4 21 -3 44 0 0.00 0.0 0 2.4 8 310 M M 0 11 70
30 43 7 25 2 40 0 0.00 0.0 0 4.7 12 150 M M 3 16 140
================================================================================
SM 1586 320 989 0 T 0.1 150.3 M 41
================================================================================
AV 52.9 10.7 5.2 FASTST M M 1 MAX(MPH)
MISC ----> 31 250 40 250
================================================================================
NOTES:
COLUMN 3; SUPPLEMENTED LOW TEMPERATURE ON 1ST WITH OFFICIAL COOP (05-0128)
DUE TO ASOS FAILURE. COLUMN 7; REMOVED FALSE TIP TRACE PRECIPITATION ON 11TH.
# LAST OF SEVERAL OCCURRENCES
COLUMN 17 PEAK WIND IN M.P.H.
PRELIMINARY LOCAL CLIMATOLOGICAL DATA (WS FORM: F-6) , PAGE 2
STATION: ALAMOSA CO
MONTH: NOVEMBER
YEAR: 2023
LATITUDE: 37 27 N
LONGITUDE: 105 52 W
[TEMPERATURE DATA] [PRECIPITATION DATA] SYMBOLS USED IN COLUMN 16
AVERAGE MONTHLY: 31.8 TOTAL FOR MONTH: T 1 = FOG OR MIST
DPTR FM NORMAL: 1.5 DPTR FM NORMAL: -0.37 2 = FOG REDUCING VISIBILITY
HIGHEST: 70 ON 6 GRTST 24HR T ON 20# TO 1/4 MILE OR LESS
LOWEST: -7 ON 27 3 = THUNDER
SNOW, ICE PELLETS, HAIL 4 = ICE PELLETS
TOTAL MONTH: 0.1 INCH 5 = HAIL
GRTST 24HR 0.1 ON 19 6 = FREEZING RAIN OR DRIZZLE
GRTST DEPTH: 0 7 = DUSTSTORM OR SANDSTORM:
VSBY 1/2 MILE OR LESS
8 = SMOKE OR HAZE
[NO. OF DAYS WITH] [WEATHER - DAYS WITH] 9 = BLOWING SNOW
X = TORNADO
MAX 32 OR BELOW: 0 0.01 INCH OR MORE: 0
MAX 90 OR ABOVE: 0 0.10 INCH OR MORE: 0
MIN 32 OR BELOW: 30 0.50 INCH OR MORE: 0
MIN 0 OR BELOW: 4 1.00 INCH OR MORE: 0
[HDD (BASE 65) ]
TOTAL THIS MO. 989 CLEAR (SCALE 0-3) 25
DPTR FM NORMAL -52 PTCLDY (SCALE 4-7) 5
TOTAL FM JUL 1 1839 CLOUDY (SCALE 8-10) 0
DPTR FM NORMAL -240
[CDD (BASE 65) ]
TOTAL THIS MO. 0
DPTR FM NORMAL 0 [PRESSURE DATA]
TOTAL FM JAN 1 161 HIGHEST SLP 30.70 ON 28
DPTR FM NORMAL 90 LOWEST SLP 29.72 ON 30
[REMARKS]
#FINAL-11-23#