000
CXUS56 KPDT 020532
CF6ALW
PRELIMINARY LOCAL CLIMATOLOGICAL DATA (WS FORM: F-6)
STATION: WALLA WALLA WA
MONTH: MAY
YEAR: 2020
LATITUDE: 46 5 N
LONGITUDE: 118 17 W
TEMPERATURE IN F: :PCPN: SNOW: WIND :SUNSHINE: SKY :PK WND
================================================================================
1 2 3 4 5 6A 6B 7 8 9 10 11 12 13 14 15 16 17 18
12Z AVG MX 2MIN
DY MAX MIN AVG DEP HDD CDD WTR SNW DPTH SPD SPD DIR MIN PSBL S-S WX SPD DR
================================================================================
1 70 38 54 -1 11 0 0.00 M M 5.9 13 80 M M 1 16 200
2 78 44 61 5 4 0 0.34 M M 8.0 38 250 M M 5 13 45 250
3 60 43 52 -4 13 0 T M M 11.9 20 240 M M 2 26 250
4 68 37 53 -3 12 0 0.00 M M 6.3 17 160 M M 1 18 160
5 79 46 63 7 2 0 0.00 M M 4.8 14 170 M M 1 17 170
6 62 42 52 -5 13 0 0.75 M M 18.1 33 220 M M 4 1 41 220
7 66 42 54 -3 11 0 0.00 M M 7.9 18 10 M M 0 22 10
8 73 38 56 -1 9 0 0.00 M M 7.3 18 10 M M 0 23 20
9 80 45 63 5 2 0 0.00 M M 5.8 13 70 M M 0 15 30
10 80 53 67 9 0 2 0.00 M M 6.5 20 20 M M 0 26 20
11 72 52 62 4 3 0 0.00 M M 6.9 14 160 M M 1 18 170
12 66 52 59 1 6 0 0.03 M M 11.9 22 160 M M 5 27 230
13 66 50 58 -1 7 0 T M M 11.2 21 190 M M 6 27 200
14 64 50 57 -2 8 0 0.15 M M 6.1 20 240 M M 6 1 25 220
15 68 50 59 0 6 0 0.01 M M 9.4 17 170 M M 5 23 160
16 76 50 63 3 2 0 0.03 M M 6.3 22 210 M M 3 29 210
17 65 50 58 -2 7 0 0.17 M M 5.7 20 230 M M 7 13 25 230
18 64 47 56 -4 9 0 0.08 M M 5.0 17 240 M M 7 18 23 250
19 60 52 56 -4 9 0 0.10 M M 7.0 15 150 M M 10 19 160
20 56 49 53 -7 12 0 1.66 M M 14.1 22 160 M M 10 1 28 200
21 62 46 54 -7 11 0 0.00 M M 16.4 29 200 M M 6 36 210
22 58 44 51 -10 14 0 0.00 M M 12.9 21 180 M M 8 25 170
23 66 44 55 -6 10 0 0.00 M M 8.2 17 170 M M 2 21 180
24 73 46 60 -1 5 0 0.00 M M 5.1 12 90 M M 0 14 230
25 69 51 60 -2 5 0 0.09 M M 7.5 16 160 M M 6 19 160
26 75 58 67 5 0 2 0.00 M M 9.2 18 180 M M 6 24 190
27 77 52 65 3 0 0 0.00 M M 6.7 14 70 M M 0 16 70
28 82 51 67 5 0 2 T M M 3.6 10 150 M M 1 13 160
29 88 60 74 12 0 9 0.00 M M 5.5 12 170 M M 0 13 170
30 91 55 73 10 0 8 0.06 M M 11.4 39 170 M M 3 3 48 210
31 69 50 60 -3 5 0 0.13 M M 11.2 25 190 M M 4 3 33 180
================================================================================
SM 2183 1487 196 23 3.60 M 263.8 M 110
================================================================================
AV 70.4 48.0 8.5 FASTST M M 4 MAX(MPH)
MISC ----> # 39 170 # 48 210
================================================================================
NOTES:
# LAST OF SEVERAL OCCURRENCES
COLUMN 17 PEAK WIND IN M.P.H.
PRELIMINARY LOCAL CLIMATOLOGICAL DATA (WS FORM: F-6) , PAGE 2
STATION: WALLA WALLA WA
MONTH: MAY
YEAR: 2020
LATITUDE: 46 5 N
LONGITUDE: 118 17 W
[TEMPERATURE DATA] [PRECIPITATION DATA] SYMBOLS USED IN COLUMN 16
AVERAGE MONTHLY: 59.2 TOTAL FOR MONTH: 3.60 1 = FOG OR MIST
DPTR FM NORMAL: -0.2 DPTR FM NORMAL: 1.47 2 = FOG REDUCING VISIBILITY
HIGHEST: 91 ON 30 GRTST 24HR 1.66 ON 20-20 TO 1/4 MILE OR LESS
LOWEST: 37 ON 4 3 = THUNDER
SNOW, ICE PELLETS, HAIL 4 = ICE PELLETS
TOTAL MONTH: M 5 = HAIL
GRTST 24HR M ON M 6 = FREEZING RAIN OR DRIZZLE
GRTST DEPTH: M ON M 7 = DUSTSTORM OR SANDSTORM:
VSBY 1/2 MILE OR LESS
8 = SMOKE OR HAZE
[NO. OF DAYS WITH] [WEATHER - DAYS WITH] 9 = BLOWING SNOW
X = TORNADO
MAX 32 OR BELOW: 0 0.01 INCH OR MORE: 13
MAX 90 OR ABOVE: 1 0.10 INCH OR MORE: 7
MIN 32 OR BELOW: 0 0.50 INCH OR MORE: 2
MIN 0 OR BELOW: 0 1.00 INCH OR MORE: 1
[HDD (BASE 65) ]
TOTAL THIS MO. 196 CLEAR (SCALE 0-3) 16
DPTR FM NORMAL -12 PTCLDY (SCALE 4-7) 13
TOTAL FM JUL 1 4924 CLOUDY (SCALE 8-10) 2
DPTR FM NORMAL -25
[CDD (BASE 65) ]
TOTAL THIS MO. 23
DPTR FM NORMAL -10 [PRESSURE DATA]
TOTAL FM JAN 1 23 HIGHEST SLP 30.45 ON 7
DPTR FM NORMAL -12 LOWEST SLP 29.33 ON 30
[REMARKS]
#FINAL-05-20#